000
CXUS53 KDLH 210631
CF6DLH
PRELIMINARY LOCAL CLIMATOLOGICAL DATA (WS FORM: F-6)

                                          STATION:   DULUTH
                                          MONTH:     JANUARY
                                          YEAR:      2017
                                          LATITUDE:   46 49 N
                                          LONGITUDE:  92 11 W

  TEMPERATURE IN F:       :PCPN:    SNOW:  WIND      :SUNSHINE: SKY     :PK WND
================================================================================
1   2   3   4   5  6A  6B    7    8   9   10  11  12  13   14  15   16   17  18
                                     12Z  AVG MX 2MIN
DY MAX MIN AVG DEP HDD CDD  WTR  SNW DPTH SPD SPD DIR MIN PSBL S-S WX    SPD DR
================================================================================

 1  25  11  18   7  47   0    T  0.1    8  9.9 17 310   M    M   8 1      22 310
 2  31  17  24  13  41   0 0.10  1.0    9 14.8 22 110   M    M  10 1      28 100
 3  31  -3  14   3  51   0 0.06  0.7    9 16.9 29 290   M    M   8 168    35 280
 4  -3 -13  -8 -18  73   0 0.00  0.0    9 16.2 24 320   M    M   2 8      33 310
 5  -3 -17 -10 -20  75   0 0.00  0.0    9 12.6 20 300   M    M   4 89     24 300
 6   2 -19  -8 -18  73   0 0.00  0.0    9  8.6 17 310   M    M   2        22 310
 7   3  -9  -3 -13  68   0    T    T    9 11.7 22 320   M    M   4 189    28 320
 8  10 -13  -1 -11  66   0 0.13  3.1    9  7.9 16 190   M    M   4 1      20 210
 9  20   8  14   4  51   0 0.04  0.5   11  9.3 20 130   M    M  10 1      24 130
10  24  -2  11   1  54   0 0.20  3.7   11 12.6 28 290   M    M   9 1289   38 300
11   5  -8  -1 -11  66   0 0.07  1.0   13  8.5 20 270   M    M   5 18     25 280
12   9 -15  -3 -13  68   0 0.00  0.0   13 15.5 35 270   M    M   1 89     44 280
13   5 -22  -8 -18  73   0 0.00  0.0   13  7.2 16 310   M    M   3        22 320
14  20   2  11   1  54   0 0.00  0.0   12  9.9 20 240   M    M   1        27 240
15  28   2  15   5  50   0 0.00  0.0   12 11.5 20 230   M    M   0        25 230
16  34  14  24  14  41   0 0.00  0.0   11  5.5 13 250   M    M   0 18     16 250
17  37  14  26  16  39   0 0.00  0.0   11  4.4 16 230   M    M   3 128    21 230
18  40  23  32  22  33   0 0.00  0.0   10 11.3 20 230   M    M   2 1      26 220
19  45  31  38  28  27   0 0.00  0.0   10  8.2 16 210   M    M   6 12     20 210
20  36  33  35  25  30   0 0.18  0.1   10  9.9 16 110   M    M  10 12     20 100
================================================================================
SM  399   34      1080   0  0.78    10.2 212.4          M       92
================================================================================
AV 20.0  1.7                              10.6 FASTST   M    M   5    MAX(MPH)
                                 MISC ---->  # 35 270               # 44  280
================================================================================
NOTES:
# LAST OF SEVERAL OCCURRENCES

COLUMN 17 PEAK WIND IN M.P.H.

PRELIMINARY LOCAL CLIMATOLOGICAL DATA (WS FORM: F-6) , PAGE 2

                                          STATION:  DULUTH
                                          MONTH:    JANUARY
                                          YEAR:     2017
                                          LATITUDE:   46 49 N
                                          LONGITUDE:  92 11 W

[TEMPERATURE DATA]      [PRECIPITATION DATA]       SYMBOLS USED IN COLUMN 16

AVERAGE MONTHLY: 10.8   TOTAL FOR MONTH:   0.78    1 = FOG OR MIST
DPTR FM NORMAL:   0.7   DPTR FM NORMAL:    0.11    2 = FOG REDUCING VISIBILITY
HIGHEST:    45 ON 19    GRTST 24HR  0.24 ON 10-11      TO 1/4 MILE OR LESS
LOWEST:    -22 ON 13                               3 = THUNDER
                        SNOW, ICE PELLETS, HAIL    4 = ICE PELLETS
                        TOTAL MONTH:  10.2 INCHES  5 = HAIL
                        GRTST 24HR   3.7 ON   M    6 = FREEZING RAIN OR DRIZZLE
                        GRTST DEPTH:  13 ON 13,12  7 = DUSTSTORM OR SANDSTORM:
                                                       VSBY 1/2 MILE OR LESS
                                                   8 = SMOKE OR HAZE
[NO. OF DAYS WITH]      [WEATHER - DAYS WITH]      9 = BLOWING SNOW
                                                   X = TORNADO
MAX 32 OR BELOW:  15    0.01 INCH OR MORE:   7
MAX 90 OR ABOVE:   0    0.10 INCH OR MORE:   4
MIN 32 OR BELOW:  19    0.50 INCH OR MORE:   0
MIN  0 OR BELOW:  10    1.00 INCH OR MORE:   0

[HDD (BASE 65) ]
TOTAL THIS MO.  1080    CLEAR  (SCALE 0-3)   8
DPTR FM NORMAL   -17    PTCLDY (SCALE 4-7)   7
TOTAL FM JUL 1  4074    CLOUDY (SCALE 8-10)  5
DPTR FM NORMAL  -792

[CDD (BASE 65) ]
TOTAL THIS MO.     0
DPTR FM NORMAL     0    [PRESSURE DATA]
TOTAL FM JAN 1     0    HIGHEST SLP M ON M
DPTR FM NORMAL     0    LOWEST  SLP 29.28 ON 10

[REMARKS]
