000
CXUS56 KTFX 241205
CF6DLN
PRELIMINARY LOCAL CLIMATOLOGICAL DATA (WS FORM: F-6)

                                          STATION:   DILLON AIRPORT MT
                                          MONTH:     FEBRUARY
                                          YEAR:      2018
                                          LATITUDE:   45 15 N
                                          LONGITUDE: 112 33 W

  TEMPERATURE IN F:       :PCPN:    SNOW:  WIND      :SUNSHINE: SKY     :PK WND
================================================================================
1   2   3   4   5  6A  6B    7    8   9   10  11  12  13   14  15   16   17  18
                                     12Z  AVG MX 2MIN
DY MAX MIN AVG DEP HDD CDD  WTR  SNW DPTH SPD SPD DIR MIN PSBL S-S WX    SPD DR
================================================================================

 1  30  10  20  -4  45   0 0.00    M    0 10.6 18 210   M    M   2        23 210
 2  48  22  35  11  30   0 0.00    M    0 15.3 35 250   M    M   5        43 240
 3  45  33  39  15  26   0 0.00    M    0 22.7 39 230   M    M   4        51 230
 4  51  12  32   8  33   0 0.00    M    0 13.2 31 250   M    M   7        41 270
 5  45  15  30   6  35   0 0.00    M    0 10.8 29 250   M    M   7        36 260
 6  36  21  29   5  36   0    T    M    0 13.8 26 250   M    M   7        30 250
 7  43  25  34  10  31   0 0.00    M    0 18.1 29 260   M    M   6        36 250
 8  45   9  27   2  38   0 0.00    M    0 12.2 26 270   M    M   5        33 270
 9   9  -1   4 -21  61   0 0.01    M    T 12.1 24  60   M    M   7 1      29  70
10  25   0  13 -12  52   0    T    M    T  3.5 21 230   M    M   4 1      24 230
11  26   2  14 -11  51   0    T    M    0 16.1 32  40   M    M   4 1      38  40
12   9  -5   2 -23  63   0    T    M    T  9.7 29  40   M    M   4 1      38  30
13  34  -6  14 -12  51   0 0.00    M    0  6.7 22 200   M    M   0        26 200
14  31  12  22  -4  43   0    T    M    0 11.0 21 230   M    M   6 1      25 230
15  25   6  16 -10  49   0    T    M    0 10.0 23 270   M    M   3        27 270
16  28  11  20  -6  45   0 0.00    M    M 14.5 28 230   M    M   7        35 230
17  38  16  27   1  38   0 0.03    M    0 14.4 52 240   M    M   8 1      63 240
18  26  -5  11 -16  54   0 0.05    M    1 18.4 29  50   M    M  10 12     35  50
19  -3 -24 -13 -40  78   0    T    M    1  8.3 22  40   M    M   4 1      26  40
20   1 -24 -11 -38  76   0 0.00    M    1  4.4 14 190   M    M   1        15 200
21  15 -15   0 -28  65   0 0.00    M    1  6.1 14 220   M    M   6        16 220
22  14   0   7 -21  58   0    T    M    1  6.6 17  50   M    M   8 1      21  50
23  15  -9   3 -25  62   0 0.02    M    1  8.4 20 210   M    M   4 1      23 210
================================================================================
SM  636  105      1120   0  0.11    M    266.9          M      119
================================================================================
AV 27.7  4.6                              11.6 FASTST   M    M   5    MAX(MPH)
                                 MISC ---->  # 52 240               # 63  240
================================================================================
NOTES:
# LAST OF SEVERAL OCCURRENCES

COLUMN 17 PEAK WIND IN M.P.H.

PRELIMINARY LOCAL CLIMATOLOGICAL DATA (WS FORM: F-6) , PAGE 2

                                          STATION:  DILLON AIRPORT MT
                                          MONTH:    FEBRUARY
                                          YEAR:     2018
                                          LATITUDE:   45 15 N
                                          LONGITUDE: 112 33 W

[TEMPERATURE DATA]      [PRECIPITATION DATA]       SYMBOLS USED IN COLUMN 16

AVERAGE MONTHLY: 16.1   TOTAL FOR MONTH:   0.11    1 = FOG OR MIST
DPTR FM NORMAL:  -9.5   DPTR FM NORMAL:   -0.07    2 = FOG REDUCING VISIBILITY
HIGHEST:    51 ON  4    GRTST 24HR  0.05 ON 18-18      TO 1/4 MILE OR LESS
LOWEST:    -24 ON 20,19                            3 = THUNDER
                        SNOW, ICE PELLETS, HAIL    4 = ICE PELLETS
                        TOTAL MONTH:    M          5 = HAIL
                        GRTST 24HR    M  ON   M    6 = FREEZING RAIN OR DRIZZLE
                        GRTST DEPTH:   1 ON 23,22  7 = DUSTSTORM OR SANDSTORM:
                                                       VSBY 1/2 MILE OR LESS
                                                   8 = SMOKE OR HAZE
[NO. OF DAYS WITH]      [WEATHER - DAYS WITH]      9 = BLOWING SNOW
                                                   X = TORNADO
MAX 32 OR BELOW:  14    0.01 INCH OR MORE:   4
MAX 90 OR ABOVE:   0    0.10 INCH OR MORE:   0
MIN 32 OR BELOW:  22    0.50 INCH OR MORE:   0
MIN  0 OR BELOW:  10    1.00 INCH OR MORE:   0

[HDD (BASE 65) ]
TOTAL THIS MO.  1120    CLEAR  (SCALE 0-3)   4
DPTR FM NORMAL   213    PTCLDY (SCALE 4-7)  18
TOTAL FM JUL 1  5718    CLOUDY (SCALE 8-10)  1
DPTR FM NORMAL   -20

[CDD (BASE 65) ]
TOTAL THIS MO.     0
DPTR FM NORMAL     0    [PRESSURE DATA]
TOTAL FM JAN 1     0    HIGHEST SLP M ON M
DPTR FM NORMAL     0    LOWEST  SLP 29.42 ON 17

[REMARKS]
