000
CXUS56 KTFX 221205
CF6DLN
PRELIMINARY LOCAL CLIMATOLOGICAL DATA (WS FORM: F-6)

                                          STATION:   DILLON AIRPORT MT
                                          MONTH:     JULY
                                          YEAR:      2017
                                          LATITUDE:   45 15 N
                                          LONGITUDE: 112 33 W

  TEMPERATURE IN F:       :PCPN:    SNOW:  WIND      :SUNSHINE: SKY     :PK WND
================================================================================
1   2   3   4   5  6A  6B    7    8   9   10  11  12  13   14  15   16   17  18
                                     12Z  AVG MX 2MIN
DY MAX MIN AVG DEP HDD CDD  WTR  SNW DPTH SPD SPD DIR MIN PSBL S-S WX    SPD DR
================================================================================

 1  85  49  67   4   0   2    T    M    0  8.1 26 220   M    M   0 3      32 220
 2  87  51  69   6   0   4 0.00    M    0  7.3 21 240   M    M   0        30 230
 3  90  52  71   7   0   6 0.00    M    0  8.3 20 270   M    M   2 3      25 200
 4  90  50  70   6   0   5 0.00    M    0  5.0 20 230   M    M   0        25 230
 5  89  54  72   8   0   7 0.02    M    0  8.7 32 160   M    M   0 3      44 150
 6  95  52  74  10   0   9    T    M    0  6.9 40 210   M    M   0        50 220
 7  94  55  75  11   0  10 0.00    M    0  6.5 21 210   M    M   0        28 260
 8  95  59  77  12   0  12    T    M    0  7.7 22 200   M    M   0        28 200
 9  89  57  73   8   0   8 0.02    M    0 10.4 43 200   M    M   0 3      54 200
10  85  52  69   4   0   4    T    M    0  7.6 23 340   M    M   1 3      31 340
11  86  50  68   3   0   3 0.00    M    0  7.1 23  30   M    M   1        28  30
12  88  49  69   3   0   4 0.00    M    0  5.7 18 220   M    M   0        23 220
13  94  53  74   8   0   9 0.00    M    0  6.8 14 320   M    M   0        19 190
14  94  56  75   9   0  10 0.00    M    0  7.2 14 310   M    M   0        20 290
15  92  55  74   8   0   9 0.01    M    0  7.3 35 210   M    M   0        50 210
16  86  53  70   4   0   5 0.00    M    0  8.0 25 260   M    M   0        32 270
17  84  45  65  -1   0   0    T    M    0  6.4 15  50   M    M   0 3      18  30
18  90  48  69   3   0   4 0.00    M    0  5.7 15  20   M    M   0 8      19  20
19  92  50  71   4   0   6 0.00    M    0  4.6 13 210   M    M   0 8      15  60
20  92  50  71   4   0   6 0.00    M    0 10.2 28 250   M    M   0 8      36 240
21  85  51  68   1   0   3 0.00    M    0  8.5 15  60   M    M   0 8      19 280
================================================================================
SM 1882 1091         0 126  0.05    M    154.0          M        4
================================================================================
AV 89.6 52.0                               7.3 FASTST   M    M   0    MAX(MPH)
                                 MISC ---->  # 43 200               # 54  200
================================================================================
NOTES:
# LAST OF SEVERAL OCCURRENCES

COLUMN 17 PEAK WIND IN M.P.H.

PRELIMINARY LOCAL CLIMATOLOGICAL DATA (WS FORM: F-6) , PAGE 2

                                          STATION:  DILLON AIRPORT MT
                                          MONTH:    JULY
                                          YEAR:     2017
                                          LATITUDE:   45 15 N
                                          LONGITUDE: 112 33 W

[TEMPERATURE DATA]      [PRECIPITATION DATA]       SYMBOLS USED IN COLUMN 16

AVERAGE MONTHLY: 70.8   TOTAL FOR MONTH:   0.05    1 = FOG OR MIST
DPTR FM NORMAL:   5.6   DPTR FM NORMAL:   -0.78    2 = FOG REDUCING VISIBILITY
HIGHEST:    95 ON  8, 6 GRTST 24HR  0.02 ON  9- 9      TO 1/4 MILE OR LESS
LOWEST:     45 ON 17                               3 = THUNDER
                        SNOW, ICE PELLETS, HAIL    4 = ICE PELLETS
                        TOTAL MONTH:    M          5 = HAIL
                        GRTST 24HR    M  ON   M    6 = FREEZING RAIN OR DRIZZLE
                        GRTST DEPTH:   0           7 = DUSTSTORM OR SANDSTORM:
                                                       VSBY 1/2 MILE OR LESS
                                                   8 = SMOKE OR HAZE
[NO. OF DAYS WITH]      [WEATHER - DAYS WITH]      9 = BLOWING SNOW
                                                   X = TORNADO
MAX 32 OR BELOW:   0    0.01 INCH OR MORE:   3
MAX 90 OR ABOVE:  11    0.10 INCH OR MORE:   0
MIN 32 OR BELOW:   0    0.50 INCH OR MORE:   0
MIN  0 OR BELOW:   0    1.00 INCH OR MORE:   0

[HDD (BASE 65) ]
TOTAL THIS MO.     0    CLEAR  (SCALE 0-3)  21
DPTR FM NORMAL   -44    PTCLDY (SCALE 4-7)   0
TOTAL FM JUL 1     0    CLOUDY (SCALE 8-10)  0
DPTR FM NORMAL   -44

[CDD (BASE 65) ]
TOTAL THIS MO.   126
DPTR FM NORMAL    75    [PRESSURE DATA]
TOTAL FM JAN 1   148    HIGHEST SLP M ON M
DPTR FM NORMAL    80    LOWEST  SLP 29.76 ON 10

[REMARKS]
