000
CXUS55 KVEF 210940
CF6DRA
PRELIMINARY LOCAL CLIMATOLOGICAL DATA (WS FORM: F-6)

                                          STATION:   DESERT ROCK-MERCURY NV
                                          MONTH:     OCTOBER
                                          YEAR:      2014
                                          LATITUDE:   36 37 N
                                          LONGITUDE: 116  1 W

  TEMPERATURE IN F:       :PCPN:    SNOW:  WIND      :SUNSHINE: SKY     :PK WND
================================================================================
1   2   3   4   5  6A  6B    7    8   9   10  11  12  13   14  15   16   17  18
                                     12Z  AVG MX 2MIN
DY MAX MIN AVG DEP HDD CDD  WTR  SNW DPTH SPD SPD DIR MIN PSBL S-S WX    SPD DR
================================================================================

 1  78  56  67  -2   0   2 0.00  0.0    0 12.7 23  30   M    M   0        31  40
 2  80  54  67  -2   0   2 0.00  0.0    0  9.4 18  40   M    M   0        22  40
 3  89  52  71   3   0   6 0.00  0.0    0  8.2 18 120   M    M   0        26  90
 4  91  57  74   6   0   9 0.00  0.0    0  5.9 18  40   M    M   0        21  40
 5  90  57  74   6   0   9 0.00  0.0    0  6.7 17  30   M    M   0        22  30
 6  92  59  76   9   0  11 0.00  0.0    0  4.0 13  40   M    M   0        17 140
 7  89  57  73   6   0   8 0.00  0.0    0  5.2 17 210   M    M   0        23 210
 8  86  55  71   5   0   6 0.00  0.0    0  4.0 15 220   M    M   0        20 190
 9  85  57  71   5   0   6 0.00  0.0    0  5.8 14 240   M    M   0        19 240
10  86  54  70   4   0   5 0.00  0.0    0  4.0 15 230   M    M   0        18 240
11  86  52  69   4   0   4 0.00  0.0    0  5.5 16 230   M    M   0        21 230
12  82  52  67   2   0   2 0.00  0.0    0 12.3 26  10   M    M   0 8      33  30
13  80  56  68   4   0   3 0.00  0.0    0 10.2 17 120   M    M   0        23 120
14  85  48  67   3   0   2 0.00  0.0    0  7.6 24 210   M    M   0        31 220
15  84  61  73   9   0   8 0.00  0.0    0 14.9 26 230   M    M   0        36 210
16  81  50  66   3   0   1 0.00  0.0    0  5.0 18 220   M    M   0        24 240
17  82  47  65   2   0   0 0.00  0.0    0  5.8 20 220   M    M   0        23 220
18  80  57  69   7   0   4    T  0.0    0  6.6 15 110   M    M   2        21 130
19  85  53  69   7   0   4 0.00  0.0    0  5.0 17  30   M    M   0        20  30
20  85  52  69   7   0   4 0.00  0.0    0  8.3 22 210   M    M   0        29 210
================================================================================
SM 1696 1086         0  96    T      0.0 147.1          M        2
================================================================================
AV 84.8 54.3                               7.4 FASTST   M    M   0    MAX(MPH)
                                 MISC ---->  # 26  10               # 36  210
================================================================================
NOTES:
# LAST OF SEVERAL OCCURRENCES

COLUMN 17 PEAK WIND IN M.P.H.

PRELIMINARY LOCAL CLIMATOLOGICAL DATA (WS FORM: F-6) , PAGE 2

                                          STATION:  DESERT ROCK-MERCURY NV
                                          MONTH:    OCTOBER
                                          YEAR:     2014
                                          LATITUDE:   36 37 N
                                          LONGITUDE: 116  1 W

[TEMPERATURE DATA]      [PRECIPITATION DATA]       SYMBOLS USED IN COLUMN 16

AVERAGE MONTHLY: 69.6   TOTAL FOR MONTH:      T    1 = FOG OR MIST
DPTR FM NORMAL:   4.2   DPTR FM NORMAL:   -0.22    2 = FOG REDUCING VISIBILITY
HIGHEST:    92 ON  6    GRTST 24HR    T  ON 18-18      TO 1/4 MILE OR LESS
LOWEST:     47 ON 17                               3 = THUNDER
                        SNOW, ICE PELLETS, HAIL    4 = ICE PELLETS
                        TOTAL MONTH:   0.0 INCH    5 = HAIL
                        GRTST 24HR     0.0         6 = FREEZING RAIN OR DRIZZLE
                        GRTST DEPTH:   0           7 = DUSTSTORM OR SANDSTORM:
                                                       VSBY 1/2 MILE OR LESS
                                                   8 = SMOKE OR HAZE
[NO. OF DAYS WITH]      [WEATHER - DAYS WITH]      9 = BLOWING SNOW
                                                   X = TORNADO
MAX 32 OR BELOW:   0    0.01 INCH OR MORE:   0
MAX 90 OR ABOVE:   3    0.10 INCH OR MORE:   0
MIN 32 OR BELOW:   0    0.50 INCH OR MORE:   0
MIN  0 OR BELOW:   0    1.00 INCH OR MORE:   0

[HDD (BASE 65) ]
TOTAL THIS MO.     0    CLEAR  (SCALE 0-3)  20
DPTR FM NORMAL   -49    PTCLDY (SCALE 4-7)   0
TOTAL FM JUL 1     6    CLOUDY (SCALE 8-10)  0
DPTR FM NORMAL   -51

[CDD (BASE 65) ]
TOTAL THIS MO.    96
DPTR FM NORMAL    39    [PRESSURE DATA]
TOTAL FM JAN 1  2494    HIGHEST SLP M ON M
DPTR FM NORMAL   307    LOWEST  SLP 29.71 ON  1

[REMARKS]
