000
CXUS55 KVEF 270940
CF6DRA
PRELIMINARY LOCAL CLIMATOLOGICAL DATA (WS FORM: F-6)

                                          STATION:   DESERT ROCK-MERCURY NV
                                          MONTH:     SEPTEMBER
                                          YEAR:      2016
                                          LATITUDE:   36 37 N
                                          LONGITUDE: 116  1 W

  TEMPERATURE IN F:       :PCPN:    SNOW:  WIND      :SUNSHINE: SKY     :PK WND
================================================================================
1   2   3   4   5  6A  6B    7    8   9   10  11  12  13   14  15   16   17  18
                                     12Z  AVG MX 2MIN
DY MAX MIN AVG DEP HDD CDD  WTR  SNW DPTH SPD SPD DIR MIN PSBL S-S WX    SPD DR
================================================================================

 1 100  71  86   6   0  21 0.00  0.0    0  9.5 25 230   M    M   0        32 220
 2  97  70  84   4   0  19 0.00  0.0    0 11.8 30 220   M    M   0        38 230
 3  93  67  80   1   0  15 0.00  0.0    0 14.2 30 200   M    M   0        37 220
 4  88  65  77  -2   0  12 0.00  0.0    0 15.9 28 230   M    M   0        36 240
 5  88  57  73  -6   0   8 0.00  0.0    0  5.6 17  40   M    M   0        22 220
 6  90  54  72  -7   0   7 0.00  0.0    0  4.5 10 220   M    M   0        17 230
 7  94  57  76  -2   0  11 0.00  0.0    M  5.1 17 240   M    M   0        22 250
 8  95  65  80   2   0  15 0.00  0.0    0  6.8 20 240   M    M   0        29 250
 9 100  60  80   2   0  15 0.00  0.0    0  4.4 12 290   M    M   0        18 300
10  98  68  83   6   0  18 0.00  0.0    0  6.6 15 230   M    M   0        22 230
11  95  71  83   6   0  18 0.00  0.0    0 11.6 24 230   M    M   0        31 220
12  91  64  78   1   0  13 0.00  0.0    0 15.8 29 190   M    M   0        40 160
13  80  60  70  -6   0   5 0.00  0.0    0 20.1 38 190   M    M   0        50 210
14  82  49  66 -10   0   1 0.00  0.0    0  4.6 15 230   M    M   0        23 230
15  87  55  71  -5   0   6 0.00  0.0    0  7.0 20  30   M    M   0        24  40
16  91  56  74  -1   0   9 0.00  0.0    0  5.5 16  30   M    M   0        20  20
17  93  54  74  -1   0   9 0.00  0.0    0  6.0 16  40   M    M   0        18 230
18  94  54  74   0   0   9 0.00  0.0    0  4.9 17 220   M    M   0        23 220
19  98  54  76   2   0  11 0.00  0.0    0  8.5 28 230   M    M   0        37 220
20  89  68  79   5   0  14 0.00  0.0    0 10.2 32 210   M    M   1        42 200
21  87  63  75   2   0  10 0.00  0.0    0  9.1 22 220   M    M   2        28 200
22  80  57  69  -4   0   4 0.00  0.0    0 21.2 40 190   M    M   0        56 210
23  77  48  63  -9   2   0 0.00  0.0    0  6.4 20 320   M    M   0        24 320
24  86  55  71  -1   0   6 0.00  0.0    0 11.7 23  10   M    M   0        29  10
25  87  61  74   2   0   9 0.00  0.0    0 13.6 23  70   M    M   0        32  60
26  89  63  76   5   0  11 0.00  0.0    0  9.9 17 140   M    M   0        23 120
================================================================================
SM 2349 1566         2 276  0.00     0.0 250.5          M        3
================================================================================
AV 90.3 60.2                               9.6 FASTST   M    M   0    MAX(MPH)
                                 MISC ---->  # 40 190               # 56  210
================================================================================
NOTES:
# LAST OF SEVERAL OCCURRENCES

COLUMN 17 PEAK WIND IN M.P.H.

PRELIMINARY LOCAL CLIMATOLOGICAL DATA (WS FORM: F-6) , PAGE 2

                                          STATION:  DESERT ROCK-MERCURY NV
                                          MONTH:    SEPTEMBER
                                          YEAR:     2016
                                          LATITUDE:   36 37 N
                                          LONGITUDE: 116  1 W

[TEMPERATURE DATA]      [PRECIPITATION DATA]       SYMBOLS USED IN COLUMN 16

AVERAGE MONTHLY: 75.3   TOTAL FOR MONTH:   0.00    1 = FOG OR MIST
DPTR FM NORMAL:  -0.6   DPTR FM NORMAL:   -0.52    2 = FOG REDUCING VISIBILITY
HIGHEST:   100 ON  9, 1 GRTST 24HR  0.00 ON 26-26      TO 1/4 MILE OR LESS
LOWEST:     48 ON 23                               3 = THUNDER
                        SNOW, ICE PELLETS, HAIL    4 = ICE PELLETS
                        TOTAL MONTH:   0.0 INCH    5 = HAIL
                        GRTST 24HR     0.0         6 = FREEZING RAIN OR DRIZZLE
                        GRTST DEPTH:   0           7 = DUSTSTORM OR SANDSTORM:
                                                       VSBY 1/2 MILE OR LESS
                                                   8 = SMOKE OR HAZE
[NO. OF DAYS WITH]      [WEATHER - DAYS WITH]      9 = BLOWING SNOW
                                                   X = TORNADO
MAX 32 OR BELOW:   0    0.01 INCH OR MORE:   0
MAX 90 OR ABOVE:  14    0.10 INCH OR MORE:   0
MIN 32 OR BELOW:   0    0.50 INCH OR MORE:   0
MIN  0 OR BELOW:   0    1.00 INCH OR MORE:   0

[HDD (BASE 65) ]
TOTAL THIS MO.     2    CLEAR  (SCALE 0-3)  26
DPTR FM NORMAL     0    PTCLDY (SCALE 4-7)   0
TOTAL FM JUL 1     2    CLOUDY (SCALE 8-10)  0
DPTR FM NORMAL     0

[CDD (BASE 65) ]
TOTAL THIS MO.   276
DPTR FM NORMAL   -13    [PRESSURE DATA]
TOTAL FM JAN 1  2312    HIGHEST SLP M ON M
DPTR FM NORMAL   207    LOWEST  SLP 29.51 ON  4

[REMARKS]
