000
CXUS55 KGJT 261000
CF6DRO
PRELIMINARY LOCAL CLIMATOLOGICAL DATA (WS FORM: F-6)

                                          STATION:   DURANGO AIRPORT CO
                                          MONTH:     AUGUST
                                          YEAR:      2016
                                          LATITUDE:   37  9 N
                                          LONGITUDE: 107 45 W

  TEMPERATURE IN F:       :PCPN:    SNOW:  WIND      :SUNSHINE: SKY     :PK WND
================================================================================
1   2   3   4   5  6A  6B    7    8   9   10  11  12  13   14  15   16   17  18
                                     12Z  AVG MX 2MIN
DY MAX MIN AVG DEP HDD CDD  WTR  SNW DPTH SPD SPD DIR MIN PSBL S-S WX    SPD DR
================================================================================

 1  88  60  74   5   0   9    T    M    M  6.5 25  10   M    M   4 3      30  10
 2  86  57  72   3   0   7    T    M    M  5.8 28 360   M    M   6 3      35 360
 3  85  57  71   2   0   6 0.10    M    M  5.4 23  50   M    M   4 13     27  60
 4  76  57  67  -2   0   2 0.32    M    M  3.1 15 230   M    M   8 138    19 230
 5  71  57  64  -5   1   0 0.82    M    M  5.6 17 240   M    M   9 13     26 250
 6  77  56  67  -2   0   2    T    M    M  5.1 16 310   M    M   4        20 310
 7  84  53  69   0   0   4 0.00    M    M  4.4 16 260   M    M   1        22 290
 8  85  57  71   2   0   6 0.08    M    M  6.5 16 200   M    M   2 13     22 270
 9  85  55  70   1   0   5    T    M    M  4.5 16 280   M    M   3 3      22 280
10  82  58  70   2   0   5    T    M    M  5.0 28 270   M    M   4 38     36 270
11  83  54  69   1   0   4 0.00    M    M  7.4 23 270   M    M   1 8      31 250
12  84  48  66  -2   0   1 0.00    M    M  6.8 21 300   M    M   0        27 280
13  81  46  64  -4   1   0 0.00    M    M  6.0 23 330   M    M   0 3      28 330
14  83  45  64  -4   1   0 0.00    M    M  5.8 17 260   M    M   0        22 130
15  86  45  66  -2   0   1 0.00    M    M  5.8 35  10   M    M   0        44  10
16  78  50  64  -3   1   0 0.00    M    M  5.3 25  60   M    M   1        32  60
17  81  54  68   1   0   3    T    M    M  5.8 18  20   M    M   4        23  20
18  80  49  65  -2   0   0 0.00    M    M  6.7 29 350   M    M   3        37  10
19  80  46  63  -4   2   0 0.02    M    M  4.5 20 350   M    M   1 3      27 360
20  83  44  64  -3   1   0 0.00    M    M  5.7 17 240   M    M   1 3      23 230
21  81  48  65  -1   0   0 0.30    M    M  6.1 24 270   M    M   2 13     30 250
22  74  53  64  -2   1   0 0.14    M    M  4.7 17 340   M    M   6 3      23 330
23  74  48  61  -5   4   0 0.19    M    M  5.3 24 360   M    M   6 13     33 360
24  72  51  62  -4   3   0    T    M    M  4.3 16 260   M    M   4        22 250
25  75  44  60  -6   5   0 0.06    M    M  5.2 29 290   M    M   1 3      39 280
================================================================================
SM 2014 1292        20  55  2.03    M    137.3          M       75
================================================================================
AV 80.6 51.7                               5.5 FASTST   M    M   3    MAX(MPH)
                                 MISC ---->  # 35  10               # 44   10
================================================================================
NOTES:
# LAST OF SEVERAL OCCURRENCES

COLUMN 17 PEAK WIND IN M.P.H.

PRELIMINARY LOCAL CLIMATOLOGICAL DATA (WS FORM: F-6) , PAGE 2

                                          STATION:  DURANGO AIRPORT CO
                                          MONTH:    AUGUST
                                          YEAR:     2016
                                          LATITUDE:   37  9 N
                                          LONGITUDE: 107 45 W

[TEMPERATURE DATA]      [PRECIPITATION DATA]       SYMBOLS USED IN COLUMN 16

AVERAGE MONTHLY: 66.1   TOTAL FOR MONTH:   2.03    1 = FOG OR MIST
DPTR FM NORMAL:  -1.6   DPTR FM NORMAL:    0.34    2 = FOG REDUCING VISIBILITY
HIGHEST:    88 ON  1    GRTST 24HR  0.82 ON  5- 5      TO 1/4 MILE OR LESS
LOWEST:     44 ON 25,20                            3 = THUNDER
                        SNOW, ICE PELLETS, HAIL    4 = ICE PELLETS
                        TOTAL MONTH:    M          5 = HAIL
                        GRTST 24HR    M  ON   M    6 = FREEZING RAIN OR DRIZZLE
                        GRTST DEPTH:  M  ON   M    7 = DUSTSTORM OR SANDSTORM:
                                                       VSBY 1/2 MILE OR LESS
                                                   8 = SMOKE OR HAZE
[NO. OF DAYS WITH]      [WEATHER - DAYS WITH]      9 = BLOWING SNOW
                                                   X = TORNADO
MAX 32 OR BELOW:   0    0.01 INCH OR MORE:   9
MAX 90 OR ABOVE:   0    0.10 INCH OR MORE:   6
MIN 32 OR BELOW:   0    0.50 INCH OR MORE:   1
MIN  0 OR BELOW:   0    1.00 INCH OR MORE:   0

[HDD (BASE 65) ]
TOTAL THIS MO.    20    CLEAR  (SCALE 0-3)  12
DPTR FM NORMAL    12    PTCLDY (SCALE 4-7)  12
TOTAL FM JUL 1    25    CLOUDY (SCALE 8-10)  1
DPTR FM NORMAL     7

[CDD (BASE 65) ]
TOTAL THIS MO.    55
DPTR FM NORMAL   -24    [PRESSURE DATA]
TOTAL FM JAN 1   313    HIGHEST SLP M ON M
DPTR FM NORMAL    83    LOWEST  SLP 29.75 ON 22

[REMARKS]
