000
CXUS54 KFWD 230730
CF6DTO
PRELIMINARY LOCAL CLIMATOLOGICAL DATA (WS FORM: F-6)

                                          STATION:   DENTON
                                          MONTH:     APRIL
                                          YEAR:      2014
                                          LATITUDE:   33 12 N
                                          LONGITUDE:  97 12 W

  TEMPERATURE IN F:       :PCPN:    SNOW:  WIND      :SUNSHINE: SKY     :PK WND
================================================================================
1   2   3   4   5  6A  6B    7    8   9   10  11  12  13   14  15   16   17  18
                                     12Z  AVG MX 2MIN
DY MAX MIN AVG DEP HDD CDD  WTR  SNW DPTH SPD SPD DIR MIN PSBL S-S WX    SPD DR
================================================================================

 1  83  63  73  13   0   8 0.00  0.0    0 14.2 23 150   M    M   4 3      29 160
 2  82  69  76  16   0  11 0.00  0.0    0 16.5 26 160   M    M   6        54 110
 3  85  57  71  11   0   6 1.09  0.0    0 16.3 56 260   M    M   7 12358  82 250
 4  66  41  54  -6  11   0 0.00  0.0    0 10.6 23 340   M    M   0        33 350
 5  58  46  52  -9  13   0 0.00  0.0    0  8.7 17 110   M    M   4        22 110
 6  51  45  48 -13  17   0 0.52  0.0    0  9.4 18 160   M    M  10 13     22 160
 7  68  46  57  -4   8   0 0.01  0.0    0  4.9 31 330   M    M   6 13     41 330
 8  69  46  58  -4   7   0 0.00  0.0    0 12.7 28 330   M    M   0        36 350
 9  80  38  59  -3   6   0 0.00  0.0    0  8.9 21 170   M    M   0        26 180
10  84  59  72  10   0   7 0.00  0.0    0 18.8 29 170   M    M   0        35 170
11  82  59  71   9   0   6 0.00  0.0    0 13.8 21 150   M    M   0        25 170
12  82  63  73  11   0   8 0.00  0.0    0 18.6 29 180   M    M   2        36 170
13  77  56  67   4   0   2 0.13  0.0    0 19.5 33 180   M    M   5 1      40 180
14  56  39  48 -15  17   0 0.00  0.0    0 17.1 30 330   M    M   7        37 330
15  62  28  45 -18  20   0 0.00  0.0    0  5.8 12 300   M    M   0        20  40
16  68  36  52 -12  13   0 0.00  0.0    0 14.5 32 170   M    M   0        40 170
17  64  50  57  -7   8   0 0.03  0.0    0  6.5 13 120   M    M   7 1      16 120
18  76  54  65   1   0   0 0.03  0.0    0  3.8 10  70   M    M   5 18     18  30
19  78  47  63  -1   2   0 0.00  0.0    0  6.7 18 180   M    M   1        23 160
20  79  58  69   5   0   4 0.99  0.0    0  9.0 22 170   M    M   5 13     26 190
21  82  61  72   7   0   7 0.04  0.0    0  7.3 15 360   M    M   6 13     18 200
22  81  55  68   3   0   3 0.00  0.0    0  4.6 15  30   M    M   0 1      30 340
================================================================================
SM 1613 1116       122  62  2.84     0.0 248.2          M       75
================================================================================
AV 73.3 50.7                              11.3 FASTST   M    M   3    MAX(MPH)
                                 MISC ---->  # 56 260               # 82  250
================================================================================
NOTES:
# LAST OF SEVERAL OCCURRENCES

COLUMN 17 PEAK WIND IN M.P.H.

PRELIMINARY LOCAL CLIMATOLOGICAL DATA (WS FORM: F-6) , PAGE 2

                                          STATION:  DENTON
                                          MONTH:    APRIL
                                          YEAR:     2014
                                          LATITUDE:   33 12 N
                                          LONGITUDE:  97 12 W

[TEMPERATURE DATA]      [PRECIPITATION DATA]       SYMBOLS USED IN COLUMN 16

AVERAGE MONTHLY: 62.0   TOTAL FOR MONTH:   2.84    1 = FOG OR MIST
DPTR FM NORMAL:  -0.3   DPTR FM NORMAL:    0.57    2 = FOG REDUCING VISIBILITY
HIGHEST:    85 ON  3    GRTST 24HR  1.09 ON  3- 3      TO 1/4 MILE OR LESS
LOWEST:     28 ON 15                               3 = THUNDER
                        SNOW, ICE PELLETS, HAIL    4 = ICE PELLETS
                        TOTAL MONTH:   0.0 INCH    5 = HAIL
                        GRTST 24HR     0.0         6 = FREEZING RAIN OR DRIZZLE
                        GRTST DEPTH:   0           7 = DUSTSTORM OR SANDSTORM:
                                                       VSBY 1/2 MILE OR LESS
                                                   8 = SMOKE OR HAZE
[NO. OF DAYS WITH]      [WEATHER - DAYS WITH]      9 = BLOWING SNOW
                                                   X = TORNADO
MAX 32 OR BELOW:   0    0.01 INCH OR MORE:   8
MAX 90 OR ABOVE:   0    0.10 INCH OR MORE:   4
MIN 32 OR BELOW:   1    0.50 INCH OR MORE:   3
MIN  0 OR BELOW:   0    1.00 INCH OR MORE:   1

[HDD (BASE 65) ]
TOTAL THIS MO.   122    CLEAR  (SCALE 0-3)  10
DPTR FM NORMAL    17    PTCLDY (SCALE 4-7)  11
TOTAL FM JUL 1  3161    CLOUDY (SCALE 8-10)  1
DPTR FM NORMAL   486

[CDD (BASE 65) ]
TOTAL THIS MO.    62
DPTR FM NORMAL    14    [PRESSURE DATA]
TOTAL FM JAN 1    79    HIGHEST SLP M ON M
DPTR FM NORMAL     6    LOWEST  SLP 29.51 ON 13

[REMARKS]
