000
CXUS55 KTWC 290855
CF6DUG
PRELIMINARY LOCAL CLIMATOLOGICAL DATA (WS FORM: F-6)

                                          STATION:   DOUGLAS AZ
                                          MONTH:     JUNE
                                          YEAR:      2015
                                          LATITUDE:   31 28 N
                                          LONGITUDE: 109 36 W

  TEMPERATURE IN F:       :PCPN:    SNOW:  WIND      :SUNSHINE: SKY     :PK WND
================================================================================
1   2   3   4   5  6A  6B    7    8   9   10  11  12  13   14  15   16   17  18
                                     12Z  AVG MX 2MIN
DY MAX MIN AVG DEP HDD CDD  WTR  SNW DPTH SPD SPD DIR MIN PSBL S-S WX    SPD DR
================================================================================

 1  99  58  79   5   0  14 0.00    M    0  8.5 24 270   M    M   0        31 270
 2  96  54  75   0   0  10 0.00  0.0    0  9.1 26 230   M    M   0        35 280
 3  95  53  74  -1   0   9 0.00  0.0    0  9.0 23 250   M    M   0        31 290
 4  93  53  73  -2   0   8 0.00  0.0    0  8.4 24 340   M    M   0        31 330
 5  89  64  77   1   0  12 0.00  0.0    0  6.4 21 260   M    M   3        26 210
 6  96  67  82   6   0  17 0.00  0.0    0 10.5 25 200   M    M   2        32 190
 7  89  61  75  -1   0  10 0.00  0.0    0  7.4 17 180   M    M   2        22 170
 8  93  66  80   4   0  15 0.10  0.0    0  7.8 22 120   M    M   4        28 120
 9  93  66  80   3   0  15 0.00  0.0    0 10.2 25 180   M    M   4        29 210
10  94  61  78   1   0  13 0.00  0.0    0  7.7 20 240   M    M   1        25 240
11  95  60  78   1   0  13 0.00  0.0    0  9.6 23 260   M    M   0        31 280
12  97  58  78   0   0  13 0.00  0.0    0  7.3 20 240   M    M   0        26 210
13  96  54  75  -3   0  10 0.00  0.0    0  7.8 23 240   M    M   0        28 240
14  96  54  75  -3   0  10 0.00  0.0    0  4.5 13 300   M    M   0        21  80
15 101  65  83   5   0  18 0.00  0.0    0  7.6 21 110   M    M   0        27 100
16  98  67  83   4   0  18 0.08  0.0    0   M  15 110   M    M   0 3      58  60
17 100  60  80   1   0  15    T  0.0    0  6.3 24  90   M    M   0 3      35 150
18 104  61  83   4   0  18 0.00  0.0    0  9.6 20 330   M    M   0        26 320
19 105  63  84   5   0  19 0.00  0.0    M  7.9 20 300   M    M   0        26 310
20 104  64  84   4   0  19 0.00  0.0    0  8.3 21 310   M    M   0        28 320
21 102  70  86   6   0  21 0.00  0.0    0  9.1 21 310   M    M   0        28 360
22 103  68  86   6   0  21 0.46  0.0    0  9.9 37  90   M    M   0 3      64  80
23 102  64  83   3   0  18 0.00  0.0    0  7.0 18 340   M    M   0 3      24 340
24  95  71  83   3   0  18 0.48  0.0    0 11.5 35 200   M    M   2 38     50 210
25  93  65  79  -1   0  14    T  0.0    0  5.2 25  90   M    M   0 3      32  80
26  96  67  82   2   0  17 0.07  0.0    0  8.5 29 130   M    M   2 3      36  10
27  98  64  81   1   0  16 0.00  0.0    0 10.0 38  70   M    M   1        45  70
28  97  68  83   2   0  18 0.00  0.0    0  7.9 20  90   M    M   1 3      25  90
================================================================================
SM 2719 1746         0 419  1.19     0.0 223.0          M       22
================================================================================
AV 97.1 62.4                               8.3 FASTST   M    M   1    MAX(MPH)
                                 MISC ---->  # 38  70               # 64   80
================================================================================
NOTES:
# LAST OF SEVERAL OCCURRENCES

COLUMN 17 PEAK WIND IN M.P.H.

PRELIMINARY LOCAL CLIMATOLOGICAL DATA (WS FORM: F-6) , PAGE 2

                                          STATION:  DOUGLAS AZ
                                          MONTH:    JUNE
                                          YEAR:     2015
                                          LATITUDE:   31 28 N
                                          LONGITUDE: 109 36 W

[TEMPERATURE DATA]      [PRECIPITATION DATA]       SYMBOLS USED IN COLUMN 16

AVERAGE MONTHLY: 79.7   TOTAL FOR MONTH:   1.19    1 = FOG OR MIST
DPTR FM NORMAL:   1.8   DPTR FM NORMAL:    0.66    2 = FOG REDUCING VISIBILITY
HIGHEST:   105 ON 19    GRTST 24HR  0.48 ON 24-24      TO 1/4 MILE OR LESS
LOWEST:     53 ON  4, 3                            3 = THUNDER
                        SNOW, ICE PELLETS, HAIL    4 = ICE PELLETS
                        TOTAL MONTH:   0.0 INCH    5 = HAIL
                        GRTST 24HR     0.0         6 = FREEZING RAIN OR DRIZZLE
                        GRTST DEPTH:   0           7 = DUSTSTORM OR SANDSTORM:
                                                       VSBY 1/2 MILE OR LESS
                                                   8 = SMOKE OR HAZE
[NO. OF DAYS WITH]      [WEATHER - DAYS WITH]      9 = BLOWING SNOW
                                                   X = TORNADO
MAX 32 OR BELOW:   0    0.01 INCH OR MORE:   5
MAX 90 OR ABOVE:  26    0.10 INCH OR MORE:   3
MIN 32 OR BELOW:   0    0.50 INCH OR MORE:   0
MIN  0 OR BELOW:   0    1.00 INCH OR MORE:   0

[HDD (BASE 65) ]
TOTAL THIS MO.     0    CLEAR  (SCALE 0-3)  26
DPTR FM NORMAL     0    PTCLDY (SCALE 4-7)   2
TOTAL FM JUL 1  2272    CLOUDY (SCALE 8-10)  0
DPTR FM NORMAL  -250

[CDD (BASE 65) ]
TOTAL THIS MO.   419
DPTR FM NORMAL    56    [PRESSURE DATA]
TOTAL FM JAN 1   481    HIGHEST SLP M ON M
DPTR FM NORMAL   -83    LOWEST  SLP 29.55 ON 13

[REMARKS]
