561
CXUS51 KPBZ 220904
CF6DUJ
PRELIMINARY LOCAL CLIMATOLOGICAL DATA (WS FORM: F-6)

                                          STATION:   DUBOIS
                                          MONTH:     FEBRUARY
                                          YEAR:      2018
                                          LATITUDE:   41 10 N
                                          LONGITUDE:  78 54 W

  TEMPERATURE IN F:       :PCPN:    SNOW:  WIND      :SUNSHINE: SKY     :PK WND
================================================================================
1   2   3   4   5  6A  6B    7    8   9   10  11  12  13   14  15   16   17  18
                                     12Z  AVG MX 2MIN
DY MAX MIN AVG DEP HDD CDD  WTR  SNW DPTH SPD SPD DIR MIN PSBL S-S WX    SPD DR
================================================================================

 1  39  24  32   8  33   0 0.03    M    0 13.4 25 250   M    M  10 18     30 250
 2  24   8  16  -8  49   0    T    M    0 13.0 25 290   M    M   9 8      33 290
 3  29   8  19  -5  46   0 0.00  0.0    0 10.5 20 240   M    M   9 8      25 250
 4  33  29  31   7  34   0 0.21    M    0  9.2 18 260   M    M  10 128    26 190
 5  31  10  21  -4  44   0    T    M    0 10.3 26 310   M    M   6 18     39 320
 6  23  14  19  -6  46   0 0.03    M    0  5.5 16 260   M    M  10 18     20 270
 7  31  14  23  -2  42   0 0.48    M    0 10.4 20 300   M    M  10 1268   28 300
 8  20   9  15 -10  50   0    T    M    0  8.8 18 240   M    M   9 18     25 240
 9  35   5  20  -5  45   0 0.04    M    M  5.4 13 130   M    M   8 128    18 130
10  45  30  38  13  27   0 0.10    M    M  3.6  9 310   M    M  10 128    12 320
11  51  30  41  15  24   0 0.17    M    M  8.9 20 260   M    M  10 12     25 270
12  32  18  25  -1  40   0 0.01    M    M  9.4 17 300   M    M   4 1      23 310
13  37  11  24  -2  41   0    T    M    0  8.1 14 140   M    M   2        20 130
14  46  32  39  13  26   0 0.35    M    0  9.2 20 240   M    M  10 128    26 250
15  60  45  53  27  12   0 0.72    M    0 12.6 24 240   M    M  10 12     32 250
16  53  20  37  11  28   0 0.52    M    0 10.6 21 300   M    M  10 18     28 310
17  30  14  22  -5  43   0 0.16    M    0  4.8 15 130   M    M   5 128    24 150
18  35  28  32   5  33   0    T    M    0  8.3 15 330   M    M   6 1      23 320
19  54  29  42  15  23   0 0.73    M    0  7.7 17 140   M    M   6 128    27 150
20  72  53  63  36   2   0 0.00  0.0    0 10.5 24 230   M    M   3        35 210
21  69  40  55  27  10   0 0.03    M    0 10.0 28 230   M    M   8 18     37 210
================================================================================
SM  849  471       698   0  3.58     0.0 190.2          M      165
================================================================================
AV 40.4 22.4                               9.1 FASTST   M    M   8    MAX(MPH)
                                 MISC ---->  # 28 230               # 39  320
================================================================================
NOTES:
# LAST OF SEVERAL OCCURRENCES

COLUMN 17 PEAK WIND IN M.P.H.

PRELIMINARY LOCAL CLIMATOLOGICAL DATA (WS FORM: F-6) , PAGE 2

                                          STATION:  DUBOIS
                                          MONTH:    FEBRUARY
                                          YEAR:     2018
                                          LATITUDE:   41 10 N
                                          LONGITUDE:  78 54 W

[TEMPERATURE DATA]      [PRECIPITATION DATA]       SYMBOLS USED IN COLUMN 16

AVERAGE MONTHLY: 31.4   TOTAL FOR MONTH:   3.58    1 = FOG OR MIST
DPTR FM NORMAL:   5.8   DPTR FM NORMAL:    1.88    2 = FOG REDUCING VISIBILITY
HIGHEST:    72 ON 20    GRTST 24HR  0.73 ON 19-19      TO 1/4 MILE OR LESS
LOWEST:      5 ON  9                               3 = THUNDER
                        SNOW, ICE PELLETS, HAIL    4 = ICE PELLETS
                        TOTAL MONTH:   0.0 INCH    5 = HAIL
                        GRTST 24HR     0.0         6 = FREEZING RAIN OR DRIZZLE
                        GRTST DEPTH:   0           7 = DUSTSTORM OR SANDSTORM:
                                                       VSBY 1/2 MILE OR LESS
                                                   8 = SMOKE OR HAZE
[NO. OF DAYS WITH]      [WEATHER - DAYS WITH]      9 = BLOWING SNOW
                                                   X = TORNADO
MAX 32 OR BELOW:   8    0.01 INCH OR MORE:  14
MAX 90 OR ABOVE:   0    0.10 INCH OR MORE:   9
MIN 32 OR BELOW:  18    0.50 INCH OR MORE:   3
MIN  0 OR BELOW:   0    1.00 INCH OR MORE:   0

[HDD (BASE 65) ]
TOTAL THIS MO.   698    CLEAR  (SCALE 0-3)   1
DPTR FM NORMAL  -127    PTCLDY (SCALE 4-7)   6
TOTAL FM JUL 1  4308    CLOUDY (SCALE 8-10) 14
DPTR FM NORMAL  -461

[CDD (BASE 65) ]
TOTAL THIS MO.     0
DPTR FM NORMAL     0    [PRESSURE DATA]
TOTAL FM JAN 1     0    HIGHEST SLP M ON M
DPTR FM NORMAL     0    LOWEST  SLP 29.63 ON 15

[REMARKS]
