000
CXUS53 KFGF 290915
CF6DVL
PRELIMINARY LOCAL CLIMATOLOGICAL DATA (WS FORM: F-6)

                                          STATION:   DEVIL`S LAKE
                                          MONTH:     MAY
                                          YEAR:      2016
                                          LATITUDE:   48  7 N
                                          LONGITUDE:  98 54 W

  TEMPERATURE IN F:       :PCPN:    SNOW:  WIND      :SUNSHINE: SKY     :PK WND
================================================================================
1   2   3   4   5  6A  6B    7    8   9   10  11  12  13   14  15   16   17  18
                                     12Z  AVG MX 2MIN
DY MAX MIN AVG DEP HDD CDD  WTR  SNW DPTH SPD SPD DIR MIN PSBL S-S WX    SPD DR
================================================================================

 1  64  30  47   M  18   0 0.00  0.0    0  7.3 15 220   M    M   0        21 210
 2  66  49  58   M   7   0    T    M    0  7.3 10 210   M    M   4         M  M
 3  68  45  57   M   8   0 0.00  0.0    0 15.6 25 350   M    M   0        36 340
 4  72  34  53   M  12   0 0.00  0.0    0  5.6  9 140   M    M   0         M  M
 5  88  54  71   M   0   6 0.00  0.0    0 11.8 20 250   M    M   0        24 240
 6  70  45  58   M   7   0    T    M    M 13.6 28 360   M    M   0 8      43  10
 7  64  38  51   M  14   0 0.00  0.0    0  6.4 14 330   M    M   0 8      18 250
 8  74  39  57   M   8   0 0.00  0.0    0  6.5 14 170   M    M   0 8       M  M
 9  73  50  62   M   3   0    T  0.0    0 15.1 29 150   M    M   3 8      36 140
10  58  49  54   M  11   0 0.07    M    0 16.0 21 120   M    M  10 1      25 110
11  56  43  50   M  15   0 0.00  0.0    0 15.7 25 270   M    M   6        33 270
12  47  41  44   M  21   0 0.00  0.0    0 20.2 25 260   M    M  10        35 270
13  46  32  39   M  26   0    T    M    0 20.2 30 350   M    M   7        38 340
14  55  30  43   M  22   0    T    M    0 11.0 21 350   M    M   5 18     25 350
15  67  32  50   M  15   0 0.00  0.0    0 10.5 23 290   M    M   2        36 320
16  63  41  52   M  13   0    T    M    0  7.4 13  60   M    M   4        17  60
17  68  35  52   M  13   0 0.00  0.0    0  4.2  8 150   M    M   0         M  M
18  75  46  61   M   4   0 0.00  0.0    0 10.4 17 200   M    M   0        23 200
19  77  50  64   M   1   0 0.00  0.0    0 14.9 25 160   M    M   3        35 160
20  72  53  63   M   2   0 0.00  0.0    0 12.9 22 150   M    M   3        27 150
21  79  49  64   M   1   0 0.00  0.0    0 15.4 27 160   M    M   5        36 160
22  75  59  67   M   0   2 0.11  0.0    0 14.6 22 170   M    M  10 138    31 180
23  78  56  67   M   0   2 0.20  0.0    0 10.7 20 240   M    M   3 138     M  M
24  78  56  67   M   0   2    T  0.0    0  6.0 14  70   M    M   2        21  70
25  65  55  60   M   5   0 0.65  0.0    0  9.1 21  40   M    M   5 13     27  40
26  67  53  60   M   5   0 0.02  0.0    0  7.7 14 350   M    M   6 1       M  M
27  70  45  58   M   7   0 0.00  0.0    M  6.1 14  30   M    M   4 12      M  M
28  69  55  62   M   3   0 0.00  0.0    0  8.7 16  20   M    M   8 1       M  M
================================================================================
SM 1904 1264       241  12  1.05     0.0 310.9          M      100
================================================================================
AV 68.0 45.1                              11.1 FASTST   M    M   4    MAX(MPH)
                                 MISC ---->    30   M                 43    M
================================================================================
NOTES:
# LAST OF SEVERAL OCCURRENCES

COLUMN 17 PEAK WIND IN M.P.H.

PRELIMINARY LOCAL CLIMATOLOGICAL DATA (WS FORM: F-6) , PAGE 2

                                          STATION:  DEVIL`S LAKE
                                          MONTH:    MAY
                                          YEAR:     2016
                                          LATITUDE:   48  7 N
                                          LONGITUDE:  98 54 W

[TEMPERATURE DATA]      [PRECIPITATION DATA]       SYMBOLS USED IN COLUMN 16

AVERAGE MONTHLY: 56.6   TOTAL FOR MONTH:   1.05    1 = FOG OR MIST
DPTR FM NORMAL:     M   DPTR FM NORMAL:       M    2 = FOG REDUCING VISIBILITY
HIGHEST:    88 ON  5    GRTST 24HR  0.65 ON 25-25      TO 1/4 MILE OR LESS
LOWEST:     30 ON 14, 1                            3 = THUNDER
                        SNOW, ICE PELLETS, HAIL    4 = ICE PELLETS
                        TOTAL MONTH:   0.0 INCH    5 = HAIL
                        GRTST 24HR     0.0         6 = FREEZING RAIN OR DRIZZLE
                        GRTST DEPTH:   0           7 = DUSTSTORM OR SANDSTORM:
                                                       VSBY 1/2 MILE OR LESS
                                                   8 = SMOKE OR HAZE
[NO. OF DAYS WITH]      [WEATHER - DAYS WITH]      9 = BLOWING SNOW
                                                   X = TORNADO
MAX 32 OR BELOW:   0    0.01 INCH OR MORE:   5
MAX 90 OR ABOVE:   0    0.10 INCH OR MORE:   3
MIN 32 OR BELOW:   4    0.50 INCH OR MORE:   1
MIN  0 OR BELOW:   0    1.00 INCH OR MORE:   0

[HDD (BASE 65) ]
TOTAL THIS MO.   241    CLEAR  (SCALE 0-3)  15
DPTR FM NORMAL     M    PTCLDY (SCALE 4-7)  10
TOTAL FM JUL 1  7816    CLOUDY (SCALE 8-10)  3
DPTR FM NORMAL     M

[CDD (BASE 65) ]
TOTAL THIS MO.    12
DPTR FM NORMAL     M    [PRESSURE DATA]
TOTAL FM JAN 1    12    HIGHEST SLP M ON M
DPTR FM NORMAL     M    LOWEST  SLP M ON M

[REMARKS]
