000
CXUS54 KHGX 301415
CF6DWH
PRELIMINARY LOCAL CLIMATOLOGICAL DATA (WS FORM: F-6)

                                          STATION:   HOUSTON/D.W._HOOKS
                                          MONTH:     APRIL
                                          YEAR:      2017
                                          LATITUDE:   30  4 N
                                          LONGITUDE:  95 33 W

  TEMPERATURE IN F:       :PCPN:    SNOW:  WIND      :SUNSHINE: SKY     :PK WND
================================================================================
1   2   3   4   5  6A  6B    7    8   9   10  11  12  13   14  15   16   17  18
                                     12Z  AVG MX 2MIN
DY MAX MIN AVG DEP HDD CDD  WTR  SNW DPTH SPD SPD DIR MIN PSBL S-S WX    SPD DR
================================================================================

 1  80  58  69   5   0   4 0.00  0.0    0  9.8 21 120   M    M   3 1      27 120
 2  82  65  74  10   0   9 0.31  0.0    0  6.6 25 300   M    M   7 13     33 310
 3  85  55  70   5   0   5 0.00  0.0    0  6.0 17 280   M    M   0        25 270
 4  88  57  73   8   0   8 0.00  0.0    0  5.0 15 160   M    M   0 1      23 150
 5  74  50  62  -3   3   0 0.02  0.0    0 10.7 22 330   M    M   2 1      32 320
 6  78  46  62  -3   3   0 0.00  0.0    0  2.2 12 320   M    M   0        16 360
 7  81  48  65  -1   0   0 0.00  0.0    0  2.5 13 200   M    M   0        16 190
 8  82  54  68   2   0   3 0.00  0.0    0  7.2 18 190   M    M   1        25 180
 9  83  63  73   7   0   8 0.00  0.0    0  8.4 18 190   M    M   4        25 150
10  81  72  77  11   0  12 0.11  0.0    0  7.3 15 130   M    M  10 1      23 130
11  75  59  67   0   0   2 1.15  0.0    0  5.2 24  10   M    M   6 13     35 360
12  81  59  70   3   0   5    T  0.0    0  4.9 15 110   M    M   8 1      20 110
13  83  63  73   6   0   8 0.00  0.0    0  5.4 18 120   M    M   5 1      24 120
14  81  59  70   2   0   5 0.00  0.0    0  5.2 14 130   M    M   4 1      19 100
15  85  62  74   6   0   9 0.00  0.0    0  4.5 13 190   M    M   5 1      17 190
16  84  69  77   9   0  12 0.11  0.0    0  5.4 17 230   M    M   6 3      25 240
17  86  66  76   8   0  11 0.15  0.0    0  4.7 20 250   M    M   7 138    27 250
18  78  65  72   4   0   7 0.23  0.0    0  4.7 13 100   M    M   7 1      19 120
19  84  63  74   5   0   9 0.07  0.0    0  5.3 18 120   M    M   5 12     24 120
20  87  67  77   8   0  12 0.00  0.0    0  4.5 10 110   M    M   7 1      16 160
21  87  68  78   9   0  13 0.00  0.0    0  8.4 18 200   M    M   5 1      25 220
22  79  59  69  -1   0   4 0.00  0.0    0  8.7 18 350   M    M   7        26 350
23  73  51  62  -8   3   0 0.00  0.0    0  7.7 17 340   M    M   2        23  10
24  81  49  65  -5   0   0 0.00  0.0    0  3.8 13 200   M    M   0        18 180
25  85  64  75   5   0  10 0.00  0.0    0  8.5 18 190   M    M   6        27 190
26  91  63  77   6   0  12    T  0.0    0 10.2 22 310   M    M   6        28 310
27  81  50  66  -5   0   1 0.00  0.0    0  5.8 16 360   M    M   1        23 350
28  91  73  82  11   0  17 0.00  0.0    0 10.2 18 130   M    M   6        30 190
29  85  62  74   2   0   9 0.02  0.0    0 11.7 24 310   M    M  10 8      35 310
================================================================================
SM 2391 1739         9 195  2.17     0.0 190.5          M      130
================================================================================
AV 82.5 60.0                               6.6 FASTST   M    M   4    MAX(MPH)
                                 MISC ---->  # 25 300               # 35  360
================================================================================
NOTES:
# LAST OF SEVERAL OCCURRENCES

COLUMN 17 PEAK WIND IN M.P.H.

PRELIMINARY LOCAL CLIMATOLOGICAL DATA (WS FORM: F-6) , PAGE 2

                                          STATION:  HOUSTON/D.W._HOOKS
                                          MONTH:    APRIL
                                          YEAR:     2017
                                          LATITUDE:   30  4 N
                                          LONGITUDE:  95 33 W

[TEMPERATURE DATA]      [PRECIPITATION DATA]       SYMBOLS USED IN COLUMN 16

AVERAGE MONTHLY: 71.2   TOTAL FOR MONTH:   2.17    1 = FOG OR MIST
DPTR FM NORMAL:   3.4   DPTR FM NORMAL:   -1.09    2 = FOG REDUCING VISIBILITY
HIGHEST:    91 ON 28,26 GRTST 24HR  1.15 ON 11-11      TO 1/4 MILE OR LESS
LOWEST:     46 ON  6                               3 = THUNDER
                        SNOW, ICE PELLETS, HAIL    4 = ICE PELLETS
                        TOTAL MONTH:   0.0 INCH    5 = HAIL
                        GRTST 24HR     0.0         6 = FREEZING RAIN OR DRIZZLE
                        GRTST DEPTH:   0           7 = DUSTSTORM OR SANDSTORM:
                                                       VSBY 1/2 MILE OR LESS
                                                   8 = SMOKE OR HAZE
[NO. OF DAYS WITH]      [WEATHER - DAYS WITH]      9 = BLOWING SNOW
                                                   X = TORNADO
MAX 32 OR BELOW:   0    0.01 INCH OR MORE:   9
MAX 90 OR ABOVE:   2    0.10 INCH OR MORE:   6
MIN 32 OR BELOW:   0    0.50 INCH OR MORE:   1
MIN  0 OR BELOW:   0    1.00 INCH OR MORE:   1

[HDD (BASE 65) ]
TOTAL THIS MO.     9    CLEAR  (SCALE 0-3)  10
DPTR FM NORMAL   -40    PTCLDY (SCALE 4-7)  17
TOTAL FM JUL 1   694    CLOUDY (SCALE 8-10)  2
DPTR FM NORMAL  -881

[CDD (BASE 65) ]
TOTAL THIS MO.   195
DPTR FM NORMAL    63    [PRESSURE DATA]
TOTAL FM JAN 1   530    HIGHEST SLP M ON M
DPTR FM NORMAL   321    LOWEST  SLP 29.46 ON 26

[REMARKS]
