000
CXUS54 KEWX 220910
CF6DZB
PRELIMINARY LOCAL CLIMATOLOGICAL DATA (WS FORM: F-6)

                                          STATION:   Horseshoe Bay
                                          MONTH:     JANUARY
                                          YEAR:      2017
                                          LATITUDE:   30 31 N
                                          LONGITUDE:  98 22 W

  TEMPERATURE IN F:       :PCPN:    SNOW:  WIND      :SUNSHINE: SKY     :PK WND
================================================================================
1   2   3   4   5  6A  6B    7    8   9   10  11  12  13   14  15   16   17  18
                                     12Z  AVG MX 2MIN
DY MAX MIN AVG DEP HDD CDD  WTR  SNW DPTH SPD SPD DIR MIN PSBL S-S WX    SPD DR
================================================================================

 1  76  44  60   M   5   0 0.00    M    M  3.0  8 170   M    M   1 1       M  M
 2  73  48  61   M   4   0 0.41    M    M  5.1 15 290   M    M   2 13     23 290
 3  72  41  57   M   8   0 0.00    M    M  5.2 10 340   M    M   0        16 340
 4  49  35  42   M  23   0 0.00    M    M  4.0  9 350   M    M   2         M  M
 5  61  33  47   M  18   0 0.00    M    M  4.7 10  10   M    M   3        17 360
 6  33  23  28   M  37   0 0.00    M    M 10.5 15 360   M    M   7        23 360
 7  42  16  29   M  36   0 0.00    M    M  3.4  8 360   M    M   0        16 360
 8  53  19  36   M  29   0 0.00    M    M  4.6 12 160   M    M   0        18 160
 9  70  32  51   M  14   0 0.00    M    M  4.9 17 190   M    M   2        28 190
10  80  53  67   M   0   2 0.00    M    M  5.3 15 200   M    M   0        27 190
11  78  59  69   M   0   4 0.00    M    M  6.4 14 180   M    M   1        23 180
12  78  65  72   M   0   7 0.00    M    M  7.3 12 180   M    M  10        22 180
13  78  51  65   M   0   0 0.22    M    M  5.3 13 150   M    M   8 1      20 150
14  53  48  51   M  14   0 0.01    M    M  1.2  5  60   M    M  10 12      M  M
15  67  50  59   M   6   0 0.93    M    M  3.6 15 160   M    M  10 123    21 160
16  69  47  58   M   7   0 0.01    M    M  2.1  8 340   M    M   5 1       M  M
17  60  46  53   M  12   0 0.06    M    M  3.8  8  50   M    M  10         M  M
18  55  46  51   M  14   0 0.37    M    M  4.6  9 340   M    M  10         M  M
19  75  50  63   M   2   0 0.00    M    M  3.6 13 240   M    M   4 1      20 240
20  78  43  61   M   4   0 0.00    M    M  2.9  7 290   M    M   0         M  M
21  80  45  63   M   2   0 0.00    M    M  5.6 23 310   M    M   3        35 310
================================================================================
SM 1380  894       235  13  2.01    M     97.1          M       88
================================================================================
AV 65.7 42.6                               4.6 FASTST   M    M   4    MAX(MPH)
                                 MISC ---->  # 23 310               # 35  310
================================================================================
NOTES:
# LAST OF SEVERAL OCCURRENCES

COLUMN 17 PEAK WIND IN M.P.H.

PRELIMINARY LOCAL CLIMATOLOGICAL DATA (WS FORM: F-6) , PAGE 2

                                          STATION:  Horseshoe Bay
                                          MONTH:    JANUARY
                                          YEAR:     2017
                                          LATITUDE:   30 31 N
                                          LONGITUDE:  98 22 W

[TEMPERATURE DATA]      [PRECIPITATION DATA]       SYMBOLS USED IN COLUMN 16

AVERAGE MONTHLY: 54.1   TOTAL FOR MONTH:   2.01    1 = FOG OR MIST
DPTR FM NORMAL:     M   DPTR FM NORMAL:       M    2 = FOG REDUCING VISIBILITY
HIGHEST:    80 ON 21,10 GRTST 24HR  0.93 ON 15-15      TO 1/4 MILE OR LESS
LOWEST:     16 ON  7                               3 = THUNDER
                        SNOW, ICE PELLETS, HAIL    4 = ICE PELLETS
                        TOTAL MONTH:    M          5 = HAIL
                        GRTST 24HR    M  ON   M    6 = FREEZING RAIN OR DRIZZLE
                        GRTST DEPTH:  M  ON   M    7 = DUSTSTORM OR SANDSTORM:
                                                       VSBY 1/2 MILE OR LESS
                                                   8 = SMOKE OR HAZE
[NO. OF DAYS WITH]      [WEATHER - DAYS WITH]      9 = BLOWING SNOW
                                                   X = TORNADO
MAX 32 OR BELOW:   0    0.01 INCH OR MORE:   7
MAX 90 OR ABOVE:   0    0.10 INCH OR MORE:   4
MIN 32 OR BELOW:   4    0.50 INCH OR MORE:   1
MIN  0 OR BELOW:   0    1.00 INCH OR MORE:   0

[HDD (BASE 65) ]
TOTAL THIS MO.   235    CLEAR  (SCALE 0-3)  11
DPTR FM NORMAL     M    PTCLDY (SCALE 4-7)   4
TOTAL FM JUL 1   748    CLOUDY (SCALE 8-10)  6
DPTR FM NORMAL     M

[CDD (BASE 65) ]
TOTAL THIS MO.    13
DPTR FM NORMAL     M    [PRESSURE DATA]
TOTAL FM JAN 1    13    HIGHEST SLP M ON M
DPTR FM NORMAL     M    LOWEST  SLP M ON M

[REMARKS]
