000
CXUS56 KOTX 210900
CF6EAT
PRELIMINARY LOCAL CLIMATOLOGICAL DATA (WS FORM: F-6)

                                          STATION:   WENATCHEE WA PANGBORN FIELD
                                          MONTH:     OCTOBER
                                          YEAR:      2014
                                          LATITUDE:   47 23 N
                                          LONGITUDE: 120 12 W

  TEMPERATURE IN F:       :PCPN:    SNOW:  WIND      :SUNSHINE: SKY     :PK WND
================================================================================
1   2   3   4   5  6A  6B    7    8   9   10  11  12  13   14  15   16   17  18
                                     12Z  AVG MX 2MIN
DY MAX MIN AVG DEP HDD CDD  WTR  SNW DPTH SPD SPD DIR MIN PSBL S-S WX    SPD DR
================================================================================

 1  71  48  60   2   5   0 0.00    M    M 10.5 24 300   M    M   0 8      29 300
 2  69  50  60   2   5   0 0.00    M    M  5.8 20 290   M    M   0        23 280
 3  69  44  57   0   8   0 0.00    M    M  4.2 13 300   M    M   0        16 140
 4  67  51  59   2   6   0 0.00    M    M  2.8 13 310   M    M   1        14 320
 5  79  50  65   9   0   0 0.00    M    M  5.0 18 320   M    M   0        22 320
 6  90  59  75  19   0  10 0.00    M    M 10.8 25 300   M    M   0        30 300
 7  84  58  71  16   0   6 0.00    M    M  6.6 18 290   M    M   0        20 300
 8  76  56  66  11   0   1 0.00    M    M  6.1 17 320   M    M   0        22 290
 9  79  49  64  10   1   0 0.00    M    M  5.2 14 320   M    M   0        17 330
10  74  49  62   8   3   0 0.00    M    M  6.7 16 320   M    M   0        20 310
11  74  51  63  10   2   0    T    M    M  9.6 33 310   M    M   2        42 320
12  67  46  57   4   8   0 0.00    M    M  6.0 16 310   M    M   1        19 300
13  70  47  59   7   6   0 0.00    M    M  4.7 14  90   M    M   1        18 100
14  66  54  60   8   5   0 0.01    M    M  8.5 21 250   M    M   3        25 260
15  64  45  55   4  10   0 0.01    M    M  6.8 29 260   M    M   5        38 250
16  63  42  53   2  12   0 0.00    M    M  4.5 13 130   M    M   1        15 320
17  56  48  52   2  13   0 0.05    M    M  2.9 12 300   M    M   7 1      13 300
18  56  50  53   3  12   0 0.00    M    M  2.2  9 270   M    M  10 1      12 290
19  68  52  60  11   5   0 0.00    M    M  4.9 13 300   M    M   3        14 300
20  59  50  55   6  10   0 0.03    M    M  4.1 13 300   M    M   7 18     15 300
================================================================================
SM 1401  999       111  17  0.10    M    117.9          M       41
================================================================================
AV 70.1 50.0                               5.9 FASTST   M    M   2    MAX(MPH)
                                 MISC ---->  # 33 310               # 42  320
================================================================================
NOTES:
# LAST OF SEVERAL OCCURRENCES

COLUMN 17 PEAK WIND IN M.P.H.

PRELIMINARY LOCAL CLIMATOLOGICAL DATA (WS FORM: F-6) , PAGE 2

                                          STATION:  WENATCHEE WA PANGBORN FIELD
                                          MONTH:    OCTOBER
                                          YEAR:     2014
                                          LATITUDE:   47 23 N
                                          LONGITUDE: 120 12 W

[TEMPERATURE DATA]      [PRECIPITATION DATA]       SYMBOLS USED IN COLUMN 16

AVERAGE MONTHLY: 60.0   TOTAL FOR MONTH:   0.10    1 = FOG OR MIST
DPTR FM NORMAL:   6.5   DPTR FM NORMAL:   -0.12    2 = FOG REDUCING VISIBILITY
HIGHEST:    90 ON  6    GRTST 24HR  0.05 ON 17-17      TO 1/4 MILE OR LESS
LOWEST:     42 ON 16                               3 = THUNDER
                        SNOW, ICE PELLETS, HAIL    4 = ICE PELLETS
                        TOTAL MONTH:    M          5 = HAIL
                        GRTST 24HR    M  ON   M    6 = FREEZING RAIN OR DRIZZLE
                        GRTST DEPTH:  M  ON   M    7 = DUSTSTORM OR SANDSTORM:
                                                       VSBY 1/2 MILE OR LESS
                                                   8 = SMOKE OR HAZE
[NO. OF DAYS WITH]      [WEATHER - DAYS WITH]      9 = BLOWING SNOW
                                                   X = TORNADO
MAX 32 OR BELOW:   0    0.01 INCH OR MORE:   4
MAX 90 OR ABOVE:   1    0.10 INCH OR MORE:   0
MIN 32 OR BELOW:   0    0.50 INCH OR MORE:   0
MIN  0 OR BELOW:   0    1.00 INCH OR MORE:   0

[HDD (BASE 65) ]
TOTAL THIS MO.   111    CLEAR  (SCALE 0-3)  15
DPTR FM NORMAL  -121    PTCLDY (SCALE 4-7)   4
TOTAL FM JUL 1   146    CLOUDY (SCALE 8-10)  1
DPTR FM NORMAL  -198

[CDD (BASE 65) ]
TOTAL THIS MO.    17
DPTR FM NORMAL    17    [PRESSURE DATA]
TOTAL FM JAN 1  1218    HIGHEST SLP M ON M
DPTR FM NORMAL   428    LOWEST  SLP  0.00 ON M

[REMARKS]
