000
CXUS53 KMPX 180700
CF6EAU
PRELIMINARY LOCAL CLIMATOLOGICAL DATA (WS FORM: F-6)

                                          STATION:   EAU CLAIRE WI
                                          MONTH:     OCTOBER
                                          YEAR:      2017
                                          LATITUDE:   44 52 N
                                          LONGITUDE:  91 29 W

  TEMPERATURE IN F:       :PCPN:    SNOW:  WIND      :SUNSHINE: SKY     :PK WND
================================================================================
1   2   3   4   5  6A  6B    7    8   9   10  11  12  13   14  15   16   17  18
                                     12Z  AVG MX 2MIN
DY MAX MIN AVG DEP HDD CDD  WTR  SNW DPTH SPD SPD DIR MIN PSBL S-S WX    SPD DR
================================================================================

 1  70  51  61   8   4   0 0.11  0.0    0 10.6 22 140   M    M   6        30 140
 2  73  52  63  10   2   0 0.28  0.0    0  9.5 21 160   M    M   7 13     27 160
 3  75  51  63  11   2   0 0.03  0.0    0 11.7 22 200   M    M   5 8      28 190
 4  60  41  51  -1  14   0 0.00  0.0    0  6.1 18 270   M    M   0 1      24 260
 5  63  41  52   0  13   0    T  0.0    0  2.7 12 200   M    M   9 3      14 210
 6  60  51  56   5   9   0 1.06  0.0    0  6.5 16  60   M    M  10 13     20  80
 7  60  51  56   5   9   0 0.80  0.0    0  4.6 13 320   M    M   8 1      16 310
 8  76  45  61  11   4   0 0.00  0.0    0  8.2 21 200   M    M   2 1      28 220
 9  62  42  52   2  13   0 0.00  0.0    0  8.2 18 320   M    M   2        24 320
10  53  32  43  -7  22   0 0.00  0.0    0  5.9 15  60   M    M   1        19  50
11  59  41  50   1  15   0 0.00  0.0    0  6.9 13 150   M    M   9        17 140
12  59  52  56   7   9   0 0.00  0.0    0  9.0 16 170   M    M   9        20 180
13  61  36  49   1  16   0 0.00  0.0    0  4.5 12 360   M    M   5        16 330
14  58  35  47  -1  18   0 0.27  0.0    0  9.0 20  70   M    M   6 1      25  70
15  54  37  46  -2  19   0 0.07  0.0    0  9.3 22 320   M    M   7 1      32 330
16  62  33  48   1  17   0 0.00  0.0    0  6.9 22 240   M    M   1 12     25 240
17  71  37  54   7  11   0 0.00  0.0    0  5.5 15 210   M    M   0 1      18 190
================================================================================
SM 1076  728       197   0  2.62     0.0 125.1          M       87
================================================================================
AV 63.3 42.8                               7.4 FASTST   M    M   5    MAX(MPH)
                                 MISC ---->  # 22 140               # 32  330
================================================================================
NOTES:
# LAST OF SEVERAL OCCURRENCES

COLUMN 17 PEAK WIND IN M.P.H.

PRELIMINARY LOCAL CLIMATOLOGICAL DATA (WS FORM: F-6) , PAGE 2

                                          STATION:  EAU CLAIRE WI
                                          MONTH:    OCTOBER
                                          YEAR:     2017
                                          LATITUDE:   44 52 N
                                          LONGITUDE:  91 29 W

[TEMPERATURE DATA]      [PRECIPITATION DATA]       SYMBOLS USED IN COLUMN 16

AVERAGE MONTHLY: 53.1   TOTAL FOR MONTH:   2.62    1 = FOG OR MIST
DPTR FM NORMAL:   3.1   DPTR FM NORMAL:    1.17    2 = FOG REDUCING VISIBILITY
HIGHEST:    76 ON  8    GRTST 24HR  1.06 ON  6- 6      TO 1/4 MILE OR LESS
LOWEST:     32 ON 10                               3 = THUNDER
                        SNOW, ICE PELLETS, HAIL    4 = ICE PELLETS
                        TOTAL MONTH:   0.0 INCH    5 = HAIL
                        GRTST 24HR     0.0         6 = FREEZING RAIN OR DRIZZLE
                        GRTST DEPTH:   0           7 = DUSTSTORM OR SANDSTORM:
                                                       VSBY 1/2 MILE OR LESS
                                                   8 = SMOKE OR HAZE
[NO. OF DAYS WITH]      [WEATHER - DAYS WITH]      9 = BLOWING SNOW
                                                   X = TORNADO
MAX 32 OR BELOW:   0    0.01 INCH OR MORE:   7
MAX 90 OR ABOVE:   0    0.10 INCH OR MORE:   5
MIN 32 OR BELOW:   1    0.50 INCH OR MORE:   2
MIN  0 OR BELOW:   0    1.00 INCH OR MORE:   1

[HDD (BASE 65) ]
TOTAL THIS MO.   197    CLEAR  (SCALE 0-3)   6
DPTR FM NORMAL   -61    PTCLDY (SCALE 4-7)   7
TOTAL FM JUL 1   358    CLOUDY (SCALE 8-10)  4
DPTR FM NORMAL  -133

[CDD (BASE 65) ]
TOTAL THIS MO.     0
DPTR FM NORMAL    -4    [PRESSURE DATA]
TOTAL FM JAN 1   466    HIGHEST SLP M ON M
DPTR FM NORMAL  -113    LOWEST  SLP 29.42 ON  7

[REMARKS]
