000
CXUS51 KAKQ 241010
CF6ECG
PRELIMINARY LOCAL CLIMATOLOGICAL DATA (WS FORM: F-6)

                                          STATION:   ELIZABETH CITY NC
                                          MONTH:     FEBRUARY
                                          YEAR:      2017
                                          LATITUDE:   36 16 N
                                          LONGITUDE:  76 11 W

  TEMPERATURE IN F:       :PCPN:    SNOW:  WIND      :SUNSHINE: SKY     :PK WND
================================================================================
1   2   3   4   5  6A  6B    7    8   9   10  11  12  13   14  15   16   17  18
                                     12Z  AVG MX 2MIN
DY MAX MIN AVG DEP HDD CDD  WTR  SNW DPTH SPD SPD DIR MIN PSBL S-S WX    SPD DR
================================================================================

 1  65  40  53  11  12   0 0.00  0.0    0  4.6 14  40   M    M   0        21 230
 2  60  39  50   7  15   0 0.00  0.0    0  5.3 12 280   M    M   3        14 360
 3  46  31  39  -4  26   0 0.06  0.0    0 10.9 22  30   M    M  10        27  30
 4  42  28  35  -8  30   0 0.00  0.0    0  9.6 21 340   M    M   0        26 330
 5  56  27  42  -1  23   0    T  0.0    0  6.0 20 280   M    M   4        24 290
 6  63  35  49   6  16   0 0.00  0.0    0  5.7 13 180   M    M   0        17 190
 7  71  46  59  16   6   0 0.00  0.0    0 12.5 18 200   M    M   1        25 200
 8  68  56  62  19   3   0 0.05  0.0    0  7.3 17 200   M    M   5 1      24 190
 9  58  31  45   2  20   0 0.43  0.0    0 16.4 41 330   M    M   7 1      51 320
10  44  22  33 -11  32   0 0.00  0.0    0  9.6 18 210   M    M   0        23 200
11  69  43  56  12   9   0 0.00  0.0    0 11.9 21 210   M    M   1        28 210
12  82  53  68  24   0   3    T  0.0    0 12.7 25  10   M    M   4        33 230
13  55  37  46   2  19   0 0.00  0.0    0 10.9 26 320   M    M   0        33 330
14  54  27  41  -3  24   0 0.00  0.0    0  6.7 16 130   M    M   1        22 130
15  55  33  44   0  21   0 0.37  0.0    0  8.2 24 330   M    M   7 1      32 300
16  49  27  38  -6  27   0 0.00  0.0    0 11.5 25 270   M    M   1        33 280
17  56  23  40  -4  25   0 0.00  0.0    0  5.9 16 230   M    M   1        22 240
18  71  38  55  11  10   0 0.00  0.0    0  8.1 18 210   M    M   0        25 200
19  73  44  59  14   6   0 0.00  0.0    0  5.6 14 300   M    M   0        17 210
20  66  42  54   9  11   0 0.00  0.0    0  7.2 17  50   M    M   0        20  10
21  59  38  49   4  16   0 0.00  0.0    0  6.8 14  70   M    M   0        17  60
22  70  44  57  12   8   0 0.00  0.0    0  5.2 10 130   M    M   6 1       M  M
23  71  51  61  16   4   0    T  0.0    0  4.5 16 130   M    M   4        18 120
================================================================================
SM 1403  855       363   3  0.91     0.0 193.1          M       55
================================================================================
AV 61.0 37.2                               8.4 FASTST   M    M   2    MAX(MPH)
                                 MISC ---->  # 41 330               # 51  320
================================================================================
NOTES:
# LAST OF SEVERAL OCCURRENCES

COLUMN 17 PEAK WIND IN M.P.H.

PRELIMINARY LOCAL CLIMATOLOGICAL DATA (WS FORM: F-6) , PAGE 2

                                          STATION:  ELIZABETH CITY NC
                                          MONTH:    FEBRUARY
                                          YEAR:     2017
                                          LATITUDE:   36 16 N
                                          LONGITUDE:  76 11 W

[TEMPERATURE DATA]      [PRECIPITATION DATA]       SYMBOLS USED IN COLUMN 16

AVERAGE MONTHLY: 49.1   TOTAL FOR MONTH:   0.91    1 = FOG OR MIST
DPTR FM NORMAL:   5.3   DPTR FM NORMAL:   -1.72    2 = FOG REDUCING VISIBILITY
HIGHEST:    82 ON 12    GRTST 24HR  0.43 ON  9- 9      TO 1/4 MILE OR LESS
LOWEST:     22 ON 10                               3 = THUNDER
                        SNOW, ICE PELLETS, HAIL    4 = ICE PELLETS
                        TOTAL MONTH:   0.0 INCH    5 = HAIL
                        GRTST 24HR     0.0         6 = FREEZING RAIN OR DRIZZLE
                        GRTST DEPTH:   0           7 = DUSTSTORM OR SANDSTORM:
                                                       VSBY 1/2 MILE OR LESS
                                                   8 = SMOKE OR HAZE
[NO. OF DAYS WITH]      [WEATHER - DAYS WITH]      9 = BLOWING SNOW
                                                   X = TORNADO
MAX 32 OR BELOW:   0    0.01 INCH OR MORE:   4
MAX 90 OR ABOVE:   0    0.10 INCH OR MORE:   2
MIN 32 OR BELOW:   8    0.50 INCH OR MORE:   0
MIN  0 OR BELOW:   0    1.00 INCH OR MORE:   0

[HDD (BASE 65) ]
TOTAL THIS MO.   363    CLEAR  (SCALE 0-3)  14
DPTR FM NORMAL  -125    PTCLDY (SCALE 4-7)   8
TOTAL FM JUL 1  2060    CLOUDY (SCALE 8-10)  1
DPTR FM NORMAL  -315

[CDD (BASE 65) ]
TOTAL THIS MO.     3
DPTR FM NORMAL     3    [PRESSURE DATA]
TOTAL FM JAN 1     3    HIGHEST SLP M ON M
DPTR FM NORMAL     2    LOWEST  SLP 29.38 ON  9

[REMARKS]
