000
CXUS51 KAKQ 221010
CF6ECG
PRELIMINARY LOCAL CLIMATOLOGICAL DATA (WS FORM: F-6)

                                          STATION:   ELIZABETH CITY NC
                                          MONTH:     NOVEMBER
                                          YEAR:      2014
                                          LATITUDE:   36 16 N
                                          LONGITUDE:  76 11 W

  TEMPERATURE IN F:       :PCPN:    SNOW:  WIND      :SUNSHINE: SKY     :PK WND
================================================================================
1   2   3   4   5  6A  6B    7    8   9   10  11  12  13   14  15   16   17  18
                                     12Z  AVG MX 2MIN
DY MAX MIN AVG DEP HDD CDD  WTR  SNW DPTH SPD SPD DIR MIN PSBL S-S WX    SPD DR
================================================================================

 1  59  40  50  -7  15   0 0.03  0.0    0 14.7 30 330   M    M   6 18     41 340
 2  54  37  46 -11  19   0 0.01  0.0    0 15.5 31 320   M    M   6        41 320
 3  65  31  48  -9  17   0 0.00  0.0    0  6.9 13 310   M    M   0        20 270
 4  73  45  59   3   6   0 0.00  0.0    0  8.4 15 230   M    M   1        17 230
 5  73  53  63   7   2   0 0.00  0.0    0  9.2 21 250   M    M   0 8      26 240
 6  72  52  62   6   3   0 0.43  0.0    0 10.6 33 330   M    M   7 1      40 310
 7  64  45  55  -1  10   0    T  0.0    0 11.2 20 300   M    M   2        24 290
 8  62  38  50  -5  15   0 0.00  0.0    0  5.5 12 230   M    M   0 8      16 230
 9  66  47  57   2   8   0 0.00  0.0    0  2.1  9 350   M    M   0        10 350
10  67  41  54  -1  11   0 0.00  0.0    0  5.8 13  60   M    M   0 128    16  40
11  72  56  64  10   1   0 0.02  0.0    0  6.4 13  20   M    M   8 1      15  20
12  79  57  68  14   0   3 0.00  0.0    0  6.7 17  20   M    M   5 1      21  20
13  58  45  52  -2  13   0 0.06  0.0    0 10.8 18 330   M    M   8 18     23 330
14  48  35  42 -12  23   0 0.01  0.0    0 13.3 21 350   M    M   6        26 340
15  49  31  40 -13  25   0    T  0.0    0  9.8 18 340   M    M   0        23 330
16  55  30  43 -10  22   0 0.26  0.0    0  3.7 15  90   M    M   7 18     17  90
17  74  51  63  10   2   0 0.05  0.0    0 12.8 23 300   M    M   6 128    33 260
18  57  25  41 -11  24   0 0.00  0.0    0 12.3 22 290   M    M   1        28 280
19  43  20  32 -20  33   0 0.00  0.0    0  6.6 15 210   M    M   0        20 210
20  60  35  48  -4  17   0 0.00  0.0    0 10.2 23 230   M    M   0        28 220
21  48  26  37 -15  28   0    T    M    0  9.8 21 320   M    M   0        26  10
================================================================================
SM 1298  840       294   3  0.87     0.0 192.3          M       63
================================================================================
AV 61.8 40.0                               9.2 FASTST   M    M   3    MAX(MPH)
                                 MISC ---->  # 33 330               # 41  340
================================================================================
NOTES:
# LAST OF SEVERAL OCCURRENCES

COLUMN 17 PEAK WIND IN M.P.H.

PRELIMINARY LOCAL CLIMATOLOGICAL DATA (WS FORM: F-6) , PAGE 2

                                          STATION:  ELIZABETH CITY NC
                                          MONTH:    NOVEMBER
                                          YEAR:     2014
                                          LATITUDE:   36 16 N
                                          LONGITUDE:  76 11 W

[TEMPERATURE DATA]      [PRECIPITATION DATA]       SYMBOLS USED IN COLUMN 16

AVERAGE MONTHLY: 50.9   TOTAL FOR MONTH:   0.87    1 = FOG OR MIST
DPTR FM NORMAL:  -3.5   DPTR FM NORMAL:   -1.36    2 = FOG REDUCING VISIBILITY
HIGHEST:    79 ON 12    GRTST 24HR  0.43 ON  6- 6      TO 1/4 MILE OR LESS
LOWEST:     20 ON 19                               3 = THUNDER
                        SNOW, ICE PELLETS, HAIL    4 = ICE PELLETS
                        TOTAL MONTH:   0.0 INCH    5 = HAIL
                        GRTST 24HR     0.0         6 = FREEZING RAIN OR DRIZZLE
                        GRTST DEPTH:   0           7 = DUSTSTORM OR SANDSTORM:
                                                       VSBY 1/2 MILE OR LESS
                                                   8 = SMOKE OR HAZE
[NO. OF DAYS WITH]      [WEATHER - DAYS WITH]      9 = BLOWING SNOW
                                                   X = TORNADO
MAX 32 OR BELOW:   0    0.01 INCH OR MORE:   8
MAX 90 OR ABOVE:   0    0.10 INCH OR MORE:   2
MIN 32 OR BELOW:   6    0.50 INCH OR MORE:   0
MIN  0 OR BELOW:   0    1.00 INCH OR MORE:   0

[HDD (BASE 65) ]
TOTAL THIS MO.   294    CLEAR  (SCALE 0-3)  12
DPTR FM NORMAL    65    PTCLDY (SCALE 4-7)   9
TOTAL FM JUL 1   375    CLOUDY (SCALE 8-10)  0
DPTR FM NORMAL    -5

[CDD (BASE 65) ]
TOTAL THIS MO.     3
DPTR FM NORMAL    -1    [PRESSURE DATA]
TOTAL FM JAN 1  1580    HIGHEST SLP M ON M
DPTR FM NORMAL    -5    LOWEST  SLP 29.53 ON 17

[REMARKS]
