000
CXUS55 KGJT 251000
CF6EEO
PRELIMINARY LOCAL CLIMATOLOGICAL DATA (WS FORM: F-6)

                                          STATION:   MEEKER CO
                                          MONTH:     DECEMBER
                                          YEAR:      2014
                                          LATITUDE:   40  2 N
                                          LONGITUDE: 107 53 W

  TEMPERATURE IN F:       :PCPN:    SNOW:  WIND      :SUNSHINE: SKY     :PK WND
================================================================================
1   2   3   4   5  6A  6B    7    8   9   10  11  12  13   14  15   16   17  18
                                     12Z  AVG MX 2MIN
DY MAX MIN AVG DEP HDD CDD  WTR  SNW DPTH SPD SPD DIR MIN PSBL S-S WX    SPD DR
================================================================================

 1  50  28  39  14  26   0    T    M    M  4.3 17 270   M    M   6        20 260
 2  52  29  41  16  24   0 0.00    M    M  6.0 23 210   M    M   0        28 220
 3  47  31  39  15  26   0 0.00    M    M  6.3 23 220   M    M   9        29 210
 4  48  31  40  16  25   0 0.03    M    M  3.3 13 190   M    M   8        16 190
 5  50  29  40  16  25   0 0.00    M    M  2.2 10  60   M    M   4 1      12 200
 6  50  30  40  17  25   0 0.00    M    M  1.6  9 230   M    M   5        12 230
 7  50  25  38  15  27   0 0.00    M    M  2.0  8 230   M    M   2        12 190
 8  53  22  38  15  27   0 0.00    M    M  2.3  9 100   M    M   0        12  90
 9  49  18  34  12  31   0 0.00    M    M  2.3 10 100   M    M   0        12 110
10  48  19  34  12  31   0 0.00    M    M  2.1  8  40   M    M   0         8  40
11  57  19  38  16  27   0 0.00    M    M  3.4 20 220   M    M   0        23 220
12  48  27  38  16  27   0 0.00    M    M  2.0  7  70   M    M   1         8 100
13  53  27  40  19  25   0 0.13    M    M  5.3 21 280   M    M   6 16     31 300
14  33  27  30   9  35   0 0.14    M    M  6.2 15 320   M    M  10 16     18 330
15  30   7  19  -2  46   0 0.01    M    M  2.5  8  40   M    M   5 18      9  40
16  31   7  19  -2  46   0 0.13    M    M  1.1  8  40   M    M   7 12     10  80
17  32  21  27   6  38   0 0.07    M    M  0.8  7 220   M    M  10 12      7 220
18  31  11  21   1  44   0 0.01    M    M  0.8  7  40   M    M   9 128     7  50
19  30   9  20   0  45   0 0.01    M    M  2.0  7  40   M    M   7 1       9  90
20  35  19  27   7  38   0 0.05    M    M  2.0  8 230   M    M  10 1      10 230
21  36  30  33  13  32   0 0.54    M    M  5.2 16 250   M    M  10 12     20 250
22  38  23  31  11  34   0 0.04    M    M 10.6 32 340   M    M   8 8      40 350
23  28   1  15  -5  50   0    T    M    M  7.4 23  20   M    M   6        28  20
24  33   1  17  -3  48   0 0.00    M    M  4.5 22 250   M    M   2        24 240
================================================================================
SM 1012  491       802   0  1.16    M     86.2          M      125
================================================================================
AV 42.2 20.5                               3.6 FASTST   M    M   5    MAX(MPH)
                                 MISC ---->  # 32 340               # 40  350
================================================================================
NOTES:
# LAST OF SEVERAL OCCURRENCES

COLUMN 17 PEAK WIND IN M.P.H.

PRELIMINARY LOCAL CLIMATOLOGICAL DATA (WS FORM: F-6) , PAGE 2

                                          STATION:  MEEKER CO
                                          MONTH:    DECEMBER
                                          YEAR:     2014
                                          LATITUDE:   40  2 N
                                          LONGITUDE: 107 53 W

[TEMPERATURE DATA]      [PRECIPITATION DATA]       SYMBOLS USED IN COLUMN 16

AVERAGE MONTHLY: 31.3   TOTAL FOR MONTH:   1.16    1 = FOG OR MIST
DPTR FM NORMAL:   9.5   DPTR FM NORMAL:    0.30    2 = FOG REDUCING VISIBILITY
HIGHEST:    57 ON 11    GRTST 24HR  0.55 ON 21-22      TO 1/4 MILE OR LESS
LOWEST:      1 ON 24,23                            3 = THUNDER
                        SNOW, ICE PELLETS, HAIL    4 = ICE PELLETS
                        TOTAL MONTH:    M          5 = HAIL
                        GRTST 24HR    M  ON   M    6 = FREEZING RAIN OR DRIZZLE
                        GRTST DEPTH:  M  ON   M    7 = DUSTSTORM OR SANDSTORM:
                                                       VSBY 1/2 MILE OR LESS
                                                   8 = SMOKE OR HAZE
[NO. OF DAYS WITH]      [WEATHER - DAYS WITH]      9 = BLOWING SNOW
                                                   X = TORNADO
MAX 32 OR BELOW:   6    0.01 INCH OR MORE:  11
MAX 90 OR ABOVE:   0    0.10 INCH OR MORE:   4
MIN 32 OR BELOW:  24    0.50 INCH OR MORE:   1
MIN  0 OR BELOW:   0    1.00 INCH OR MORE:   0

[HDD (BASE 65) ]
TOTAL THIS MO.   802    CLEAR  (SCALE 0-3)   8
DPTR FM NORMAL  -234    PTCLDY (SCALE 4-7)   9
TOTAL FM JUL 1  2489    CLOUDY (SCALE 8-10)  7
DPTR FM NORMAL  -483

[CDD (BASE 65) ]
TOTAL THIS MO.     0
DPTR FM NORMAL     0    [PRESSURE DATA]
TOTAL FM JAN 1   197    HIGHEST SLP M ON M
DPTR FM NORMAL    25    LOWEST  SLP 29.61 ON 22

[REMARKS]
