645
CXUS54 KSHV 261300
CF6ELD
PRELIMINARY LOCAL CLIMATOLOGICAL DATA (WS FORM: F-6)

                                          STATION:   EL DORADO
                                          MONTH:     MAY
                                          YEAR:      2017
                                          LATITUDE:   33 13 N
                                          LONGITUDE:  92 49 W

  TEMPERATURE IN F:       :PCPN:    SNOW:  WIND      :SUNSHINE: SKY     :PK WND
================================================================================
1   2   3   4   5  6A  6B    7    8   9   10  11  12  13   14  15   16   17  18
                                     12Z  AVG MX 2MIN
DY MAX MIN AVG DEP HDD CDD  WTR  SNW DPTH SPD SPD DIR MIN PSBL S-S WX    SPD DR
================================================================================

 1  76  51  64  -3   1   0 0.00  0.0    0  8.3 18 240   M    M   0 18     29 250
 2  84  52  68   0   0   3 0.00  0.0    0  3.5 15 190   M    M   2 18     18 220
 3  75  56  66  -2   0   1 2.30  0.0    0  8.4 24 330   M    M   6 138    34 330
 4  67  49  58 -10   7   0    T    M    0 11.8 26 320   M    M   6 18     37 320
 5  76  50  63  -5   2   0 0.00  0.0    0  8.0 21 330   M    M   0 8      27 330
 6  79  46  63  -6   2   0 0.00  0.0    0  2.4 14 230   M    M   0 18     18 290
 7  85  51  68  -1   0   3 0.00  0.0    0  1.4 10 170   M    M   0 128    15 120
 8  84  55  70   1   0   5 0.00  0.0    0  3.4 15 150   M    M   0 18     20 140
 9  84  56  70   0   0   5 0.00  0.0    0  4.1 16 180   M    M   1 1      22 190
10  84  63  74   4   0   9    T  0.0    0  6.2 13 180   M    M   1        18 200
11  83  66  75   5   0  10 1.70  0.0    0  6.9 18 140   M    M   2 13     24 140
12  77  62  70   0   0   5 0.36  0.0    0  6.0 20 300   M    M   6 13     26 360
13  78  56  67  -3   0   2 0.00  0.0    0  6.3 16  30   M    M   2        21  30
14  82  53  68  -3   0   3 0.00  0.0    0  1.3 10 120   M    M   0 1      13 120
15  85  57  71   0   0   6 0.00  0.0    0  3.6 13 160   M    M   1 18     17 160
16  86  59  73   2   0   8 0.00  0.0    0  7.8 21 180   M    M   1 18     29 160
17  84  66  75   3   0  10    T  0.0    0  9.2 22 160   M    M   6 8      29 150
18  88  71  80   8   0  15 0.00  0.0    0  8.8 18 160   M    M   5 8      24 160
19  88  70  79   7   0  14 0.11  0.0    0  6.5 17 150   M    M   4 18     24 140
20  79  67  73   1   0   8 0.26  0.0    0  3.9 18 250   M    M   4 13     28 230
21  73  56  65  -7   0   0 1.35  0.0    0  4.6 25 230   M    M   8 13     36 240
22  64  61  63 -10   2   0 0.28  0.0    M  4.3 12 330   M    M   8 1      14 320
23  77  57  67  -6   0   2 0.50  0.0    0  5.9 25 290   M    M   7 123    34 290
24  71  52  62 -11   3   0 0.10  0.0    0  7.6 20 290   M    M   4 1      29 290
25  83  47  65  -9   0   0 0.00  0.0    0  6.2 15 190   M    M   0        20 200
================================================================================
SM 1992 1429        17 109  6.96     0.0 146.4          M       74
================================================================================
AV 79.7 57.2                               5.9 FASTST   M    M   3    MAX(MPH)
                                 MISC ---->  # 26 320               # 37  320
================================================================================
NOTES:
# LAST OF SEVERAL OCCURRENCES

COLUMN 17 PEAK WIND IN M.P.H.

PRELIMINARY LOCAL CLIMATOLOGICAL DATA (WS FORM: F-6) , PAGE 2

                                          STATION:  EL DORADO
                                          MONTH:    MAY
                                          YEAR:     2017
                                          LATITUDE:   33 13 N
                                          LONGITUDE:  92 49 W

[TEMPERATURE DATA]      [PRECIPITATION DATA]       SYMBOLS USED IN COLUMN 16

AVERAGE MONTHLY: 68.4   TOTAL FOR MONTH:   6.96    1 = FOG OR MIST
DPTR FM NORMAL:  -2.1   DPTR FM NORMAL:    2.85    2 = FOG REDUCING VISIBILITY
HIGHEST:    88 ON 19,18 GRTST 24HR  2.30 ON  3- 3      TO 1/4 MILE OR LESS
LOWEST:     46 ON  6                               3 = THUNDER
                        SNOW, ICE PELLETS, HAIL    4 = ICE PELLETS
                        TOTAL MONTH:   0.0 INCH    5 = HAIL
                        GRTST 24HR     0.0         6 = FREEZING RAIN OR DRIZZLE
                        GRTST DEPTH:   0           7 = DUSTSTORM OR SANDSTORM:
                                                       VSBY 1/2 MILE OR LESS
                                                   8 = SMOKE OR HAZE
[NO. OF DAYS WITH]      [WEATHER - DAYS WITH]      9 = BLOWING SNOW
                                                   X = TORNADO
MAX 32 OR BELOW:   0    0.01 INCH OR MORE:   9
MAX 90 OR ABOVE:   0    0.10 INCH OR MORE:   9
MIN 32 OR BELOW:   0    0.50 INCH OR MORE:   4
MIN  0 OR BELOW:   0    1.00 INCH OR MORE:   3

[HDD (BASE 65) ]
TOTAL THIS MO.    17    CLEAR  (SCALE 0-3)  14
DPTR FM NORMAL     1    PTCLDY (SCALE 4-7)  11
TOTAL FM JUL 1  1723    CLOUDY (SCALE 8-10)  0
DPTR FM NORMAL  -947

[CDD (BASE 65) ]
TOTAL THIS MO.   109
DPTR FM NORMAL   -47    [PRESSURE DATA]
TOTAL FM JAN 1   282    HIGHEST SLP M ON M
DPTR FM NORMAL    27    LOWEST  SLP 29.61 ON  3

[REMARKS]
