000
CXUS56 KSLC 262125
CF6EVW
PRELIMINARY LOCAL CLIMATOLOGICAL DATA (WS FORM: F-6)

                                          STATION:   EVANSTON WY
                                          MONTH:     JUNE
                                          YEAR:      2017
                                          LATITUDE:   41 16 N
                                          LONGITUDE: 111  2 W

  TEMPERATURE IN F:       :PCPN:    SNOW:  WIND      :SUNSHINE: SKY     :PK WND
================================================================================
1   2   3   4   5  6A  6B    7    8   9   10  11  12  13   14  15   16   17  18
                                     12Z  AVG MX 2MIN
DY MAX MIN AVG DEP HDD CDD  WTR  SNW DPTH SPD SPD DIR MIN PSBL S-S WX    SPD DR
================================================================================

 1  70  48  59   6   6   0 0.02    M    0 10.1 29 220   M    M   6 3      36 220
 2  69  41  55   1  10   0    T    M    0  8.6 20 250   M    M   1 1      24 250
 3  77  43  60   6   5   0 0.00  0.0    0  7.1 20 250   M    M   0        26 240
 4  81  48  65  11   0   0 0.00  0.0    0  7.1 23 230   M    M   1        28 230
 5  78  53  66  12   0   1 0.00  0.0    0  8.1 18 270   M    M   1        23 280
 6  81  50  66  11   0   1 0.00  0.0    0  8.6 17 120   M    M   1        21 120
 7  82  52  67  12   0   2 0.00  0.0    0 10.0 29 220   M    M   1        38 220
 8  79  55  67  12   0   2 0.00  0.0    0 15.5 32 220   M    M   0        41 200
 9  78  43  61   5   4   0 0.00  0.0    0 17.3 43 220   M    M   0        52 220
10  73  39  56   0   9   0 0.00  0.0    0 11.5 35 240   M    M   0        41 240
11  75  44  60   4   5   0    T    M    0 11.2 32 190   M    M   3 3      43 180
12  65  33  49  -7  16   0    T    M    0 16.4 44 240   M    M   4 12     52 240
13  53  35  44 -13  21   0 0.07    M    0 18.2 32 230   M    M   7 1      40 230
14  66  38  52  -5  13   0 0.00  0.0    0 10.0 23 230   M    M   0        32 240
15  76  44  60   3   5   0 0.00  0.0    0 10.9 24 270   M    M   0        33 250
16  75  49  62   4   3   0 0.00  0.0    0 16.3 32 250   M    M   0        42 230
17  69  50  60   2   5   0 0.00  0.0    0 11.9 25 260   M    M   3        30 250
18  74  45  60   2   5   0 0.00  0.0    0  9.8 21 300   M    M   0        33 340
19  82  50  66   7   0   1 0.00  0.0    0  7.1 16 290   M    M   0        21 250
20  87  53  70  11   0   5    T  0.0    0 11.0 24 270   M    M   0 3      30 280
21  86  53  70  10   0   5 0.00  0.0    0 10.5 25 260   M    M   0        32 250
22  77  53  65   5   0   0 0.00  0.0    0 10.4 23 250   M    M   0        30 250
23  76  44  60   0   5   0 0.00  0.0    0  8.8 21 250   M    M   0        29 270
24  78  43  61   1   4   0 0.00  0.0    0  6.8 14 250   M    M   0        17 250
25   M   M   M   M   M   M    M    M    M   M   M   M   M    M   M         M  M
================================================================================
SM 1807 1106       116  17  0.09     0.0 263.2          M       28
================================================================================
AV 75.3 46.1                              11.0 FASTST   M    M   1    MAX(MPH)
                                 MISC ---->  # 44 240               # 52  220
================================================================================
NOTES:
# LAST OF SEVERAL OCCURRENCES

COLUMN 17 PEAK WIND IN M.P.H.

PRELIMINARY LOCAL CLIMATOLOGICAL DATA (WS FORM: F-6) , PAGE 2

                                          STATION:  EVANSTON WY
                                          MONTH:    JUNE
                                          YEAR:     2017
                                          LATITUDE:   41 16 N
                                          LONGITUDE: 111  2 W

[TEMPERATURE DATA]      [PRECIPITATION DATA]       SYMBOLS USED IN COLUMN 16

AVERAGE MONTHLY: 60.7   TOTAL FOR MONTH:   0.09    1 = FOG OR MIST
DPTR FM NORMAL:   3.8   DPTR FM NORMAL:   -1.00    2 = FOG REDUCING VISIBILITY
HIGHEST:    87 ON 20    GRTST 24HR  0.07 ON 13-13      TO 1/4 MILE OR LESS
LOWEST:     33 ON 12                               3 = THUNDER
                        SNOW, ICE PELLETS, HAIL    4 = ICE PELLETS
                        TOTAL MONTH:   0.0 INCH    5 = HAIL
                        GRTST 24HR     0.0         6 = FREEZING RAIN OR DRIZZLE
                        GRTST DEPTH:   0           7 = DUSTSTORM OR SANDSTORM:
                                                       VSBY 1/2 MILE OR LESS
                                                   8 = SMOKE OR HAZE
[NO. OF DAYS WITH]      [WEATHER - DAYS WITH]      9 = BLOWING SNOW
                                                   X = TORNADO
MAX 32 OR BELOW:   0    0.01 INCH OR MORE:   2
MAX 90 OR ABOVE:   0    0.10 INCH OR MORE:   0
MIN 32 OR BELOW:   0    0.50 INCH OR MORE:   0
MIN  0 OR BELOW:   0    1.00 INCH OR MORE:   0

[HDD (BASE 65) ]
TOTAL THIS MO.   116    CLEAR  (SCALE 0-3)  21
DPTR FM NORMAL   -96    PTCLDY (SCALE 4-7)   3
TOTAL FM JUL 1  7779    CLOUDY (SCALE 8-10)  0
DPTR FM NORMAL  -775

[CDD (BASE 65) ]
TOTAL THIS MO.    17
DPTR FM NORMAL    14    [PRESSURE DATA]
TOTAL FM JAN 1    17    HIGHEST SLP M ON M
DPTR FM NORMAL    13    LOWEST  SLP 29.35 ON 11

[REMARKS]
