000
CXUS52 KEYW 190800
CF6EYW
PRELIMINARY LOCAL CLIMATOLOGICAL DATA (WS FORM: F-6)

                                          STATION:   KEY WEST
                                          MONTH:     APRIL
                                          YEAR:      2014
                                          LATITUDE:   24 32 N
                                          LONGITUDE:  81 45 W

  TEMPERATURE IN F:       :PCPN:    SNOW:  WIND      :SUNSHINE: SKY     :PK WND
================================================================================
1   2   3   4   5  6A  6B    7    8   9   10  11  12  13   14  15   16   17  18
                                     12Z  AVG MX 2MIN
DY MAX MIN AVG DEP HDD CDD  WTR  SNW DPTH SPD SPD DIR MIN PSBL S-S WX    SPD DR
================================================================================

 1  80  72  76   1   0  11 0.00  0.0    0 12.9 17 100   M    M   1        23 110
 2  79  72  76   1   0  11 0.00  0.0    0 14.0 21 110   M    M   1        26 100
 3  81  73  77   2   0  12 0.00  0.0    0 15.6 21 110   M    M   3        26 100
 4  82  75  79   4   0  14 0.00  0.0    0  9.8 18 120   M    M   1        23 110
 5  82  75  79   4   0  14 0.00  0.0    0  7.6 13 150   M    M   0        17 170
 6  82  74  78   3   0  13 0.00  0.0    0 10.5 16 150   M    M   1        24 160
 7  84  77  81   6   0  16 0.00  0.0    0 12.4 18 140   M    M   2        28 170
 8  85  67  76   0   0  11 0.47  0.0    0 13.1 30 320   M    M   2 13     42 280
 9  75  67  71  -5   0   6    T  0.0    0 14.9 24 310   M    M   3        31 310
10  78  66  72  -4   0   7 0.00  0.0    0 12.4 22  90   M    M   2        31  90
11  80  70  75  -1   0  10 0.00  0.0    0  9.0 16 100   M    M   3        22 120
12  82  73  78   2   0  13 0.00  0.0    0 11.1 20 100   M    M   2        24 100
13  82  72  77   1   0  12 0.00  0.0    0  7.7 12 100   M    M   0        17 140
14  84  75  80   4   0  15 0.00  0.0    0  9.1 14 100   M    M   1        19 160
15  83  78  81   5   0  16 0.00  0.0    0 10.3 16 320   M    M   1        20 310
16  82  73  78   2   0  13 0.09  0.0    0  9.3 16  90   M    M   6        21  60
17  85  76  81   4   0  16 0.00  0.0    0 12.9 22 100   M    M   3        28 100
18  84  78  81   4   0  16 0.00  0.0    0 13.4 21 130   M    M   1        30 130
================================================================================
SM 1470 1313         0 226  0.56     0.0 206.0          M       33
================================================================================
AV 81.7 72.9                              11.4 FASTST   M    M   2    MAX(MPH)
                                 MISC ---->  # 30 320               # 42  280
================================================================================
NOTES:
# LAST OF SEVERAL OCCURRENCES

COLUMN 17 PEAK WIND IN M.P.H.

PRELIMINARY LOCAL CLIMATOLOGICAL DATA (WS FORM: F-6) , PAGE 2

                                          STATION:  KEY WEST
                                          MONTH:    APRIL
                                          YEAR:     2014
                                          LATITUDE:   24 32 N
                                          LONGITUDE:  81 45 W

[TEMPERATURE DATA]      [PRECIPITATION DATA]       SYMBOLS USED IN COLUMN 16

AVERAGE MONTHLY: 77.3   TOTAL FOR MONTH:   0.56    1 = FOG OR MIST
DPTR FM NORMAL:   1.6   DPTR FM NORMAL:   -0.69    2 = FOG REDUCING VISIBILITY
HIGHEST:    85 ON 17, 8 GRTST 24HR  0.47 ON  8- 8      TO 1/4 MILE OR LESS
LOWEST:     66 ON 10                               3 = THUNDER
                        SNOW, ICE PELLETS, HAIL    4 = ICE PELLETS
                        TOTAL MONTH:   0.0 INCH    5 = HAIL
                        GRTST 24HR     0.0         6 = FREEZING RAIN OR DRIZZLE
                        GRTST DEPTH:   0           7 = DUSTSTORM OR SANDSTORM:
                                                       VSBY 1/2 MILE OR LESS
                                                   8 = SMOKE OR HAZE
[NO. OF DAYS WITH]      [WEATHER - DAYS WITH]      9 = BLOWING SNOW
                                                   X = TORNADO
MAX 32 OR BELOW:   0    0.01 INCH OR MORE:   2
MAX 90 OR ABOVE:   0    0.10 INCH OR MORE:   1
MIN 32 OR BELOW:   0    0.50 INCH OR MORE:   0
MIN  0 OR BELOW:   0    1.00 INCH OR MORE:   0

[HDD (BASE 65) ]
TOTAL THIS MO.     0    CLEAR  (SCALE 0-3)  16
DPTR FM NORMAL     0    PTCLDY (SCALE 4-7)   2
TOTAL FM JUL 1    22    CLOUDY (SCALE 8-10)  0
DPTR FM NORMAL   -51

[CDD (BASE 65) ]
TOTAL THIS MO.   226
DPTR FM NORMAL    33    [PRESSURE DATA]
TOTAL FM JAN 1   929    HIGHEST SLP M ON M
DPTR FM NORMAL   126    LOWEST  SLP 29.86 ON  7

[REMARKS]
