000
CXUS53 KFGF 010915
CF6FAR
PRELIMINARY LOCAL CLIMATOLOGICAL DATA (WS FORM: F-6)

                                          STATION:   FARGO HECTOR INTL AP ND
                                          MONTH:     AUGUST
                                          YEAR:      2015
                                          LATITUDE:   46 54 N
                                          LONGITUDE:  96 48 W

  TEMPERATURE IN F:       :PCPN:    SNOW:  WIND      :SUNSHINE: SKY     :PK WND
================================================================================
1   2   3   4   5  6A  6B    7    8   9   10  11  12  13   14  15   16   17  18
                                     12Z  AVG MX 2MIN
DY MAX MIN AVG DEP HDD CDD  WTR  SNW DPTH SPD SPD DIR MIN PSBL S-S WX    SPD DR
================================================================================

 1  89  57  73   2   0   8 0.00  0.0    0  4.8 14 160   M    M   1        19 190
 2  80  57  69  -2   0   4    T  0.0    0 12.3 23 330   M    M   1 8      29 320
 3  80  51  66  -5   0   1 0.00  0.0    0  7.6 20 330   M    M   0        28 320
 4  82  50  66  -5   0   1 0.00  0.0    0  5.2 13  10   M    M   0        17 360
 5  83  55  69  -2   0   4    T  0.0    0 10.0 17 160   M    M   2        24 150
 6  78  65  72   1   0   7 0.06  0.0    0  7.7 20 150   M    M   6        26 150
 7  88  58  73   2   0   8 0.27  0.0    0  4.9 21 350   M    M   1 1238   26 350
 8  86  62  74   3   0   9 0.15  0.0    0  5.5 14 180   M    M   4 1      16 290
 9  82  60  71   0   0   6    T  0.0    0  5.3 14 340   M    M   3        17 350
10  84  57  71   0   0   6 0.00  0.0    0  4.8 14 360   M    M   1        20 300
11  87  53  70   0   0   5 0.00  0.0    0  4.1 12 190   M    M   0        15 180
12  95  64  80  10   0  15 0.00  0.0    0 14.4 25 200   M    M   0        32 190
13  90  70  80  10   0  15 0.00  0.0    0  6.8 18 230   M    M   0        22 220
14  96  68  82  12   0  17 0.00  0.0    0  8.7 15 160   M    M   0        19 160
15  95  74  85  15   0  20 0.03  0.0    0 15.7 30 170   M    M   0 8      39 180
16  76  58  67  -3   0   2 0.03  0.0    0  9.2 23 300   M    M   3        30 310
17  76  51  64  -6   1   0 0.00  0.0    0  2.7  9 340   M    M   2        10 330
18  66  53  60  -9   5   0 0.28  0.0    0 10.1 23 340   M    M   7        29 340
19  71  49  60  -9   5   0 0.01  0.0    0 12.7 22  10   M    M   4        28 330
20  78  43  61  -8   4   0 0.00  0.0    0  6.2 18 160   M    M   0        25 160
21  85  60  73   4   0   8 0.00  0.0    0 14.8 21 190   M    M   0        27 150
22  77  55  66  -2   0   1 0.40  0.0    0 17.3 36 280   M    M   5 18     46 280
23  70  53  62  -6   3   0 0.06  0.0    0 21.9 39 300   M    M   7 1      49 300
24  73  48  61  -7   4   0 0.00  0.0    0 13.3 24 320   M    M   0        32 320
25  74  42  58 -10   7   0 0.00  0.0    0  4.9 14 330   M    M   0        17 340
26  78  45  62  -5   3   0 0.00  0.0    0  7.0 16 150   M    M   0        24 140
27  79  58  69   2   0   4 0.00  0.0    0  6.5 13 160   M    M   0        17 150
28  83  65  74   7   0   9 0.00  0.0    0 13.1 21 180   M    M   1 1      27 180
29  84  62  73   7   0   8 0.00  0.0    0 12.6 20 160   M    M   0        25 160
30  88  65  77  11   0  12 0.00  0.0    0 15.4 23 170   M    M   0        30 150
31  82  62  72   6   0   7 0.00  0.0    0  9.1 21 160   M    M   1 18     29 150
================================================================================
SM 2535 1770        32 177  1.29     0.0 294.6          M       49
================================================================================
AV 81.8 57.1                               9.5 FASTST   M    M   2    MAX(MPH)
                                 MISC ---->  # 39 300               # 49  300
================================================================================
NOTES:
# LAST OF SEVERAL OCCURRENCES

COLUMN 17 PEAK WIND IN M.P.H.

PRELIMINARY LOCAL CLIMATOLOGICAL DATA (WS FORM: F-6) , PAGE 2

                                          STATION:  FARGO HECTOR INTL AP ND
                                          MONTH:    AUGUST
                                          YEAR:     2015
                                          LATITUDE:   46 54 N
                                          LONGITUDE:  96 48 W

[TEMPERATURE DATA]      [PRECIPITATION DATA]       SYMBOLS USED IN COLUMN 16

AVERAGE MONTHLY: 69.4   TOTAL FOR MONTH:   1.29    1 = FOG OR MIST
DPTR FM NORMAL:   0.1   DPTR FM NORMAL:   -1.27    2 = FOG REDUCING VISIBILITY
HIGHEST:    96 ON 14    GRTST 24HR  0.46 ON 22-23      TO 1/4 MILE OR LESS
LOWEST:     42 ON 25                               3 = THUNDER
                        SNOW, ICE PELLETS, HAIL    4 = ICE PELLETS
                        TOTAL MONTH:   0.0 INCH    5 = HAIL
                        GRTST 24HR     0.0         6 = FREEZING RAIN OR DRIZZLE
                        GRTST DEPTH:   0           7 = DUSTSTORM OR SANDSTORM:
                                                       VSBY 1/2 MILE OR LESS
                                                   8 = SMOKE OR HAZE
[NO. OF DAYS WITH]      [WEATHER - DAYS WITH]      9 = BLOWING SNOW
                                                   X = TORNADO
MAX 32 OR BELOW:   0    0.01 INCH OR MORE:   9
MAX 90 OR ABOVE:   4    0.10 INCH OR MORE:   4
MIN 32 OR BELOW:   0    0.50 INCH OR MORE:   0
MIN  0 OR BELOW:   0    1.00 INCH OR MORE:   0

[HDD (BASE 65) ]
TOTAL THIS MO.    32    CLEAR  (SCALE 0-3)  24
DPTR FM NORMAL    -2    PTCLDY (SCALE 4-7)   7
TOTAL FM JUL 1    44    CLOUDY (SCALE 8-10)  0
DPTR FM NORMAL    -6

[CDD (BASE 65) ]
TOTAL THIS MO.   177
DPTR FM NORMAL    12    [PRESSURE DATA]
TOTAL FM JAN 1   542    HIGHEST SLP M ON M
DPTR FM NORMAL    37    LOWEST  SLP 29.41 ON 22

[REMARKS]
#FINAL-08-15#
