000
CXUS56 KHNX 011146
CF6FAT
PRELIMINARY LOCAL CLIMATOLOGICAL DATA (WS FORM: F-6)

                                          STATION:   FRESNO CA
                                          MONTH:     FEBRUARY
                                          YEAR:      2015
                                          LATITUDE:   36 46 N
                                          LONGITUDE: 119 43 W

  TEMPERATURE IN F:       :PCPN:    SNOW:  WIND      :SUNSHINE: SKY     :PK WND
================================================================================
1   2   3   4   5  6A  6B    7    8   9   10  11  12  13   14  15   16   17  18
                                     12Z  AVG MX 2MIN
DY MAX MIN AVG DEP HDD CDD  WTR  SNW DPTH SPD SPD DIR MIN PSBL S-S WX    SPD DR
================================================================================

 1  69  42  56   7   9   0 0.00  0.0    0  2.5 10 300   M    M   3 18     12 290
 2  68  43  56   7   9   0 0.00  0.0    0  1.5  6 290   M    M   4 18      8  60
 3  68  44  56   7   9   0 0.00  0.0    0  2.4  9 120   M    M   4 18     13 130
 4  77  45  61  12   4   0 0.00  0.0    0  3.1  9 130   M    M   6 18     11 140
 5  76  46  61  11   4   0 0.00  0.0    0  4.3 12  70   M    M   6        13  60
 6  74  54  64  14   1   0 0.14  0.0    0  7.1 20 240   M    M   9 1      26 240
 7  66  55  61  11   4   0 0.32  0.0    0  9.0 23  80   M    M  10 12     31  80
 8  73  56  65  15   0   0 0.01  0.0    0  9.9 20 130   M    M   8 12     27 180
 9  69  52  61  11   4   0 0.00  0.0    0  8.1 16 310   M    M   3        21 320
10  57  45  51   0  14   0 0.00  0.0    0  3.7 16 310   M    M   5 18     21 310
11  69  43  56   5   9   0 0.00  0.0    0  0.8  7 200   M    M   7 128    11  80
12  74  44  59   8   6   0 0.00  0.0    0  3.3  8 320   M    M   4 128    15 300
13  75  46  61  10   4   0 0.00  0.0    0  2.6  8 310   M    M   2 18     11 300
14  75  47  61   9   4   0 0.00  0.0    0  2.3  7  40   M    M   3 18     11 220
15  74  48  61   9   4   0 0.00  0.0    0  1.9  8 340   M    M   2 18     11 130
16  76  48  62  10   3   0 0.00  0.0    0  3.1  9 310   M    M   2 18     15 310
17  75  47  61   9   4   0 0.00  0.0    0  3.8 12 310   M    M   1 18     17 350
18  60  48  54   2  11   0 0.00  0.0    0  3.0 12 310   M    M   6 128    15 310
19  70  45  58   6   7   0 0.00  0.0    0  3.4 12 330   M    M   2 128    16 330
20  59  50  55   2  10   0 0.00  0.0    0  3.4  9 300   M    M  10 128    11 290
21  56  47  52  -1  13   0 0.00  0.0    0  1.5  7 160   M    M   8 18      9 140
22  54  43  49  -4  16   0 0.18  0.0    0  3.4  9 300   M    M   8 18     13 280
23  58  45  52  -1  13   0 0.46  0.0    0  5.4 12 320   M    M   7 1      15  50
24  63  38  51  -3  14   0 0.00  0.0    0  3.8  8 140   M    M   1 18     14  40
25  66  41  54   0  11   0 0.00  0.0    0  1.4 10 300   M    M   2        12 310
26  66  43  55   1  10   0 0.00  0.0    0  2.0  7 130   M    M   4 18     14 350
27  67  45  56   2   9   0 0.00  0.0    0  6.5 17 290   M    M   6 18     22 290
28  60  47  54   0  11   0 0.02    M    0  6.0 14 210   M    M   8        17 240
================================================================================
SM 1894 1297       217   0  1.13     0.0 109.2          M      141
================================================================================
AV 67.6 46.3                               3.9 FASTST   M    M   5    MAX(MPH)
                                 MISC ---->  # 23  80               # 31   80
================================================================================
NOTES:
# LAST OF SEVERAL OCCURRENCES

COLUMN 17 PEAK WIND IN M.P.H.

PRELIMINARY LOCAL CLIMATOLOGICAL DATA (WS FORM: F-6) , PAGE 2

                                          STATION:  FRESNO CA
                                          MONTH:    FEBRUARY
                                          YEAR:     2015
                                          LATITUDE:   36 46 N
                                          LONGITUDE: 119 43 W

[TEMPERATURE DATA]      [PRECIPITATION DATA]       SYMBOLS USED IN COLUMN 16

AVERAGE MONTHLY: 57.0   TOTAL FOR MONTH:   1.13    1 = FOG OR MIST
DPTR FM NORMAL:   5.5   DPTR FM NORMAL:   -0.90    2 = FOG REDUCING VISIBILITY
HIGHEST:    77 ON  4    GRTST 24HR  0.63 ON 22-23      TO 1/4 MILE OR LESS
LOWEST:     38 ON 24                               3 = THUNDER
                        SNOW, ICE PELLETS, HAIL    4 = ICE PELLETS
                        TOTAL MONTH:   0.0 INCH    5 = HAIL
                        GRTST 24HR     0.0         6 = FREEZING RAIN OR DRIZZLE
                        GRTST DEPTH:   0           7 = DUSTSTORM OR SANDSTORM:
                                                       VSBY 1/2 MILE OR LESS
                                                   8 = SMOKE OR HAZE
[NO. OF DAYS WITH]      [WEATHER - DAYS WITH]      9 = BLOWING SNOW
                                                   X = TORNADO
MAX 32 OR BELOW:   0    0.01 INCH OR MORE:   6
MAX 90 OR ABOVE:   0    0.10 INCH OR MORE:   4
MIN 32 OR BELOW:   0    0.50 INCH OR MORE:   0
MIN  0 OR BELOW:   0    1.00 INCH OR MORE:   0

[HDD (BASE 65) ]
TOTAL THIS MO.   217    CLEAR  (SCALE 0-3)  10
DPTR FM NORMAL  -160    PTCLDY (SCALE 4-7)  14
TOTAL FM JUL 1  1326    CLOUDY (SCALE 8-10)  4
DPTR FM NORMAL  -586

[CDD (BASE 65) ]
TOTAL THIS MO.     0
DPTR FM NORMAL     0    [PRESSURE DATA]
TOTAL FM JAN 1     0    HIGHEST SLP 30.37 ON 24
DPTR FM NORMAL     0    LOWEST  SLP 29.71 ON 27

[REMARKS]
#FINAL-02-15#
