000
CXUS52 KRAH 231345
CF6FAY
PRELIMINARY LOCAL CLIMATOLOGICAL DATA (WS FORM: F-6)

                                          STATION:   FAYETTEVILLE REGL AIRPORT NC
                                          MONTH:     SEPTEMBER
                                          YEAR:      2014
                                          LATITUDE:   35  0 N
                                          LONGITUDE:  78 53 W

  TEMPERATURE IN F:       :PCPN:    SNOW:  WIND      :SUNSHINE: SKY     :PK WND
================================================================================
1   2   3   4   5  6A  6B    7    8   9   10  11  12  13   14  15   16   17  18
                                     12Z  AVG MX 2MIN
DY MAX MIN AVG DEP HDD CDD  WTR  SNW DPTH SPD SPD DIR MIN PSBL S-S WX    SPD DR
================================================================================

 1  97  74  86   8   0  21 0.00    M    M  5.9 13 210   M    M   1        17 200
 2  98  75  87  10   0  22 0.47    M    M  6.8 28 290   M    M   2 13     35 290
 3  91  72  82   5   0  17 0.21    M    M  5.1 17 250   M    M   3 13     21 240
 4  94  72  83   6   0  18 0.05    M    M  4.6 16 160   M    M   3 1      22 140
 5  93  71  82   5   0  17 0.00    M    M  5.1 16 180   M    M   2 1      19 150
 6  90  71  81   4   0  16 0.02    M    M  4.7 13 180   M    M   4 12     18 170
 7  84  72  78   2   0  13 0.29    M    M  4.6 13  40   M    M   9 13     18  50
 8  76  70  73  -3   0   8 2.28    M    M  6.0 15  20   M    M  10 1      18  30
 9  78  69  74  -2   0   9 0.00    M    M  7.3 13 330   M    M  10 1      17 330
10  84  70  77   1   0  12 0.00    M    M  3.7 10  20   M    M   7        12  70
11  90  70  80   5   0  15 0.00    M    M  7.6 17 210   M    M   2 1      20 230
12  89  73  81   6   0  16 2.15    M    M  3.5 26 200   M    M   7 13     31 200
13  84  72  78   3   0  13 0.23    M    M  5.2 15 190   M    M  10 13     19 200
14  73  63  68  -6   0   3 0.03    M    M  6.3 15  40   M    M  10 1      22  40
15  77  66  72  -2   0   7 0.00    M    M  4.3  9  10   M    M   9        11  20
16  86  67  77   3   0  12 0.12    M    M  4.1 20 360   M    M   6 13     23  10
17  82  65  74   0   0   9 0.18    M    M  5.8 13  40   M    M   6 1      17  50
18  83  64  74   1   0   9 0.00    M    M  5.6 10  80   M    M   2 1      15  60
19  83  64  74   1   0   9 0.00    M    M  6.5 15  90   M    M   3        18  90
20  81  60  71  -2   0   6 0.00    M    M  9.9 20  20   M    M   0 1      24  10
21  88  67  78   6   0  13 0.00    M    M  9.6 16 250   M    M   1        22 250
22  82  65  74   2   0   9    T    M    M  6.8 13  30   M    M   5        17 350
================================================================================
SM 1883 1512         0 274  6.03    M    129.0          M      112
================================================================================
AV 85.6 68.7                               5.9 FASTST   M    M   5    MAX(MPH)
                                 MISC ---->  # 28 290               # 35  290
================================================================================
NOTES:
# LAST OF SEVERAL OCCURRENCES

COLUMN 17 PEAK WIND IN M.P.H.

PRELIMINARY LOCAL CLIMATOLOGICAL DATA (WS FORM: F-6) , PAGE 2

                                          STATION:  FAYETTEVILLE REGL AIRPORT NC
                                          MONTH:    SEPTEMBER
                                          YEAR:     2014
                                          LATITUDE:   35  0 N
                                          LONGITUDE:  78 53 W

[TEMPERATURE DATA]      [PRECIPITATION DATA]       SYMBOLS USED IN COLUMN 16

AVERAGE MONTHLY: 77.2   TOTAL FOR MONTH:   6.03    1 = FOG OR MIST
DPTR FM NORMAL:   2.1   DPTR FM NORMAL:    2.76    2 = FOG REDUCING VISIBILITY
HIGHEST:    98 ON  2    GRTST 24HR  2.33 ON  7- 8      TO 1/4 MILE OR LESS
LOWEST:     60 ON 20                               3 = THUNDER
                        SNOW, ICE PELLETS, HAIL    4 = ICE PELLETS
                        TOTAL MONTH:    M          5 = HAIL
                        GRTST 24HR    M  ON   M    6 = FREEZING RAIN OR DRIZZLE
                        GRTST DEPTH:  M  ON   M    7 = DUSTSTORM OR SANDSTORM:
                                                       VSBY 1/2 MILE OR LESS
                                                   8 = SMOKE OR HAZE
[NO. OF DAYS WITH]      [WEATHER - DAYS WITH]      9 = BLOWING SNOW
                                                   X = TORNADO
MAX 32 OR BELOW:   0    0.01 INCH OR MORE:  11
MAX 90 OR ABOVE:   7    0.10 INCH OR MORE:   8
MIN 32 OR BELOW:   0    0.50 INCH OR MORE:   2
MIN  0 OR BELOW:   0    1.00 INCH OR MORE:   2

[HDD (BASE 65) ]
TOTAL THIS MO.     0    CLEAR  (SCALE 0-3)   9
DPTR FM NORMAL     0    PTCLDY (SCALE 4-7)   7
TOTAL FM JUL 1     0    CLOUDY (SCALE 8-10)  6
DPTR FM NORMAL     0

[CDD (BASE 65) ]
TOTAL THIS MO.   274
DPTR FM NORMAL    53    [PRESSURE DATA]
TOTAL FM JAN 1  2015    HIGHEST SLP M ON M
DPTR FM NORMAL   154    LOWEST  SLP 29.78 ON 21

[REMARKS]
