800
CXUS52 KRAH 230845
CF6FAY
PRELIMINARY LOCAL CLIMATOLOGICAL DATA (WS FORM: F-6)

                                          STATION:   FAYETTEVILLE REGL AIRPORT NC
                                          MONTH:     APRIL
                                          YEAR:      2017
                                          LATITUDE:   35  0 N
                                          LONGITUDE:  78 53 W

  TEMPERATURE IN F:       :PCPN:    SNOW:  WIND      :SUNSHINE: SKY     :PK WND
================================================================================
1   2   3   4   5  6A  6B    7    8   9   10  11  12  13   14  15   16   17  18
                                     12Z  AVG MX 2MIN
DY MAX MIN AVG DEP HDD CDD  WTR  SNW DPTH SPD SPD DIR MIN PSBL S-S WX    SPD DR
================================================================================

 1  79  56  68   9   0   3 0.00    M    M  9.4 20 320   M    M   0        29 300
 2  71  50  61   2   4   0 0.00    M    M  7.6 15  70   M    M   1        19  50
 3  82  50  66   6   0   1 0.58    M    M 10.7 26 190   M    M   7 13     35 180
 4  85  63  74  14   0   9 0.00    M    M 12.3 22 220   M    M   3        30 210
 5  77  63  70  10   0   5 0.44    M    M  5.4 17 340   M    M   3 13     22 350
 6  71  53  62   2   3   0 0.07    M    M 17.9 38 230   M    M   5 13     51 220
 7  65  47  56  -5   9   0 0.00    M    M 14.4 26 270   M    M   2        36 310
 8  68  38  53  -8  12   0 0.00    M    M  5.7 17 350   M    M   0        24 360
 9  77  42  60  -1   5   0 0.00    M    M  6.6 14 170   M    M   0        19 170
10  79  47  63   2   2   0 0.00    M    M  6.9 16 240   M    M   0        20 210
11  83  53  68   6   0   3 0.00    M    M  7.6 16 230   M    M   0        20 230
12  83  56  70   8   0   5    T    M    M  6.0 16 260   M    M   0        19 240
13  83  55  69   7   0   4 0.00    M    M  6.0 14  30   M    M   2        18  40
14  83  51  67   5   0   2 0.00    M    M  4.6 14 150   M    M   2        17 150
15  85  57  71   8   0   6 0.00    M    M  8.2 17 220   M    M   3 12     24 230
16  85  60  73  10   0   8 0.00    M    M 11.3 20 210   M    M   0        26 220
17  87  62  75  12   0  10 0.02    M    M  9.8 20 350   M    M   3        26 350
18  72  64  68   5   0   3    T    M    M  6.1 15  60   M    M  10 1      18  50
19  78  60  69   5   0   4 0.00    M    M  5.3 12  40   M    M   7        14  30
20  86  62  74  10   0   9 0.00    M    M  6.1 15 250   M    M   4 12     19 220
21  91  68  80  16   0  15 0.00    M    M 11.1 18 210   M    M   0        24 230
22  91  63  77  13   0  12 0.08    M    M 11.9 24 230   M    M   1 13     32 250
================================================================================
SM 1761 1220        35  99  1.19    M    190.9          M       53
================================================================================
AV 80.1 55.5                               8.7 FASTST   M    M   2    MAX(MPH)
                                 MISC ---->  # 38 230               # 51  220
================================================================================
NOTES:
# LAST OF SEVERAL OCCURRENCES

COLUMN 17 PEAK WIND IN M.P.H.

PRELIMINARY LOCAL CLIMATOLOGICAL DATA (WS FORM: F-6) , PAGE 2

                                          STATION:  FAYETTEVILLE REGL AIRPORT NC
                                          MONTH:    APRIL
                                          YEAR:     2017
                                          LATITUDE:   35  0 N
                                          LONGITUDE:  78 53 W

[TEMPERATURE DATA]      [PRECIPITATION DATA]       SYMBOLS USED IN COLUMN 16

AVERAGE MONTHLY: 67.8   TOTAL FOR MONTH:   1.19    1 = FOG OR MIST
DPTR FM NORMAL:   6.0   DPTR FM NORMAL:   -1.06    2 = FOG REDUCING VISIBILITY
HIGHEST:    91 ON 22,21 GRTST 24HR  0.90 ON 31- 1      TO 1/4 MILE OR LESS
LOWEST:     38 ON  8                               3 = THUNDER
                        SNOW, ICE PELLETS, HAIL    4 = ICE PELLETS
                        TOTAL MONTH:    M          5 = HAIL
                        GRTST 24HR    M  ON   M    6 = FREEZING RAIN OR DRIZZLE
                        GRTST DEPTH:  M  ON   M    7 = DUSTSTORM OR SANDSTORM:
                                                       VSBY 1/2 MILE OR LESS
                                                   8 = SMOKE OR HAZE
[NO. OF DAYS WITH]      [WEATHER - DAYS WITH]      9 = BLOWING SNOW
                                                   X = TORNADO
MAX 32 OR BELOW:   0    0.01 INCH OR MORE:   5
MAX 90 OR ABOVE:   2    0.10 INCH OR MORE:   2
MIN 32 OR BELOW:   0    0.50 INCH OR MORE:   1
MIN  0 OR BELOW:   0    1.00 INCH OR MORE:   0

[HDD (BASE 65) ]
TOTAL THIS MO.    35    CLEAR  (SCALE 0-3)  16
DPTR FM NORMAL   -81    PTCLDY (SCALE 4-7)   5
TOTAL FM JUL 1  2006    CLOUDY (SCALE 8-10)  1
DPTR FM NORMAL  -679

[CDD (BASE 65) ]
TOTAL THIS MO.    99
DPTR FM NORMAL    58    [PRESSURE DATA]
TOTAL FM JAN 1   150    HIGHEST SLP M ON M
DPTR FM NORMAL    93    LOWEST  SLP 29.43 ON  6

[REMARKS]
