000
CXUS52 KFFC 261110
CF6FFC
PRELIMINARY LOCAL CLIMATOLOGICAL DATA (WS FORM: F-6)

                                          STATION:   PEACHTREE CITY
                                          MONTH:     FEBRUARY
                                          YEAR:      2015
                                          LATITUDE:   33 20 N
                                          LONGITUDE:  84 34 W

  TEMPERATURE IN F:       :PCPN:    SNOW:  WIND      :SUNSHINE: SKY     :PK WND
================================================================================
1   2   3   4   5  6A  6B    7    8   9   10  11  12  13   14  15   16   17  18
                                     12Z  AVG MX 2MIN
DY MAX MIN AVG DEP HDD CDD  WTR  SNW DPTH SPD SPD DIR MIN PSBL S-S WX    SPD DR
================================================================================

 1  57  34  46   2  19   0 0.34  0.0    M  5.6 15 170   M    M   5 1      24 200
 2  59  29  44  -1  21   0 0.44  0.0    M 12.0 26 320   M    M   6 1      37 290
 3  51  26  39  -6  26   0 0.00  0.0    M  3.0 14 340   M    M   0        18 320
 4  51  29  40  -5  25   0 0.00    M    M  1.4  8 140   M    M   2        11 150
 5  52  31  42  -3  23   0 0.00    M    M 10.2 22 320   M    M   2        31 320
 6  55  19  37  -8  28   0 0.00    M    M  1.6  8 280   M    M   0        11 130
 7  65  24  45   0  20   0 0.00    M    M  2.6 13 250   M    M   0        18 220
 8  68  29  49   4  16   0 0.00  0.0    M  3.2 14 250   M    M   3 1      20 220
 9  66  47  57  11   8   0 0.67  0.0    M  7.0 21 310   M    M   7 138    26 330
10  56  35  46   0  19   0 0.00    M    M 10.7 23 320   M    M   5 8      31 320
11  64  28  46   0  19   0 0.00  0.0    M  1.5  9 290   M    M   0 1      12 310
12  51  28  40  -6  25   0 0.00    M    M 12.7 28 320   M    M   0 8      36 320
13  46  26  36 -10  29   0 0.00    M    M  5.2 18 320   M    M   0        23 320
14  62  22  42  -5  23   0 0.00  0.0    0  6.8 21 310   M    M   1        27 310
15  51  24  38  -9  27   0 0.00  0.0    0 10.5 25 310   M    M   2        34 310
16  48  33  41  -6  24   0 1.05  0.0    0  7.7 30 330   M    M   9 1      38 340
17  39  30  35 -12  30   0 0.08  0.0    0 11.1 21 320   M    M   4 1      27 330
18  41  22  32 -15  33   0 0.00  0.0    M 12.6 26 330   M    M   2 18     38 310
19  29  17  23 -25  42   0 0.00  0.0    M 12.1 24 310   M    M   0        34 310
20  34  17  26 -22  39   0    T    T    M  5.9 12 120   M    M   9        16 120
21  59  32  46  -2  19   0 0.03    M    M  6.8 15 150   M    M   8        22 160
22  59  47  53   5  12   0 0.67  0.0    M  3.4 13 350   M    M  10 12     15 350
23  51  37  44  -4  21   0 0.61  0.0    M 10.8 21 320   M    M   7 18     25 320
24  39  32  36 -13  29   0 0.09    M    M  4.0 10 340   M    M   9 12     14 320
25  37  31  34 -15  31   0 0.81  0.0    M  3.8 10 350   M    M   7 12     14 360
================================================================================
SM 1290  729       608   0  4.79    T    172.2          M       98
================================================================================
AV 51.6 29.2                               6.9 FASTST   M    M   4    MAX(MPH)
                                 MISC ---->  # 30 330               # 38  340
================================================================================
NOTES:
# LAST OF SEVERAL OCCURRENCES

COLUMN 17 PEAK WIND IN M.P.H.

PRELIMINARY LOCAL CLIMATOLOGICAL DATA (WS FORM: F-6) , PAGE 2

                                          STATION:  PEACHTREE CITY
                                          MONTH:    FEBRUARY
                                          YEAR:     2015
                                          LATITUDE:   33 20 N
                                          LONGITUDE:  84 34 W

[TEMPERATURE DATA]      [PRECIPITATION DATA]       SYMBOLS USED IN COLUMN 16

AVERAGE MONTHLY: 40.4   TOTAL FOR MONTH:   4.79    1 = FOG OR MIST
DPTR FM NORMAL:  -6.1   DPTR FM NORMAL:    0.42    2 = FOG REDUCING VISIBILITY
HIGHEST:    68 ON  8    GRTST 24HR  1.16 ON 22-23      TO 1/4 MILE OR LESS
LOWEST:     17 ON 20,19                            3 = THUNDER
                        SNOW, ICE PELLETS, HAIL    4 = ICE PELLETS
                        TOTAL MONTH:    T          5 = HAIL
                        GRTST 24HR    T  ON 20-20  6 = FREEZING RAIN OR DRIZZLE
                        GRTST DEPTH:   0           7 = DUSTSTORM OR SANDSTORM:
                                                       VSBY 1/2 MILE OR LESS
                                                   8 = SMOKE OR HAZE
[NO. OF DAYS WITH]      [WEATHER - DAYS WITH]      9 = BLOWING SNOW
                                                   X = TORNADO
MAX 32 OR BELOW:   1    0.01 INCH OR MORE:  10
MAX 90 OR ABOVE:   0    0.10 INCH OR MORE:   7
MIN 32 OR BELOW:  19    0.50 INCH OR MORE:   5
MIN  0 OR BELOW:   0    1.00 INCH OR MORE:   1

[HDD (BASE 65) ]
TOTAL THIS MO.   608    CLEAR  (SCALE 0-3)  13
DPTR FM NORMAL   142    PTCLDY (SCALE 4-7)   8
TOTAL FM JUL 1  2446    CLOUDY (SCALE 8-10)  4
DPTR FM NORMAL   111

[CDD (BASE 65) ]
TOTAL THIS MO.     0
DPTR FM NORMAL     0    [PRESSURE DATA]
TOTAL FM JAN 1     0    HIGHEST SLP M ON M
DPTR FM NORMAL     0    LOWEST  SLP 29.65 ON  2

[REMARKS]
