980
CXUS53 KLMK 280800
CF6FFT
PRELIMINARY LOCAL CLIMATOLOGICAL DATA (WS FORM: F-6)

                                          STATION:   FRANKFORT KY
                                          MONTH:     MAY
                                          YEAR:      2016
                                          LATITUDE:   38 10 N
                                          LONGITUDE:  84 54 W

  TEMPERATURE IN F:       :PCPN:    SNOW:  WIND      :SUNSHINE: SKY     :PK WND
================================================================================
1   2   3   4   5  6A  6B    7    8   9   10  11  12  13   14  15   16   17  18
                                     12Z  AVG MX 2MIN
DY MAX MIN AVG DEP HDD CDD  WTR  SNW DPTH SPD SPD DIR MIN PSBL S-S WX    SPD DR
================================================================================

 1  81  62  72  12   0   7 0.04    M    M  5.3 21 220   M    M   6 3      27 230
 2  69  57  63   3   2   0 0.00    M    M  5.3 14 220   M    M   5        18 230
 3  63  53  58  -2   7   0 0.00    M    M  5.0 13 330   M    M  10        18 270
 4  60  45  53  -8  12   0 0.22    M    M  7.7 18 300   M    M   7 18     28 300
 5  57  43  50 -11  15   0 0.04    M    M  6.1 17 330   M    M   9        24 330
 6  72  47  60  -1   5   0 0.00    M    M  5.4 16 310   M    M   3        25 320
 7  81  48  65   4   0   0 0.40    M    M  7.0 20 260   M    M   6 13     31 270
 8  68  52  60  -2   5   0 0.03    M    M  2.9 14 340   M    M   6        17 340
 9  74  56  65   3   0   0 0.01    M    M  3.0 12 100   M    M   5        14 100
10  78  61  70   8   0   5 1.23    M    M  8.1 22 340   M    M   7 138    34 340
11  84  56  70   8   0   5 0.22    M    M  4.9 26 300   M    M   4 123    40 290
12  79  60  70   7   0   5 0.27    M    M  6.2 17 190   M    M   7 13     22 300
13  70  53  62  -1   3   0 0.00    M    M  6.4 14 320   M    M   2        21 240
14  59  46  53 -10  12   0 0.04    M    M  8.6 21 300   M    M   8 1      29 290
15  63  40  52 -12  13   0 0.00    M    M  7.9 17 310   M    M   4        25 280
16  61  36  49 -15  16   0 0.04    M    M  4.0 14 100   M    M   5        17 100
17  54  48  51 -13  14   0 0.63    M    M  7.4 13  70   M    M  10 1      18  60
18  67  50  59  -5   6   0 0.08    M    M  5.5 15  70   M    M  10 1      20  40
19  72  44  58  -7   7   0 0.00    M    M  4.7 14  70   M    M   2        19 100
20  65  51  58  -7   7   0 0.98    M    M  4.2 16  80   M    M   6 1      20  80
21  66  51  59  -6   6   0 0.10    M    M  3.6 12 350   M    M   9 1      18 230
22  79  46  63  -3   2   0 0.00    M    M  5.5 20 330   M    M   2 128    25 330
23  77  46  62  -4   3   0 0.00    M    M  3.0 14 120   M    M   0        20  60
24  82  49  66   0   0   1 0.00    M    M  2.9 10 220   M    M   0        14 220
25  83  61  72   6   0   7 0.00    M    M  7.9 18 220   M    M   5        24 220
26  83  63  73   6   0   8 0.16    M    M  7.2 18 200   M    M   5 3      23 290
27  86  62  74   7   0   9 0.00    M    M  6.0 15 220   M    M   2 1      20 230
================================================================================
SM 1933 1386       135  47  4.49    M    151.7          M      145
================================================================================
AV 71.6 51.3                               5.6 FASTST   M    M   5    MAX(MPH)
                                 MISC ---->  # 26 300               # 40  290
================================================================================
NOTES:
# LAST OF SEVERAL OCCURRENCES

COLUMN 17 PEAK WIND IN M.P.H.

PRELIMINARY LOCAL CLIMATOLOGICAL DATA (WS FORM: F-6) , PAGE 2

                                          STATION:  FRANKFORT KY
                                          MONTH:    MAY
                                          YEAR:     2016
                                          LATITUDE:   38 10 N
                                          LONGITUDE:  84 54 W

[TEMPERATURE DATA]      [PRECIPITATION DATA]       SYMBOLS USED IN COLUMN 16

AVERAGE MONTHLY: 61.5   TOTAL FOR MONTH:   4.49    1 = FOG OR MIST
DPTR FM NORMAL:  -1.9   DPTR FM NORMAL:    0.22    2 = FOG REDUCING VISIBILITY
HIGHEST:    86 ON 27    GRTST 24HR  1.23 ON 10-10      TO 1/4 MILE OR LESS
LOWEST:     36 ON 16                               3 = THUNDER
                        SNOW, ICE PELLETS, HAIL    4 = ICE PELLETS
                        TOTAL MONTH:    M          5 = HAIL
                        GRTST 24HR    M  ON   M    6 = FREEZING RAIN OR DRIZZLE
                        GRTST DEPTH:  M  ON   M    7 = DUSTSTORM OR SANDSTORM:
                                                       VSBY 1/2 MILE OR LESS
                                                   8 = SMOKE OR HAZE
[NO. OF DAYS WITH]      [WEATHER - DAYS WITH]      9 = BLOWING SNOW
                                                   X = TORNADO
MAX 32 OR BELOW:   0    0.01 INCH OR MORE:  16
MAX 90 OR ABOVE:   0    0.10 INCH OR MORE:   9
MIN 32 OR BELOW:   0    0.50 INCH OR MORE:   3
MIN  0 OR BELOW:   0    1.00 INCH OR MORE:   1

[HDD (BASE 65) ]
TOTAL THIS MO.   135    CLEAR  (SCALE 0-3)   7
DPTR FM NORMAL    29    PTCLDY (SCALE 4-7)  15
TOTAL FM JUL 1  3873    CLOUDY (SCALE 8-10)  5
DPTR FM NORMAL  -811

[CDD (BASE 65) ]
TOTAL THIS MO.    47
DPTR FM NORMAL   -15    [PRESSURE DATA]
TOTAL FM JAN 1    73    HIGHEST SLP M ON M
DPTR FM NORMAL    -9    LOWEST  SLP 29.66 ON  4

[REMARKS]
