000
CXUS53 KLMK 290800
CF6FFT
PRELIMINARY LOCAL CLIMATOLOGICAL DATA (WS FORM: F-6)

                                          STATION:   FRANKFORT KY
                                          MONTH:     SEPTEMBER
                                          YEAR:      2016
                                          LATITUDE:   38 10 N
                                          LONGITUDE:  84 54 W

  TEMPERATURE IN F:       :PCPN:    SNOW:  WIND      :SUNSHINE: SKY     :PK WND
================================================================================
1   2   3   4   5  6A  6B    7    8   9   10  11  12  13   14  15   16   17  18
                                     12Z  AVG MX 2MIN
DY MAX MIN AVG DEP HDD CDD  WTR  SNW DPTH SPD SPD DIR MIN PSBL S-S WX    SPD DR
================================================================================

 1  82  66  74   1   0   9 0.00    M    M  6.4 15  40   M    M   4 18     19  50
 2  82  61  72  -1   0   7 0.00    M    M  8.5 18  70   M    M   0        27  30
 3  83  59  71  -1   0   6 0.00    M    M  5.3 14  80   M    M   0        19  80
 4  88  54  71  -1   0   6 0.00    M    M  2.7  8  90   M    M   0        12  90
 5  90  61  76   4   0  11 0.00    M    M  2.4 12 230   M    M   1        14 230
 6  92  64  78   7   0  13 0.00    M    M  3.6 12 250   M    M   1        16 230
 7  93  67  80   9   0  15 0.00    M    M  5.3 14 220   M    M   1        19 230
 8  92  69  81  10   0  16 0.00    M    M  8.4 20 220   M    M   1        27 220
 9  87  72  80  10   0  15 0.02    M    M  5.9 15 220   M    M   4        20 230
10  91  67  79   9   0  14 0.40    M    M  8.6 26 290   M    M   3 13     40 320
11  80  56  68  -2   0   3 0.00    M    M  2.2 10  40   M    M   1        13  30
12  85  53  69   0   0   4 0.00    M    M  2.6 10  80   M    M   0        24 210
13  87  55  71   2   0   6 0.00    M    M  2.3 10 250   M    M   0        13 280
14  90  58  74   6   0   9 0.00    M    M  2.1  9 330   M    M   0        13 240
15  87  69  78  10   0  13 0.00    M    M  4.6  9 360   M    M   4 18     12 360
16  91  66  79  11   0  14 0.00    M    M  4.2 16 170   M    M   1 18     24 320
17  81  70  76   9   0  11 0.50    M    M  8.6 21 210   M    M   7 1      28 210
18  86  70  78  11   0  13 0.00    M    M  2.6  8  80   M    M   7 1      11  50
19  87  63  75   9   0  10 0.00    M    M  2.7  9 320   M    M   0        13 330
20  90  58  74   8   0   9 0.00    M    M  2.0 10  30   M    M   0        15  80
21  91  58  75   9   0  10 0.00    M    M  3.0 13  40   M    M   0        17  40
22  91  59  75  10   0  10 0.00    M    0  1.3  8 170   M    M   0        11 180
23  91  62  77  12   0  12 0.00    M    M  1.6  8  10   M    M   1        11 330
24  91  63  77  13   0  12 0.00    M    M  2.8  9 310   M    M   0        12 340
25  91  66  79  15   0  14 0.00    M    M  1.9  8 340   M    M   1        11 360
26  71  53  62  -1   3   0 0.20    M    M  4.4 21 320   M    M   3 18     28 320
27  76  49  63   0   2   0 0.00    M    M  5.2 16 230   M    M   0 1      20 230
28  75  53  64   1   1   0 0.55    M    M  6.1 18 190   M    M   6 13     23 170
================================================================================
SM 2421 1721         6 262  1.67    M    117.3          M       46
================================================================================
AV 86.5 61.5                               4.2 FASTST   M    M   2    MAX(MPH)
                                 MISC ---->  # 26 290               # 40  320
================================================================================
NOTES:
# LAST OF SEVERAL OCCURRENCES

COLUMN 17 PEAK WIND IN M.P.H.

PRELIMINARY LOCAL CLIMATOLOGICAL DATA (WS FORM: F-6) , PAGE 2

                                          STATION:  FRANKFORT KY
                                          MONTH:    SEPTEMBER
                                          YEAR:     2016
                                          LATITUDE:   38 10 N
                                          LONGITUDE:  84 54 W

[TEMPERATURE DATA]      [PRECIPITATION DATA]       SYMBOLS USED IN COLUMN 16

AVERAGE MONTHLY: 74.0   TOTAL FOR MONTH:   1.67    1 = FOG OR MIST
DPTR FM NORMAL:   5.9   DPTR FM NORMAL:   -1.41    2 = FOG REDUCING VISIBILITY
HIGHEST:    93 ON  7    GRTST 24HR  0.55 ON 28-28      TO 1/4 MILE OR LESS
LOWEST:     49 ON 27                               3 = THUNDER
                        SNOW, ICE PELLETS, HAIL    4 = ICE PELLETS
                        TOTAL MONTH:    M          5 = HAIL
                        GRTST 24HR    M  ON   M    6 = FREEZING RAIN OR DRIZZLE
                        GRTST DEPTH:   0           7 = DUSTSTORM OR SANDSTORM:
                                                       VSBY 1/2 MILE OR LESS
                                                   8 = SMOKE OR HAZE
[NO. OF DAYS WITH]      [WEATHER - DAYS WITH]      9 = BLOWING SNOW
                                                   X = TORNADO
MAX 32 OR BELOW:   0    0.01 INCH OR MORE:   5
MAX 90 OR ABOVE:  13    0.10 INCH OR MORE:   4
MIN 32 OR BELOW:   0    0.50 INCH OR MORE:   2
MIN  0 OR BELOW:   0    1.00 INCH OR MORE:   0

[HDD (BASE 65) ]
TOTAL THIS MO.     6    CLEAR  (SCALE 0-3)  21
DPTR FM NORMAL   -36    PTCLDY (SCALE 4-7)   7
TOTAL FM JUL 1     6    CLOUDY (SCALE 8-10)  0
DPTR FM NORMAL   -37

[CDD (BASE 65) ]
TOTAL THIS MO.   262
DPTR FM NORMAL   134    [PRESSURE DATA]
TOTAL FM JAN 1  1553    HIGHEST SLP M ON M
DPTR FM NORMAL   423    LOWEST  SLP 29.80 ON 28

[REMARKS]
