000
CXUS53 KARX 210930
CF6FKA
PRELIMINARY LOCAL CLIMATOLOGICAL DATA (WS FORM: F-6)

                                          STATION:   PRESTON MN
                                          MONTH:     JANUARY
                                          YEAR:      2017
                                          LATITUDE:   43 40 N
                                          LONGITUDE:  92 11 W

  TEMPERATURE IN F:       :PCPN:    SNOW:  WIND      :SUNSHINE: SKY     :PK WND
================================================================================
1   2   3   4   5  6A  6B    7    8   9   10  11  12  13   14  15   16   17  18
                                     12Z  AVG MX 2MIN
DY MAX MIN AVG DEP HDD CDD  WTR  SNW DPTH SPD SPD DIR MIN PSBL S-S WX    SPD DR
================================================================================

 1  29  17  23   M  42   0 0.00  0.0    4  8.2 16 210   M    M   3        21 210
 2  32  27  30   M  35   0 0.12  0.1    4  7.7 15 110   M    M   9 1      16  90
 3  32   1  17   M  48   0    M    M    4 13.0 21 300   M    M   6 1      27 300
 4   1  -6  -2   M  67   0 0.00  0.0    4 15.8 21 310   M    M   1        25 310
 5  -1  -8  -4   M  69   0    T    T    4 10.4 14 310   M    M   3 8      17 310
 6   0 -14  -7   M  72   0 0.00  0.0    4  7.9 12 310   M    M   1         M  M
 7   7  -5   1   M  64   0 0.00  0.0    4  9.9 15 320   M    M   0        18 320
 8  16 -11   3   M  62   0 0.00  0.0    4 10.3 18 190   M    M   4        23 190
 9  27  15  21   M  44   0    M    M    4 10.3 17 150   M    M   9        29 140
10  32   7  20   M  45   0    M    M    4 15.2 30 290   M    M   8 18     37 290
11  13   6  10   M  55   0    M    M    M  9.1 18 360   M    M   7        24 360
12  14  -2   6   M  59   0 0.00  0.0    M 11.3 18 300   M    M   5        23 310
13  10  -5   3   M  62   0 0.00  0.0    M  4.5  9 340   M    M   7         M  M
14  22   8  15   M  50   0 0.00  0.0    M  5.2  8 260   M    M   1         M  M
15  25   1  13   M  52   0 0.00  0.0    M  4.4  8 170   M    M   0 1       M  M
16  31  18  25   M  40   0    M  0.0    M  5.1 10 170   M    M   8 16      M  M
17  32  30  31   M  34   0 0.01    M    M  6.5 13 320   M    M  10 1       M  M
18  33  25  29   M  36   0 0.00  0.0    M 15.0 20 190   M    M   9 1      23 190
19  35  29  32   M  33   0 0.17  0.0    0  8.4 17 200   M    M   8 12     21 200
20  35  32  34   M  31   0 0.02  0.0    0  5.2  8 140   M    M  10 12      M  M
================================================================================
SM  425  165      1000   0  0.32     0.1 183.4          M      109
================================================================================
AV 21.3  8.3                               9.2 FASTST   M    M   5    MAX(MPH)
                                 MISC ---->    30   M                 37    M
================================================================================
NOTES:
# LAST OF SEVERAL OCCURRENCES

COLUMN 17 PEAK WIND IN M.P.H.

PRELIMINARY LOCAL CLIMATOLOGICAL DATA (WS FORM: F-6) , PAGE 2

                                          STATION:  PRESTON MN
                                          MONTH:    JANUARY
                                          YEAR:     2017
                                          LATITUDE:   43 40 N
                                          LONGITUDE:  92 11 W

[TEMPERATURE DATA]      [PRECIPITATION DATA]       SYMBOLS USED IN COLUMN 16

AVERAGE MONTHLY: 14.8   TOTAL FOR MONTH:   0.32    1 = FOG OR MIST
DPTR FM NORMAL:     M   DPTR FM NORMAL:       M    2 = FOG REDUCING VISIBILITY
HIGHEST:    35 ON 20,19 GRTST 24HR  0.17 ON 19-19      TO 1/4 MILE OR LESS
LOWEST:    -14 ON  6                               3 = THUNDER
                        SNOW, ICE PELLETS, HAIL    4 = ICE PELLETS
                        TOTAL MONTH:   0.1 INCH    5 = HAIL
                        GRTST 24HR   0.1 ON   M    6 = FREEZING RAIN OR DRIZZLE
                        GRTST DEPTH:   4 ON 10, 9  7 = DUSTSTORM OR SANDSTORM:
                                                       VSBY 1/2 MILE OR LESS
                                                   8 = SMOKE OR HAZE
[NO. OF DAYS WITH]      [WEATHER - DAYS WITH]      9 = BLOWING SNOW
                                                   X = TORNADO
MAX 32 OR BELOW:  17    0.01 INCH OR MORE:   4
MAX 90 OR ABOVE:   0    0.10 INCH OR MORE:   2
MIN 32 OR BELOW:  20    0.50 INCH OR MORE:   0
MIN  0 OR BELOW:   7    1.00 INCH OR MORE:   0

[HDD (BASE 65) ]
TOTAL THIS MO.  1000    CLEAR  (SCALE 0-3)   7
DPTR FM NORMAL     M    PTCLDY (SCALE 4-7)   6
TOTAL FM JUL 1  3496    CLOUDY (SCALE 8-10)  7
DPTR FM NORMAL     M

[CDD (BASE 65) ]
TOTAL THIS MO.     0
DPTR FM NORMAL     M    [PRESSURE DATA]
TOTAL FM JAN 1     0    HIGHEST SLP M ON M
DPTR FM NORMAL     M    LOWEST  SLP M ON M

[REMARKS]
