000
CXUS56 KFGZ 280900
CF6FLG
PRELIMINARY LOCAL CLIMATOLOGICAL DATA (WS FORM: F-6)

                                          STATION:   FLAGSTAFF AZ AIRPORT
                                          MONTH:     FEBRUARY
                                          YEAR:      2015
                                          LATITUDE:   35  7 N
                                          LONGITUDE: 111 40 W

  TEMPERATURE IN F:       :PCPN:    SNOW:  WIND      :SUNSHINE: SKY     :PK WND
================================================================================
1   2   3   4   5  6A  6B    7    8   9   10  11  12  13   14  15   16   17  18
                                     12Z  AVG MX 2MIN
DY MAX MIN AVG DEP HDD CDD  WTR  SNW DPTH SPD SPD DIR MIN PSBL S-S WX    SPD DR
================================================================================

 1  52  26  39   8  26   0 0.00  0.0    0  5.4 21  70   M    M   0        25  60
 2  59  22  41  10  24   0 0.00  0.0    0  3.3 17 360   M    M   0        29 320
 3  60  25  43  12  22   0 0.00  0.0    0  3.5 15 260   M    M   0        24 330
 4  61  28  45  14  20   0 0.00  0.0    0  3.9 15 330   M    M   0        24 300
 5  64  20  42  11  23   0 0.00  0.0    0  2.7 16 210   M    M   0        19 220
 6  61  22  42  11  23   0 0.00  0.0    0  4.6 18 220   M    M   0        24 210
 7  61  23  42  11  23   0 0.00  0.0    0  5.9 21 230   M    M   0        25 230
 8  63  30  47  16  18   0 0.00  0.0    0  3.8 16 210   M    M   1        21 210
 9  64  27  46  15  19   0 0.00  0.0    0  5.4 20 220   M    M   0        22 220
10  61  25  43  12  22   0 0.00  0.0    0  4.7 17 220   M    M   0        23 220
11  50  22  36   5  29   0 0.00  0.0    0 12.4 33  40   M    M   0        44  40
12  54  27  41   9  24   0 0.00  0.0    0  8.5 20  70   M    M   0        26  70
13  60  26  43  11  22   0 0.00  0.0    0  6.5 20  60   M    M   0        27 100
14  66  24  45  13  20   0 0.00  0.0    0  2.7 15 220   M    M   0        19 220
15  61  30  46  14  19   0 0.00  0.0    0  6.0 20 230   M    M   0        28 230
16  58  19  39   7  26   0 0.00  0.0    0  7.3 25 250   M    M   0        36 260
17  57  21  39   7  26   0 0.00  0.0    0  5.6 15  60   M    M   0        19  80
18  64  21  43  11  22   0 0.00  0.0    0  3.5 15  90   M    M   0        20  80
19  64  25  45  13  20   0 0.00  0.0    0  6.1 20 220   M    M   0        24 220
20  58  26  42   9  23   0 0.00  0.0    0  7.4 23 230   M    M   0        30 220
21  55  24  40   7  25   0 0.00  0.0    0 10.3 30 220   M    M   0        40 220
22  49  29  39   6  26   0 0.27  1.1    0 16.9 35 220   M    M   5 1      51 210
23  36  30  33   0  32   0 1.30  6.5    4  8.6 26 210   M    M  10 12     35 200
24  38  18  28  -5  37   0 0.07  1.0    5  2.1 10 230   M    M   6 1      15 290
25  49  13  31  -3  34   0 0.00  0.0    5  3.7 13 310   M    M   0        22 290
26  44  23  34   0  31   0    T    T    4  6.4 26 230   M    M   5 8      36 210
27  40  20  30  -4  35   0    T    T    3  7.4 23 220   M    M   8        31 210
================================================================================
SM 1509  646       671   0  1.64     8.6 164.6          M       35
================================================================================
AV 55.9 23.9                               6.1 FASTST   M    M   1    MAX(MPH)
                                 MISC ---->  # 35 220                 51    M
================================================================================
NOTES:
# LAST OF SEVERAL OCCURRENCES

COLUMN 17 PEAK WIND IN M.P.H.

PRELIMINARY LOCAL CLIMATOLOGICAL DATA (WS FORM: F-6) , PAGE 2

                                          STATION:  FLAGSTAFF AZ AIRPORT
                                          MONTH:    FEBRUARY
                                          YEAR:     2015
                                          LATITUDE:   35  7 N
                                          LONGITUDE: 111 40 W

[TEMPERATURE DATA]      [PRECIPITATION DATA]       SYMBOLS USED IN COLUMN 16

AVERAGE MONTHLY: 39.9   TOTAL FOR MONTH:   1.64    1 = FOG OR MIST
DPTR FM NORMAL:   7.9   DPTR FM NORMAL:   -0.44    2 = FOG REDUCING VISIBILITY
HIGHEST:    66 ON 14    GRTST 24HR  1.30 ON 23-23      TO 1/4 MILE OR LESS
LOWEST:     13 ON 25                               3 = THUNDER
                        SNOW, ICE PELLETS, HAIL    4 = ICE PELLETS
                        TOTAL MONTH:   8.6 INCHES  5 = HAIL
                        GRTST 24HR   6.5 ON 23-23  6 = FREEZING RAIN OR DRIZZLE
                        GRTST DEPTH:   5 ON 25,24  7 = DUSTSTORM OR SANDSTORM:
                                                       VSBY 1/2 MILE OR LESS
                                                   8 = SMOKE OR HAZE
[NO. OF DAYS WITH]      [WEATHER - DAYS WITH]      9 = BLOWING SNOW
                                                   X = TORNADO
MAX 32 OR BELOW:   0    0.01 INCH OR MORE:   3
MAX 90 OR ABOVE:   0    0.10 INCH OR MORE:   2
MIN 32 OR BELOW:  27    0.50 INCH OR MORE:   1
MIN  0 OR BELOW:   0    1.00 INCH OR MORE:   1

[HDD (BASE 65) ]
TOTAL THIS MO.   671    CLEAR  (SCALE 0-3)  22
DPTR FM NORMAL  -219    PTCLDY (SCALE 4-7)   4
TOTAL FM JUL 1  4020    CLOUDY (SCALE 8-10)  1
DPTR FM NORMAL  -786

[CDD (BASE 65) ]
TOTAL THIS MO.     0
DPTR FM NORMAL     0    [PRESSURE DATA]
TOTAL FM JAN 1     0    HIGHEST SLP M ON M
DPTR FM NORMAL     0    LOWEST  SLP 29.61 ON 27

[REMARKS]
