000
CXUS52 KMFL 251000
CF6FLL
PRELIMINARY LOCAL CLIMATOLOGICAL DATA (WS FORM: F-6)

                                          STATION:   FORT LAUDERDALE
                                          MONTH:     MARCH
                                          YEAR:      2017
                                          LATITUDE:   26  4 N
                                          LONGITUDE:  80  9 W

  TEMPERATURE IN F:       :PCPN:    SNOW:  WIND      :SUNSHINE: SKY     :PK WND
================================================================================
1   2   3   4   5  6A  6B    7    8   9   10  11  12  13   14  15   16   17  18
                                     12Z  AVG MX 2MIN
DY MAX MIN AVG DEP HDD CDD  WTR  SNW DPTH SPD SPD DIR MIN PSBL S-S WX    SPD DR
================================================================================

 1  83  74  79   7   0  14 0.00  0.0    0 11.5 20 130   M    M   3        24 140
 2  86  70  78   6   0  13 0.00  0.0    0  6.5 17 170   M    M   5        22 170
 3  79  68  74   2   0   9    T  0.0    0 12.8 23  50   M    M   7        31  50
 4  77  70  74   2   0   9 0.00  0.0    0 17.7 26  80   M    M   7        34  80
 5  75  68  72   0   0   7    T  0.0    0 21.2 30  90   M    M   6        40  90
 6  77  67  72   0   0   7 0.04  0.0    0 21.1 29 100   M    M   8        36 100
 7  79  69  74   2   0   9 0.01  0.0    0 18.7 23 110   M    M   7        33 110
 8  79  68  74   2   0   9 0.04  0.0    0 11.7 18 120   M    M   2        24 130
 9  80  66  73   1   0   8 0.00  0.0    0  8.8 14 100   M    M   4        18 110
10  84  65  75   3   0  10 0.00  0.0    0  6.4 13 140   M    M   4        16 140
11  83  65  74   2   0   9 0.00  0.0    0  9.8 20  90   M    M   3        24  90
12  83  69  76   4   0  11 0.05  0.0    0  8.4 20 140   M    M   6        26 150
13  83  67  75   3   0  10 0.00  0.0    0 10.2 22 160   M    M   6        27 160
14  78  60  69  -4   0   4 0.55  0.0    0 11.8 24 290   M    M   9 13     33 300
15  69  56  63 -10   2   0 0.00  0.0    0 10.0 20 340   M    M   6        27 330
16  71  51  61 -12   4   0 0.00  0.0    0  9.5 17  90   M    M   5        21  70
17  74  55  65  -8   0   0 0.00  0.0    0  9.6 21  90   M    M   5        26 100
18  78  61  70  -3   0   5 0.00  0.0    0  7.2 14 110   M    M   4        19  40
19  84  57  71  -2   0   6 0.00  0.0    0  8.6 18 280   M    M   2        23  30
20  76  61  69  -4   0   4 0.00  0.0    0  9.5 17  80   M    M   3        23  90
21  77  60  69  -4   0   4 0.00  0.0    0  7.1 15  90   M    M   2        20 130
22  83  61  72  -1   0   7 0.00  0.0    0  6.2 13 130   M    M   0        17 130
23  82  64  73  -1   0   8 0.45  0.0    0 11.0 26  80   M    M   5 13     35  70
24  79  70  75   1   0  10    T  0.0    0 19.0 26  90   M    M   6        33  80
================================================================================
SM 1899 1542         6 173  1.14     0.0 274.3          M      115
================================================================================
AV 79.1 64.3                              11.4 FASTST   M    M   5    MAX(MPH)
                                 MISC ---->  # 30  90               # 40   90
================================================================================
NOTES:
# LAST OF SEVERAL OCCURRENCES

COLUMN 17 PEAK WIND IN M.P.H.

PRELIMINARY LOCAL CLIMATOLOGICAL DATA (WS FORM: F-6) , PAGE 2

                                          STATION:  FORT LAUDERDALE
                                          MONTH:    MARCH
                                          YEAR:     2017
                                          LATITUDE:   26  4 N
                                          LONGITUDE:  80  9 W

[TEMPERATURE DATA]      [PRECIPITATION DATA]       SYMBOLS USED IN COLUMN 16

AVERAGE MONTHLY: 71.7   TOTAL FOR MONTH:   1.14    1 = FOG OR MIST
DPTR FM NORMAL:  -0.9   DPTR FM NORMAL:   -1.38    2 = FOG REDUCING VISIBILITY
HIGHEST:    86 ON  2    GRTST 24HR  0.55 ON 14-14      TO 1/4 MILE OR LESS
LOWEST:     51 ON 16                               3 = THUNDER
                        SNOW, ICE PELLETS, HAIL    4 = ICE PELLETS
                        TOTAL MONTH:   0.0 INCH    5 = HAIL
                        GRTST 24HR     0.0         6 = FREEZING RAIN OR DRIZZLE
                        GRTST DEPTH:   0           7 = DUSTSTORM OR SANDSTORM:
                                                       VSBY 1/2 MILE OR LESS
                                                   8 = SMOKE OR HAZE
[NO. OF DAYS WITH]      [WEATHER - DAYS WITH]      9 = BLOWING SNOW
                                                   X = TORNADO
MAX 32 OR BELOW:   0    0.01 INCH OR MORE:   6
MAX 90 OR ABOVE:   0    0.10 INCH OR MORE:   2
MIN 32 OR BELOW:   0    0.50 INCH OR MORE:   1
MIN  0 OR BELOW:   0    1.00 INCH OR MORE:   0

[HDD (BASE 65) ]
TOTAL THIS MO.     6    CLEAR  (SCALE 0-3)   5
DPTR FM NORMAL    -1    PTCLDY (SCALE 4-7)  18
TOTAL FM JUL 1    35    CLOUDY (SCALE 8-10)  1
DPTR FM NORMAL   -74

[CDD (BASE 65) ]
TOTAL THIS MO.   173
DPTR FM NORMAL   -18    [PRESSURE DATA]
TOTAL FM JAN 1   629    HIGHEST SLP M ON M
DPTR FM NORMAL    82    LOWEST  SLP 29.86 ON 14

[REMARKS]
