000
CXUS54 KLZK 281430
CF6FLP
PRELIMINARY LOCAL CLIMATOLOGICAL DATA (WS FORM: F-6)

                                          STATION:   Flippin
                                          MONTH:     NOVEMBER
                                          YEAR:      2014
                                          LATITUDE:   36 17 N
                                          LONGITUDE:  92 28 W

  TEMPERATURE IN F:       :PCPN:    SNOW:  WIND      :SUNSHINE: SKY     :PK WND
================================================================================
1   2   3   4   5  6A  6B    7    8   9   10  11  12  13   14  15   16   17  18
                                     12Z  AVG MX 2MIN
DY MAX MIN AVG DEP HDD CDD  WTR  SNW DPTH SPD SPD DIR MIN PSBL S-S WX    SPD DR
================================================================================

 1  54  27  41   M  24   0 0.00  0.0    0  2.1  7 360   M    M   0         M  M
 2  61  30  46   M  19   0 0.00  0.0    0  3.9  9 120   M    M   4        16 150
 3  72  39  56   M   9   0 0.00  0.0    0  5.3 13 200   M    M   1        22 200
 4  61  48  55   M  10   0 1.10    M    0  4.3  9 330   M    M   7         M  M
 5  54  45  50   M  15   0 0.00  0.0    0  0.7  5 210   M    M   1         M  M
 6  61  39  50   M  15   0 0.00  0.0    0  7.7 17 340   M    M   0        27 310
 7  61  28  45   M  20   0 0.00  0.0    0  2.8  9 160   M    M   0         M  M
 8  61  39  50   M  15   0 0.00  0.0    0  5.3 15 340   M    M   1        22 340
 9  64  28  46   M  19   0 0.00  0.0    0  2.7  8 200   M    M   0         M  M
10  73  48  61   M   4   0 0.00  0.0    0  7.1 16 180   M    M   0        25 170
11  61  30  46   M  19   0 0.00  0.0    0  9.0 24 310   M    M   5        29 310
12  39  28  34   M  31   0 0.00  0.0    0  8.2 14 340   M    M   7        21 340
13  36  25  31   M  34   0 0.00  0.0    0  9.6 15 310   M    M   2        21 330
14  37  16  27   M  38   0 0.00  0.0    0  2.0  8 360   M    M   0         M  M
15  39  19  29   M  36   0 0.04  0.0    0  2.4  7 100   M    M   4         M  M
16  37  27  32   M  33   0 0.06    M    0  4.0 10 300   M    M   9        20 300
17  34  18  26   M  39   0 0.00  0.0    0 10.7 20 310   M    M   0        29 310
18  41  12  27   M  38   0 0.00  0.0    0  3.5  8 230   M    M   0         M  M
19  55  30  43   M  22   0 0.00  0.0    0  6.8 15 280   M    M   0        21 280
20  54  21  38   M  27   0 0.00  0.0    0  3.1  8  70   M    M   0         M  M
21  45  36  41   M  24   0 0.00  0.0    0  5.1  9 130   M    M  10        16 130
22  57  41  49   M  16   0 0.47  0.0    0  4.0  9 200   M    M   7        16 200
23  59  52  56   M   9   0 0.11  0.0    0  5.0 28 280   M    M   9 3      39 280
24  55  39  47   M  18   0 0.00  0.0    0 13.9 25 270   M    M   1        35 270
25  48  27  38   M  27   0 0.00  0.0    0  3.6  9 310   M    M   0         M  M
26  52  25  39   M  26   0 0.05    M    0  7.3 16 290   M    M   3        25 310
27  46  27  37   M  28   0 0.00  0.0    0  5.1 13 320   M    M   4        22 320
================================================================================
SM 1417  844       615   0  1.83     0.0 145.2          M       75
================================================================================
AV 52.5 31.3                               5.4 FASTST   M    M   3    MAX(MPH)
                                 MISC ---->    28   M                 39    M
================================================================================
NOTES:
# LAST OF SEVERAL OCCURRENCES

COLUMN 17 PEAK WIND IN M.P.H.

PRELIMINARY LOCAL CLIMATOLOGICAL DATA (WS FORM: F-6) , PAGE 2

                                          STATION:  Flippin
                                          MONTH:    NOVEMBER
                                          YEAR:     2014
                                          LATITUDE:   36 17 N
                                          LONGITUDE:  92 28 W

[TEMPERATURE DATA]      [PRECIPITATION DATA]       SYMBOLS USED IN COLUMN 16

AVERAGE MONTHLY: 41.9   TOTAL FOR MONTH:   1.83    1 = FOG OR MIST
DPTR FM NORMAL:     M   DPTR FM NORMAL:       M    2 = FOG REDUCING VISIBILITY
HIGHEST:    73 ON 10    GRTST 24HR  1.10 ON  4- 4      TO 1/4 MILE OR LESS
LOWEST:     12 ON 18                               3 = THUNDER
                        SNOW, ICE PELLETS, HAIL    4 = ICE PELLETS
                        TOTAL MONTH:   0.0 INCH    5 = HAIL
                        GRTST 24HR     0.0         6 = FREEZING RAIN OR DRIZZLE
                        GRTST DEPTH:   0           7 = DUSTSTORM OR SANDSTORM:
                                                       VSBY 1/2 MILE OR LESS
                                                   8 = SMOKE OR HAZE
[NO. OF DAYS WITH]      [WEATHER - DAYS WITH]      9 = BLOWING SNOW
                                                   X = TORNADO
MAX 32 OR BELOW:   0    0.01 INCH OR MORE:   6
MAX 90 OR ABOVE:   0    0.10 INCH OR MORE:   3
MIN 32 OR BELOW:  17    0.50 INCH OR MORE:   1
MIN  0 OR BELOW:   0    1.00 INCH OR MORE:   1

[HDD (BASE 65) ]
TOTAL THIS MO.   615    CLEAR  (SCALE 0-3)  17
DPTR FM NORMAL     M    PTCLDY (SCALE 4-7)   7
TOTAL FM JUL 1   793    CLOUDY (SCALE 8-10)  3
DPTR FM NORMAL     M

[CDD (BASE 65) ]
TOTAL THIS MO.     0
DPTR FM NORMAL     M    [PRESSURE DATA]
TOTAL FM JAN 1  1490    HIGHEST SLP M ON M
DPTR FM NORMAL     M    LOWEST  SLP M ON M

[REMARKS]
