000
CXUS55 KTBW 241000
CF6FMY
PRELIMINARY LOCAL CLIMATOLOGICAL DATA (WS FORM: F-6)

                                          STATION:   Fort Myers
                                          MONTH:     OCTOBER
                                          YEAR:      2014
                                          LATITUDE:   26 34 N
                                          LONGITUDE:  81 52 W

  TEMPERATURE IN F:       :PCPN:    SNOW:  WIND      :SUNSHINE: SKY     :PK WND
================================================================================
1   2   3   4   5  6A  6B    7    8   9   10  11  12  13   14  15   16   17  18
                                     12Z  AVG MX 2MIN
DY MAX MIN AVG DEP HDD CDD  WTR  SNW DPTH SPD SPD DIR MIN PSBL S-S WX    SPD DR
================================================================================

 1  89  77  83   2   0  18 0.29  0.0    0  5.9 20 270   M    M   1 13     25 270
 2  90  76  83   2   0  18 0.00  0.0    0  4.9 13 290   M    M   1        17 270
 3  90  75  83   2   0  18 0.00  0.0    0  5.6 15 340   M    M   1        19 280
 4  81  68  75  -5   0  10 0.29  0.0    0  8.1 22 270   M    M   1 1      29 290
 5  81  61  71  -9   0   6 0.00  0.0    0  6.5 14  10   M    M   0        18  40
 6  87  63  75  -5   0  10 0.00  0.0    0  8.1 15 130   M    M   2        27 180
 7  85  71  78  -2   0  13    T  0.0    0  6.2 15 190   M    M   1        18 180
 8  89  72  81   1   0  16 0.00  0.0    0  5.5 12  60   M    M   1 3      15 100
 9  90  72  81   1   0  16 0.00  0.0    0  8.6 16  70   M    M   0        25  60
10  90  71  81   2   0  16 0.00  0.0    0  8.0 16  90   M    M   1        20  80
11  91  71  81   2   0  16 0.00  0.0    0  6.5 13 100   M    M   1        18 110
12  91  71  81   2   0  16    T  0.0    0  6.9 15  60   M    M   2 3      19  70
13  91  73  82   3   0  17 0.02  0.0    0  7.9 18 110   M    M   2 13     24 110
14  88  74  81   3   0  16 0.21  0.0    0  6.6 22 240   M    M   1 138    27 240
15  87  72  80   2   0  15 0.43  0.0    0  6.9 15 310   M    M   4 13     18 320
16  83  64  74  -4   0   9 0.00  0.0    0  6.3 17 300   M    M   0        23 290
17  84  62  73  -5   0   8 0.00  0.0    0  4.9 14 340   M    M   0        18 350
18  83  63  73  -5   0   8 0.00  0.0    0  4.4 13 290   M    M   0        18 320
19  86  64  75  -2   0  10 0.00  0.0    0  4.9 10  40   M    M   0        13  90
20  88  66  77   0   0  12 0.00  0.0    0  3.6 12 100   M    M   3        15 100
21  83  73  78   1   0  13 0.00  0.0    0  4.7 18 210   M    M   2        24 220
22  86  71  79   2   0  14    T  0.0    0  2.9 12  60   M    M   3        18  60
23  85  66  76   0   0  11 0.00  0.0    0 10.7 18  60   M    M   3        24  60
================================================================================
SM 1998 1596         0 306  1.24     0.0 144.6          M       30
================================================================================
AV 86.9 69.4                               6.3 FASTST   M    M   1    MAX(MPH)
                                 MISC ---->  # 22 270               # 29  290
================================================================================
NOTES:
# LAST OF SEVERAL OCCURRENCES

COLUMN 17 PEAK WIND IN M.P.H.

PRELIMINARY LOCAL CLIMATOLOGICAL DATA (WS FORM: F-6) , PAGE 2

                                          STATION:  Fort Myers
                                          MONTH:    OCTOBER
                                          YEAR:     2014
                                          LATITUDE:   26 34 N
                                          LONGITUDE:  81 52 W

[TEMPERATURE DATA]      [PRECIPITATION DATA]       SYMBOLS USED IN COLUMN 16

AVERAGE MONTHLY: 78.1   TOTAL FOR MONTH:   1.24    1 = FOG OR MIST
DPTR FM NORMAL:  -0.7   DPTR FM NORMAL:   -1.06    2 = FOG REDUCING VISIBILITY
HIGHEST:    91 ON 13,12 GRTST 24HR  0.64 ON 14-15      TO 1/4 MILE OR LESS
LOWEST:     61 ON  5                               3 = THUNDER
                        SNOW, ICE PELLETS, HAIL    4 = ICE PELLETS
                        TOTAL MONTH:   0.0 INCH    5 = HAIL
                        GRTST 24HR     0.0         6 = FREEZING RAIN OR DRIZZLE
                        GRTST DEPTH:   0           7 = DUSTSTORM OR SANDSTORM:
                                                       VSBY 1/2 MILE OR LESS
                                                   8 = SMOKE OR HAZE
[NO. OF DAYS WITH]      [WEATHER - DAYS WITH]      9 = BLOWING SNOW
                                                   X = TORNADO
MAX 32 OR BELOW:   0    0.01 INCH OR MORE:   5
MAX 90 OR ABOVE:   7    0.10 INCH OR MORE:   4
MIN 32 OR BELOW:   0    0.50 INCH OR MORE:   0
MIN  0 OR BELOW:   0    1.00 INCH OR MORE:   0

[HDD (BASE 65) ]
TOTAL THIS MO.     0    CLEAR  (SCALE 0-3)  22
DPTR FM NORMAL     0    PTCLDY (SCALE 4-7)   1
TOTAL FM JUL 1     0    CLOUDY (SCALE 8-10)  0
DPTR FM NORMAL     0

[CDD (BASE 65) ]
TOTAL THIS MO.   306
DPTR FM NORMAL   -11    [PRESSURE DATA]
TOTAL FM JAN 1  3717    HIGHEST SLP M ON M
DPTR FM NORMAL   154    LOWEST  SLP 29.82 ON  1

[REMARKS]
