000
CXUS53 KDTX 260800
CF6FNT
PRELIMINARY LOCAL CLIMATOLOGICAL DATA (WS FORM: F-6)

                                          STATION:   FLINT MI
                                          MONTH:     MAY
                                          YEAR:      2016
                                          LATITUDE:   42 58 N
                                          LONGITUDE:  83 44 W

  TEMPERATURE IN F:       :PCPN:    SNOW:  WIND      :SUNSHINE: SKY     :PK WND
================================================================================
1   2   3   4   5  6A  6B    7    8   9   10  11  12  13   14  15   16   17  18
                                     12Z  AVG MX 2MIN
DY MAX MIN AVG DEP HDD CDD  WTR  SNW DPTH SPD SPD DIR MIN PSBL S-S WX    SPD DR
================================================================================

 1  53  47  50  -2  15   0 0.08  0.0    0 10.1 17  50   M    M  10 18     25  50
 2  61  42  52   0  13   0 0.30  0.0    0  5.2 14  20   M    M   9 18     17  20
 3  69  34  52  -1  13   0 0.00  0.0    0  5.2 16 250   M    M   3 128    23 280
 4  64  47  56   3   9   0 0.30  0.0    0  9.6 30 160   M    M   8 138    36 140
 5  67  46  57   4   8   0 0.00  0.0    0 10.2 17 360   M    M   3 8      24 360
 6  75  39  57   3   8   0 0.00  0.0    0  3.6 10 290   M    M   0 18     30 210
 7  71  46  59   5   6   0 0.01  0.0    0  8.4 20 360   M    M   4 8      23  30
 8  70  40  55   1  10   0 0.00  0.0    0 10.3 23 280   M    M   3        29 270
 9  69  38  54  -1  11   0 0.00  0.0    0  5.9 16 130   M    M   0        19 130
10  62  47  55   0  10   0 0.04  0.0    0 10.6 21 130   M    M   9        27 120
11  73  52  63   8   2   0    T  0.0    0  7.5 16 100   M    M   5        19 100
12  79  58  69  13   0   4 0.31  0.0    0  8.4 26 300   M    M   7 138    33 300
13  69  52  61   5   4   0 0.03  0.0    0 11.2 22 260   M    M   6 18     27 270
14  53  39  46 -10  19   0 0.57  0.0    0 13.6 26 290   M    M  10 18     36 340
15  51  37  44 -12  21   0    T    T    0 11.3 22 280   M    M   8 8      27 280
16  70  53  62   5   3   0    T  0.0    0 11.1 22 230   M    M   3 3      32 280
17  68  42  55  -2  10   0 0.00  0.0    0  7.8 17 340   M    M   5         M  70
18  69  36  53  -5  12   0 0.00  0.0    0  4.0 15  50   M    M   2        20  60
19  73  41  57  -1   8   0 0.00  0.0    0  3.7 12 300   M    M   1        23 330
20  74  42  58   0   7   0 0.00  0.0    0  4.9 13  50   M    M   0         M  M
21  76  51  64   6   1   0 0.00  0.0    0  6.9 18  30   M    M   1        24  30
22  71  48  60   1   5   0 0.00  0.0    0  8.3 21 360   M    M   2        27  30
23  81  38  60   1   5   0 0.00  0.0    0  2.7  8 190   M    M   0 8      16 230
24  88  46  67   7   0   2 0.00  0.0    0  6.4 18 250   M    M   0        24 250
25  89  60  75  15   0  10 0.00  0.0    0  6.8 15 170   M    M   1 1      21 180
================================================================================
SM 1745 1121       200  16  1.64    T    193.7          M      100
================================================================================
AV 69.8 44.8                               7.7 FASTST   M    M   4    MAX(MPH)
                                 MISC ---->  # 30 160               # 36  140
================================================================================
NOTES:
# LAST OF SEVERAL OCCURRENCES

COLUMN 17 PEAK WIND IN M.P.H.

PRELIMINARY LOCAL CLIMATOLOGICAL DATA (WS FORM: F-6) , PAGE 2

                                          STATION:  FLINT MI
                                          MONTH:    MAY
                                          YEAR:     2016
                                          LATITUDE:   42 58 N
                                          LONGITUDE:  83 44 W

[TEMPERATURE DATA]      [PRECIPITATION DATA]       SYMBOLS USED IN COLUMN 16

AVERAGE MONTHLY: 57.3   TOTAL FOR MONTH:   1.64    1 = FOG OR MIST
DPTR FM NORMAL:   1.4   DPTR FM NORMAL:   -0.84    2 = FOG REDUCING VISIBILITY
HIGHEST:    89 ON 25    GRTST 24HR  0.60 ON 13-14      TO 1/4 MILE OR LESS
LOWEST:     34 ON  3                               3 = THUNDER
                        SNOW, ICE PELLETS, HAIL    4 = ICE PELLETS
                        TOTAL MONTH:    T          5 = HAIL
                        GRTST 24HR    T  ON 15-15  6 = FREEZING RAIN OR DRIZZLE
                        GRTST DEPTH:   0           7 = DUSTSTORM OR SANDSTORM:
                                                       VSBY 1/2 MILE OR LESS
                                                   8 = SMOKE OR HAZE
[NO. OF DAYS WITH]      [WEATHER - DAYS WITH]      9 = BLOWING SNOW
                                                   X = TORNADO
MAX 32 OR BELOW:   0    0.01 INCH OR MORE:   8
MAX 90 OR ABOVE:   0    0.10 INCH OR MORE:   4
MIN 32 OR BELOW:   0    0.50 INCH OR MORE:   1
MIN  0 OR BELOW:   0    1.00 INCH OR MORE:   0

[HDD (BASE 65) ]
TOTAL THIS MO.   200    CLEAR  (SCALE 0-3)  12
DPTR FM NORMAL   -46    PTCLDY (SCALE 4-7)   8
TOTAL FM JUL 1  5349    CLOUDY (SCALE 8-10)  5
DPTR FM NORMAL -1504

[CDD (BASE 65) ]
TOTAL THIS MO.    16
DPTR FM NORMAL    -1    [PRESSURE DATA]
TOTAL FM JAN 1    17    HIGHEST SLP M ON M
DPTR FM NORMAL    -4    LOWEST  SLP 29.53 ON  4

[REMARKS]
