000
CXUS54 KTSA 290840
CF6FSM
PRELIMINARY LOCAL CLIMATOLOGICAL DATA (WS FORM: F-6)

                                          STATION:   FORT SMITH ARKANSAS
                                          MONTH:     MARCH
                                          YEAR:      2017
                                          LATITUDE:   35 19 N
                                          LONGITUDE:  94 22 W

  TEMPERATURE IN F:       :PCPN:    SNOW:  WIND      :SUNSHINE: SKY     :PK WND
================================================================================
1   2   3   4   5  6A  6B    7    8   9   10  11  12  13   14  15   16   17  18
                                     12Z  AVG MX 2MIN
DY MAX MIN AVG DEP HDD CDD  WTR  SNW DPTH SPD SPD DIR MIN PSBL S-S WX    SPD DR
================================================================================

 1  75  38  57   9   8   0 0.23  0.0    0 13.8 45 280   M    M   0 3      66 280
 2  64  30  47  -2  18   0 0.00  0.0    0  3.8 17 280   M    M   0        22 280
 3  68  33  51   2  14   0 0.00  0.0    0  5.6 15 110   M    M   0 8      19  80
 4  72  39  56   7   9   0 0.00  0.0    0  7.7 20 190   M    M   3        23 160
 5  61  53  57   7   8   0 0.01  0.0    0  8.9 16 210   M    M  10        21 120
 6  81  57  69  19   0   4 0.00  0.0    0 12.0 28 190   M    M   8        40 190
 7  73  41  57   7   8   0 0.58  0.0    0  9.6 38 340   M    M   2 13     46 330
 8  74  33  54   3  11   0 0.00  0.0    0  4.7 16 210   M    M   0        22 170
 9  77  46  62  11   3   0    T  0.0    0  9.3 20 220   M    M   3 38     26 210
10  67  51  59   8   6   0 0.00  0.0    0 11.3 22  70   M    M   1 1      26  50
11  52  37  45  -7  20   0 0.11  0.0    0 13.4 24  80   M    M  10 18     31  80
12  55  31  43  -9  22   0 0.02  0.0    0  7.3 17  80   M    M   4        21 100
13  51  36  44  -8  21   0 0.09  0.0    0  9.4 24 280   M    M   7 1      29 350
14  45  33  39 -13  26   0 0.00  0.0    0  5.6 10  30   M    M   6        13  70
15  54  32  43 -10  22   0 0.00  0.0    0  7.5 15  80   M    M   2        23 100
16  61  43  52  -1  13   0 0.00  0.0    0 10.4 15  80   M    M  10        19  70
17  75  51  63  10   2   0 0.00  0.0    0  7.6 20 240   M    M   9        25 240
18  81  52  67  13   0   2    T  0.0    0  4.9 15  70   M    M   2 12     18  70
19  87  54  71  17   0   6 0.00  0.0    0  7.2 18 210   M    M   1        26 220
20  90  55  73  19   0   8 0.00  0.0    0  8.9 23 220   M    M   0        30 210
21  90  58  74  20   0   9 0.00  0.0    0  7.6 28  70   M    M   3        36  70
22  64  53  59   4   6   0 0.00  0.0    0 15.5 25  80   M    M   7        34 100
23  84  48  66  11   0   1 0.00  0.0    0 10.0 17 160   M    M   2 8      24 170
24  75  56  66  11   0   1 1.85  0.0    0 10.4 33 260   M    M   5 138    43 260
25  57  52  55  -1  10   0 0.00  0.0    0  9.8 26 270   M    M   8        31 270
26  78  43  61   5   4   0 0.60  0.0    0  6.1 38 270   M    M   2 138    47 280
27  66  50  58   2   7   0    T  0.0    0  8.1 23 110   M    M   6 3      33 120
28  79  45  62   6   3   0 0.00  0.0    0  9.5 20 110   M    M   4 12     26 110
================================================================================
SM 1956 1250       241  31  3.49     0.0 245.9          M      115
================================================================================
AV 69.9 44.6                               8.8 FASTST   M    M   4    MAX(MPH)
                                 MISC ---->  # 45 280               # 66  280
================================================================================
NOTES:
# LAST OF SEVERAL OCCURRENCES

COLUMN 17 PEAK WIND IN M.P.H.

PRELIMINARY LOCAL CLIMATOLOGICAL DATA (WS FORM: F-6) , PAGE 2

                                          STATION:  FORT SMITH ARKANSAS
                                          MONTH:    MARCH
                                          YEAR:     2017
                                          LATITUDE:   35 19 N
                                          LONGITUDE:  94 22 W

[TEMPERATURE DATA]      [PRECIPITATION DATA]       SYMBOLS USED IN COLUMN 16

AVERAGE MONTHLY: 57.3   TOTAL FOR MONTH:   3.49    1 = FOG OR MIST
DPTR FM NORMAL:   4.8   DPTR FM NORMAL:    0.06    2 = FOG REDUCING VISIBILITY
HIGHEST:    90 ON 21,20 GRTST 24HR  1.85 ON 24-24      TO 1/4 MILE OR LESS
LOWEST:     30 ON  2                               3 = THUNDER
                        SNOW, ICE PELLETS, HAIL    4 = ICE PELLETS
                        TOTAL MONTH:   0.0 INCH    5 = HAIL
                        GRTST 24HR     0.0         6 = FREEZING RAIN OR DRIZZLE
                        GRTST DEPTH:   0           7 = DUSTSTORM OR SANDSTORM:
                                                       VSBY 1/2 MILE OR LESS
                                                   8 = SMOKE OR HAZE
[NO. OF DAYS WITH]      [WEATHER - DAYS WITH]      9 = BLOWING SNOW
                                                   X = TORNADO
MAX 32 OR BELOW:   0    0.01 INCH OR MORE:   8
MAX 90 OR ABOVE:   2    0.10 INCH OR MORE:   5
MIN 32 OR BELOW:   3    0.50 INCH OR MORE:   3
MIN  0 OR BELOW:   0    1.00 INCH OR MORE:   1

[HDD (BASE 65) ]
TOTAL THIS MO.   241    CLEAR  (SCALE 0-3)  14
DPTR FM NORMAL  -119    PTCLDY (SCALE 4-7)   9
TOTAL FM JUL 1  2150    CLOUDY (SCALE 8-10)  5
DPTR FM NORMAL  -883

[CDD (BASE 65) ]
TOTAL THIS MO.    31
DPTR FM NORMAL    25    [PRESSURE DATA]
TOTAL FM JAN 1    47    HIGHEST SLP M ON M
DPTR FM NORMAL    40    LOWEST  SLP 29.57 ON  1

[REMARKS]
