000
CXUS54 KBMX 301216
CF6GAD
PRELIMINARY LOCAL CLIMATOLOGICAL DATA (WS FORM: F-6)

                                          STATION:   GADSDEN
                                          MONTH:     SEPTEMBER
                                          YEAR:      2014
                                          LATITUDE:   33 58 N
                                          LONGITUDE:  86  5 W

  TEMPERATURE IN F:       :PCPN:    SNOW:  WIND      :SUNSHINE: SKY     :PK WND
================================================================================
1   2   3   4   5  6A  6B    7    8   9   10  11  12  13   14  15   16   17  18
                                     12Z  AVG MX 2MIN
DY MAX MIN AVG DEP HDD CDD  WTR  SNW DPTH SPD SPD DIR MIN PSBL S-S WX    SPD DR
================================================================================

 1  95  70  83   M   0  18 0.00  0.0    0  1.6  7 170   M    M   1         M  M
 2  95  70  83   M   0  18 0.06  0.0    0  3.5 13 250   M    M   2         M  M
 3  90  73  82   M   0  17 0.00  0.0    0  1.2  6 160   M    M   3 3       M  M
 4   M   M   M   M   M   M 0.00  0.0    0   M   M   M   M    M   0         M  M
 5   M   M   M   M   M   M 0.00  0.0    0   M   M   M   M    M   0         M  M
 6   M   M   M   M   M   M 0.00  0.0    0   M   M   M   M    M   0         M  M
 7   M   M   M   M   M   M 0.00  0.0    0   M   M   M   M    M   0         M  M
 8   M   M   M   M   M   M 0.00  0.0    0   M   M   M   M    M   0         M  M
 9   M   M   M   M   M   M 0.00  0.0    0   M   M   M   M    M   0         M  M
10   M   M   M   M   M   M 0.00  0.0    0   M   M   M   M    M   0         M  M
11   M   M   M   M   M   M 0.00  0.0    0   M   M   M   M    M   0 3       M  M
12  90  73  82   M   0  17 0.21  0.0    0  0.6  5 260   M    M   4         M  M
13  81   M   M   M   M   M 0.00  0.0    0  6.6 10 360   M    M   6        16  20
14  88  61  75   M   0  10 0.00  0.0    0  3.3  7  60   M    M   0         M  M
15  81  68  75   M   0  10 0.03  0.0    0  3.5  8  80   M    M   7         M  M
16  88  70  79   M   0  14 0.00  0.0    0  2.5  6 340   M    M   5         M  M
17  84  63  74   M   0   9 0.00  0.0    0  4.2  9 350   M    M   2         M  M
18  86  61  74   M   0   9 0.00  0.0    0  2.4  7 170   M    M   1         M  M
19  86  63  75   M   0  10 0.28  0.0    0  2.9 10  70   M    M   2 3       M  M
20  84  63  74   M   0   9 0.00  0.0    0  5.2 12 120   M    M   2        17 120
21  90  57  74   M   0   9 0.05  0.0    0  3.4  9 250   M    M   2         M  M
22  79  57  68   M   0   3 0.00  0.0    0  7.2 13  20   M    M   1        21 350
23  82  52  67   M   0   2 0.00  0.0    0  6.8 14  40   M    M   0        20  50
24  81  55  68   M   0   3 0.00  0.0    0  5.7 12  70   M    M   0        16  60
25  84  54  69   M   0   4 0.00  0.0    0  2.4  9  30   M    M   2         M  M
26  82  59  71   M   0   6 0.00  0.0    0  5.8 14  60   M    M   4         M  M
27  81  63  72   M   0   7 0.00  0.0    0  6.0  9  50   M    M   6         M  M
28  75  61  68   M   0   3 0.00  0.0    0  5.0 12  60   M    M   6         M  M
29  81  61  71   M   0   6 0.00  0.0    0  4.5 12  80   M    M   6         M  M
================================================================================
SM 1783 1254         0 659  0.63     0.0  84.3          M       62
================================================================================
AV 84.9 62.7                               4.0 FASTST   M    M   2    MAX(MPH)
                                 MISC ---->    14   M                 21    M
================================================================================
NOTES:
# LAST OF SEVERAL OCCURRENCES

COLUMN 17 PEAK WIND IN M.P.H.

PRELIMINARY LOCAL CLIMATOLOGICAL DATA (WS FORM: F-6) , PAGE 2

                                          STATION:  GADSDEN
                                          MONTH:    SEPTEMBER
                                          YEAR:     2014
                                          LATITUDE:   33 58 N
                                          LONGITUDE:  86  5 W

[TEMPERATURE DATA]      [PRECIPITATION DATA]       SYMBOLS USED IN COLUMN 16

AVERAGE MONTHLY: 73.8   TOTAL FOR MONTH:   0.63    1 = FOG OR MIST
DPTR FM NORMAL:     M   DPTR FM NORMAL:       M    2 = FOG REDUCING VISIBILITY
HIGHEST:    95 ON  2, 1 GRTST 24HR  0.28 ON 19-19      TO 1/4 MILE OR LESS
LOWEST:     52 ON 23                               3 = THUNDER
                        SNOW, ICE PELLETS, HAIL    4 = ICE PELLETS
                        TOTAL MONTH:   0.0 INCH    5 = HAIL
                        GRTST 24HR     0.0         6 = FREEZING RAIN OR DRIZZLE
                        GRTST DEPTH:   0           7 = DUSTSTORM OR SANDSTORM:
                                                       VSBY 1/2 MILE OR LESS
                                                   8 = SMOKE OR HAZE
[NO. OF DAYS WITH]      [WEATHER - DAYS WITH]      9 = BLOWING SNOW
                                                   X = TORNADO
MAX 32 OR BELOW:   0    0.01 INCH OR MORE:   5
MAX 90 OR ABOVE:   5    0.10 INCH OR MORE:   2
MIN 32 OR BELOW:   0    0.50 INCH OR MORE:   0
MIN  0 OR BELOW:   0    1.00 INCH OR MORE:   0

[HDD (BASE 65) ]
TOTAL THIS MO.     0    CLEAR  (SCALE 0-3)  21
DPTR FM NORMAL     M    PTCLDY (SCALE 4-7)   8
TOTAL FM JUL 1     0    CLOUDY (SCALE 8-10)  0
DPTR FM NORMAL     M

[CDD (BASE 65) ]
TOTAL THIS MO.   659
DPTR FM NORMAL     M    [PRESSURE DATA]
TOTAL FM JAN 1  2000    HIGHEST SLP M ON M
DPTR FM NORMAL     M    LOWEST  SLP M ON M

[REMARKS]
