000
CXUS54 KOUN 280800
CF6GAG
PRELIMINARY LOCAL CLIMATOLOGICAL DATA (WS FORM: F-6)

                                          STATION:   GAGE
                                          MONTH:     MARCH
                                          YEAR:      2015
                                          LATITUDE:   36 17 N
                                          LONGITUDE:  99 46 W

  TEMPERATURE IN F:       :PCPN:    SNOW:  WIND      :SUNSHINE: SKY     :PK WND
================================================================================
1   2   3   4   5  6A  6B    7    8   9   10  11  12  13   14  15   16   17  18
                                     12Z  AVG MX 2MIN
DY MAX MIN AVG DEP HDD CDD  WTR  SNW DPTH SPD SPD DIR MIN PSBL S-S WX    SPD DR
================================================================================

 1  37  22  30 -13  35   0 0.00  0.0    0  5.4 14  30   M    M   7 18     17  20
 2  43  25  34  -9  31   0 0.00  0.0    0 10.1 24 180   M    M   2 18     33 180
 3  56  34  45   2  20   0    T    M    0 14.1 25 220   M    M   4        34 200
 4  34  19  27 -17  38   0    T    M    0 14.8 24  20   M    M  10 168    32  40
 5  49  12  31 -13  34   0 0.00  0.0    0 10.2 21 190   M    M   0        26 190
 6  64  22  43  -1  22   0 0.00  0.0    0 10.2 16 180   M    M   0        20 180
 7  72  27  50   5  15   0 0.00  0.0    0  7.5 16 180   M    M   0        21 180
 8  72  41  57  12   8   0 0.00  0.0    0  7.7 18 190   M    M   0        22 180
 9  66  38  52   7  13   0 0.00  0.0    0  4.6 15  60   M    M   3        22  50
10  74  30  52   6  13   0 0.00  0.0    0  5.4 15 200   M    M   1 128    19 190
11  77  35  56  10   9   0 0.00  0.0    0  7.3 16 180   M    M   0 1      19 180
12  74  35  55   9  10   0 0.00  0.0    0  6.0 15 180   M    M   0        22 120
13  75  34  55   9  10   0 0.00  0.0    0 11.4 28  40   M    M   0        35  50
14  69  36  53   6  12   0 0.00  0.0    0 10.9 24 360   M    M   0        29  20
15  76  28  52   5  13   0 0.00  0.0    0 10.1 18 200   M    M   0        25 190
16  88  40  64  17   1   0 0.00  0.0    0 16.5 32 210   M    M   0        40 200
17  63  40  52   4  13   0    T  0.0    0 16.2 29  20   M    M   3        38  20
18  59  43  51   3  14   0    T  0.0    0  5.4 10 100   M    M   7 1      15  90
19  48  43  46  -2  19   0 1.04  0.0    0  8.6 17  50   M    M  10 1      22  60
20  64  39  52   3  13   0 0.00  0.0    0  4.5 10 170   M    M   2 1      13 170
21  71  37  54   5  11   0 0.00  0.0    0  5.3 14 150   M    M   0 1      19 150
22  80  46  63  14   2   0 0.00  0.0    0  7.3 16 180   M    M   1 12     22 180
23  79  43  61  11   4   0 0.00  0.0    0 13.0 30 170   M    M   3 12     36 170
24  78  42  60  10   5   0 0.00  0.0    0 11.9 29 310   M    M   0        36 310
25  72  37  55   5  10   0    T  0.0    0 15.0 40 360   M    M   4        49 360
26  66  31  49  -1  16   0    T  0.0    0  8.6 20 300   M    M   1        24 280
27  66  38  52   1  13   0    T  0.0    0  8.2 21 180   M    M   4        24 190
================================================================================
SM 1772  917       404   0  1.04     0.0 256.2          M       62
================================================================================
AV 65.6 34.0                               9.5 FASTST   M    M   2    MAX(MPH)
                                 MISC ---->  # 40 360               # 49  360
================================================================================
NOTES:
# LAST OF SEVERAL OCCURRENCES

COLUMN 17 PEAK WIND IN M.P.H.

PRELIMINARY LOCAL CLIMATOLOGICAL DATA (WS FORM: F-6) , PAGE 2

                                          STATION:  GAGE
                                          MONTH:    MARCH
                                          YEAR:     2015
                                          LATITUDE:   36 17 N
                                          LONGITUDE:  99 46 W

[TEMPERATURE DATA]      [PRECIPITATION DATA]       SYMBOLS USED IN COLUMN 16

AVERAGE MONTHLY: 49.8   TOTAL FOR MONTH:   1.04    1 = FOG OR MIST
DPTR FM NORMAL:   3.0   DPTR FM NORMAL:   -0.58    2 = FOG REDUCING VISIBILITY
HIGHEST:    88 ON 16    GRTST 24HR  1.04 ON 19-19      TO 1/4 MILE OR LESS
LOWEST:     12 ON  5                               3 = THUNDER
                        SNOW, ICE PELLETS, HAIL    4 = ICE PELLETS
                        TOTAL MONTH:   0.0 INCH    5 = HAIL
                        GRTST 24HR     0.0         6 = FREEZING RAIN OR DRIZZLE
                        GRTST DEPTH:   0           7 = DUSTSTORM OR SANDSTORM:
                                                       VSBY 1/2 MILE OR LESS
                                                   8 = SMOKE OR HAZE
[NO. OF DAYS WITH]      [WEATHER - DAYS WITH]      9 = BLOWING SNOW
                                                   X = TORNADO
MAX 32 OR BELOW:   0    0.01 INCH OR MORE:   1
MAX 90 OR ABOVE:   0    0.10 INCH OR MORE:   1
MIN 32 OR BELOW:   9    0.50 INCH OR MORE:   1
MIN  0 OR BELOW:   0    1.00 INCH OR MORE:   1

[HDD (BASE 65) ]
TOTAL THIS MO.   404    CLEAR  (SCALE 0-3)  20
DPTR FM NORMAL   -92    PTCLDY (SCALE 4-7)   5
TOTAL FM JUL 1  3733    CLOUDY (SCALE 8-10)  2
DPTR FM NORMAL  -235

[CDD (BASE 65) ]
TOTAL THIS MO.     0
DPTR FM NORMAL     0    [PRESSURE DATA]
TOTAL FM JAN 1     0    HIGHEST SLP M ON M
DPTR FM NORMAL     0    LOWEST  SLP 29.58 ON 25

[REMARKS]
