000
CXUS54 KOUN 290700
CF6GAG
PRELIMINARY LOCAL CLIMATOLOGICAL DATA (WS FORM: F-6)

                                          STATION:   GAGE
                                          MONTH:     JULY
                                          YEAR:      2016
                                          LATITUDE:   36 17 N
                                          LONGITUDE:  99 46 W

  TEMPERATURE IN F:       :PCPN:    SNOW:  WIND      :SUNSHINE: SKY     :PK WND
================================================================================
1   2   3   4   5  6A  6B    7    8   9   10  11  12  13   14  15   16   17  18
                                     12Z  AVG MX 2MIN
DY MAX MIN AVG DEP HDD CDD  WTR  SNW DPTH SPD SPD DIR MIN PSBL S-S WX    SPD DR
================================================================================

 1  83  67  75  -4   0  10 0.44  0.0    0  9.6 22 330   M    M   6 13     29 330
 2  93  70  82   3   0  17 0.23  0.0    0 15.5 29 190   M    M   1 13     35 190
 3  88  67  78  -1   0  13    T  0.0    0  6.5 14  40   M    M   5 3      17  30
 4  96  66  81   2   0  16 0.00  0.0    0  8.0 18 210   M    M   1 12     22 220
 5  96  71  84   4   0  19    T  0.0    0 15.0 29 210   M    M   0        38 200
 6  97  72  85   5   0  20 0.00  0.0    0 15.8 25 180   M    M   0 1      30 170
 7 107  76  92  12   0  27 0.00  0.0    0 14.6 36 260   M    M   0 3      46 250
 8  88  69  79  -1   0  14 1.36  0.0    0  7.8 43 260   M    M   4 13     52 270
 9  94  65  80   0   0  15 0.00  0.0    0  9.6 20 150   M    M   1        24 160
10  96  70  83   3   0  18 0.00  0.0    0 17.5 30 160   M    M   0        40 160
11  97  77  87   7   0  22    T  0.0    0 23.4 36 170   M    M   1 3      44 160
12  99  75  87   7   0  22 0.00  0.0    0 12.9 31 170   M    M   0        39 170
13 101  74  88   8   0  23 0.00  0.0    0 10.2 26 170   M    M   0        36 170
14  83  70  77  -3   0  12 0.03  0.0    0 10.3 23  70   M    M   3 3      30  70
15  91  62  77  -3   0  12 1.09  0.0    0  9.5 47 320   M    M   2 138    59 320
16  89  63  76  -4   0  11 0.00  0.0    0 11.7 24 170   M    M   0        30 170
17  95  73  84   4   0  19 0.00  0.0    0 20.6 32 170   M    M   0        41 170
18  96  73  85   5   0  20 0.00  0.0    0 16.8 24 190   M    M   0        31 190
19  96  71  84   3   0  19 0.00  0.0    M 13.1 22 170   M    M   0        27 170
20  98  74  86   5   0  21 0.00  0.0    0 15.5 23 180   M    M   0        29 180
21 101  76  89   8   0  24 0.00  0.0    0 16.2 29 190   M    M   0        35 180
22 103  74  89   8   0  24 0.00  0.0    0 14.0 23 170   M    M   0        28 180
23 102  75  89   8   0  24 0.00  0.0    0 15.5 23 190   M    M   0        33 180
24 102  71  87   6   0  22 0.00  0.0    0 10.6 22 170   M    M   0        27 170
25  93  70  82   1   0  17 0.32  0.0    0  6.3 22 320   M    M   1 13     31 320
26  95  71  83   2   0  18 0.00  0.0    0  6.0 18 160   M    M   2        22 160
27 100  67  84   3   0  19 0.00  0.0    0  4.4 16  60   M    M   1 18     20  40
28  98  67  83   2   0  18 0.00  0.0    0  7.2 17 150   M    M   1        22 130
================================================================================
SM 2677 1976         0 516  3.47     0.0 344.1          M       29
================================================================================
AV 95.6 70.6                              12.3 FASTST   M    M   1    MAX(MPH)
                                 MISC ---->  # 47 320               # 59  320
================================================================================
NOTES:
# LAST OF SEVERAL OCCURRENCES

COLUMN 17 PEAK WIND IN M.P.H.

PRELIMINARY LOCAL CLIMATOLOGICAL DATA (WS FORM: F-6) , PAGE 2

                                          STATION:  GAGE
                                          MONTH:    JULY
                                          YEAR:     2016
                                          LATITUDE:   36 17 N
                                          LONGITUDE:  99 46 W

[TEMPERATURE DATA]      [PRECIPITATION DATA]       SYMBOLS USED IN COLUMN 16

AVERAGE MONTHLY: 83.1   TOTAL FOR MONTH:   3.47    1 = FOG OR MIST
DPTR FM NORMAL:   2.9   DPTR FM NORMAL:    1.77    2 = FOG REDUCING VISIBILITY
HIGHEST:   107 ON  7    GRTST 24HR  1.36 ON  8- 8      TO 1/4 MILE OR LESS
LOWEST:     62 ON 15                               3 = THUNDER
                        SNOW, ICE PELLETS, HAIL    4 = ICE PELLETS
                        TOTAL MONTH:   0.0 INCH    5 = HAIL
                        GRTST 24HR     0.0         6 = FREEZING RAIN OR DRIZZLE
                        GRTST DEPTH:   0           7 = DUSTSTORM OR SANDSTORM:
                                                       VSBY 1/2 MILE OR LESS
                                                   8 = SMOKE OR HAZE
[NO. OF DAYS WITH]      [WEATHER - DAYS WITH]      9 = BLOWING SNOW
                                                   X = TORNADO
MAX 32 OR BELOW:   0    0.01 INCH OR MORE:   6
MAX 90 OR ABOVE:  23    0.10 INCH OR MORE:   5
MIN 32 OR BELOW:   0    0.50 INCH OR MORE:   2
MIN  0 OR BELOW:   0    1.00 INCH OR MORE:   2

[HDD (BASE 65) ]
TOTAL THIS MO.     0    CLEAR  (SCALE 0-3)  25
DPTR FM NORMAL     0    PTCLDY (SCALE 4-7)   3
TOTAL FM JUL 1     0    CLOUDY (SCALE 8-10)  0
DPTR FM NORMAL     0

[CDD (BASE 65) ]
TOTAL THIS MO.   516
DPTR FM NORMAL    88    [PRESSURE DATA]
TOTAL FM JAN 1  1080    HIGHEST SLP M ON M
DPTR FM NORMAL   183    LOWEST  SLP 29.69 ON M

[REMARKS]
