000
CXUS53 KDDC 281200
CF6GCK
PRELIMINARY LOCAL CLIMATOLOGICAL DATA (WS FORM: F-6)

                                          STATION:   GARDEN CITY REGIONAL ARPT KS
                                          MONTH:     DECEMBER
                                          YEAR:      2014
                                          LATITUDE:   37 55 N
                                          LONGITUDE: 100 43 W

  TEMPERATURE IN F:       :PCPN:    SNOW:  WIND      :SUNSHINE: SKY     :PK WND
================================================================================
1   2   3   4   5  6A  6B    7    8   9   10  11  12  13   14  15   16   17  18
                                     12Z  AVG MX 2MIN
DY MAX MIN AVG DEP HDD CDD  WTR  SNW DPTH SPD SPD DIR MIN PSBL S-S WX    SPD DR
================================================================================

 1  27   7  17 -18  48   0 0.00    M    M  9.5 24  10   M    M   0        30  10
 2  53  13  33  -1  32   0 0.00    M    M  9.4 18  20   M    M   0        21  10
 3  43  27  35   1  30   0 0.00    M    M 13.7 28  80   M    M   3        33  80
 4  44  30  37   3  28   0    T    M    M  7.8 14 180   M    M   8 18     17 180
 5  61  32  47  14  18   0    T    M    M  8.5 15  30   M    M   3 1      18 300
 6  46  24  35   2  30   0 0.00    M    M  7.9 15 160   M    M   0 1      19 150
 7  61  34  48  15  17   0    T    M    M  8.3 20 210   M    M   4 1      26 210
 8  58  24  41   9  24   0 0.00    M    M  6.9 13 200   M    M   0        16 190
 9  49  25  37   5  28   0 0.00    M    M  9.7 18  60   M    M   0        22  60
10  38  27  33   1  32   0 0.00    M    M  4.2  9 130   M    M   7 12     12 150
11  46  33  40   8  25   0 0.00    M    M  7.6 17 180   M    M   6 12     21 180
12  49  44  47  15  18   0 0.00    M    M 10.6 21 180   M    M  10 12     27 180
13  66  47  57  25   8   0    T    M    M 17.0 29 180   M    M   7 128    34 160
14  57  36  47  16  18   0    T    M    M 16.2 35 340   M    M   9 13     43 140
15  40  28  34   3  31   0 0.00    M    M 25.5 40 330   M    M   8 1      48 330
16  40  19  30  -1  35   0 0.00    M    M  9.5 20 120   M    M   0        24 110
17  41  28  35   4  30   0 0.05    M    M 14.2 22 150   M    M   3 1      27 140
18  34  27  31   0  34   0    T    M    M  5.3 10 180   M    M  10 12     12 180
19  46  26  36   5  29   0 0.00    M    M  7.3 13 230   M    M   6 18     16 220
20  50  22  36   5  29   0 0.00    M    M  8.8 16 170   M    M   0 18     19 180
21  50  27  39   8  26   0 0.00    M    M 11.1 23 180   M    M   5 18     28 180
22  51  31  41  10  24   0 0.00  0.0    0 16.4 30 330   M    M   3 1      37 330
23  35  26  31   0  34   0    T    M    M 23.9 38 350   M    M   8 1      46 350
24  45  17  31   0  34   0 0.00    M    M 10.8 18 230   M    M   0        24 240
25  55  24  40   9  25   0 0.00    M    M 12.3 21 220   M    M   0        28 260
26  29  16  23  -8  42   0    T    M    M 14.6 25  10   M    M   8 126    30  10
27  32   8  20 -10  45   0 0.00    M    M  8.5 15 290   M    M   0        19 290
================================================================================
SM 1246  702       774   0  0.05     0.0 305.5          M      108
================================================================================
AV 46.1 26.0                              11.3 FASTST   M    M   4    MAX(MPH)
                                 MISC ---->  # 40 330               # 48  330
================================================================================
NOTES:
# LAST OF SEVERAL OCCURRENCES

COLUMN 17 PEAK WIND IN M.P.H.

PRELIMINARY LOCAL CLIMATOLOGICAL DATA (WS FORM: F-6) , PAGE 2

                                          STATION:  GARDEN CITY REGIONAL ARPT KS
                                          MONTH:    DECEMBER
                                          YEAR:     2014
                                          LATITUDE:   37 55 N
                                          LONGITUDE: 100 43 W

[TEMPERATURE DATA]      [PRECIPITATION DATA]       SYMBOLS USED IN COLUMN 16

AVERAGE MONTHLY: 36.1   TOTAL FOR MONTH:   0.05    1 = FOG OR MIST
DPTR FM NORMAL:   4.2   DPTR FM NORMAL:   -0.41    2 = FOG REDUCING VISIBILITY
HIGHEST:    66 ON 13    GRTST 24HR  0.05 ON 17-17      TO 1/4 MILE OR LESS
LOWEST:      7 ON  1                               3 = THUNDER
                        SNOW, ICE PELLETS, HAIL    4 = ICE PELLETS
                        TOTAL MONTH:   0.0 INCH    5 = HAIL
                        GRTST 24HR     0.0         6 = FREEZING RAIN OR DRIZZLE
                        GRTST DEPTH:   0           7 = DUSTSTORM OR SANDSTORM:
                                                       VSBY 1/2 MILE OR LESS
                                                   8 = SMOKE OR HAZE
[NO. OF DAYS WITH]      [WEATHER - DAYS WITH]      9 = BLOWING SNOW
                                                   X = TORNADO
MAX 32 OR BELOW:   3    0.01 INCH OR MORE:   1
MAX 90 OR ABOVE:   0    0.10 INCH OR MORE:   0
MIN 32 OR BELOW:  22    0.50 INCH OR MORE:   0
MIN  0 OR BELOW:   0    1.00 INCH OR MORE:   0

[HDD (BASE 65) ]
TOTAL THIS MO.   774    CLEAR  (SCALE 0-3)  12
DPTR FM NORMAL  -118    PTCLDY (SCALE 4-7)  11
TOTAL FM JUL 1  1813    CLOUDY (SCALE 8-10)  4
DPTR FM NORMAL  -168

[CDD (BASE 65) ]
TOTAL THIS MO.     0
DPTR FM NORMAL     0    [PRESSURE DATA]
TOTAL FM JAN 1  1342    HIGHEST SLP M ON M
DPTR FM NORMAL    44    LOWEST  SLP 29.48 ON 25

[REMARKS]
