000
CXUS56 KFGZ 300900
CF6GCN
PRELIMINARY LOCAL CLIMATOLOGICAL DATA (WS FORM: F-6)

                                          STATION:   GRAND CANYON AZ AIRPORT
                                          MONTH:     JANUARY
                                          YEAR:      2015
                                          LATITUDE:   35 57 N
                                          LONGITUDE: 112  9 W

  TEMPERATURE IN F:       :PCPN:    SNOW:  WIND      :SUNSHINE: SKY     :PK WND
================================================================================
1   2   3   4   5  6A  6B    7    8   9   10  11  12  13   14  15   16   17  18
                                     12Z  AVG MX 2MIN
DY MAX MIN AVG DEP HDD CDD  WTR  SNW DPTH SPD SPD DIR MIN PSBL S-S WX    SPD DR
================================================================================

 1  22  -3  10 -17  55   0 0.03    M    M  2.0 13  40   M    M  10 18     16  50
 2  26  -3  12 -15  53   0    T    M    M  8.7 24  50   M    M   4 18     30  40
 3  43  -5  19  -8  46   0 0.00    M    M  3.2 12 290   M    M   0        16 280
 4  48   4  26  -1  39   0 0.00    M    M  1.8  9 270   M    M   0        13 330
 5  56  14  35   8  30   0    M    M    M  2.4  8 300   M    M   0        11 320
 6  57  20  39  12  26   0 0.00    M    M  5.5 14  50   M    M   0        17  40
 7  52  29  41  14  24   0 0.00    M    M 11.5 25  50   M    M   0        32  60
 8  59  23  41  14  24   0 0.00    M    M  2.1 10 250   M    M   0        13 350
 9  55  20  38  11  27   0 0.00    M    M  3.5 12 220   M    M   0        14 220
10  41  24  33   6  32   0 0.10    M    M  2.3 12 230   M    M   9 12     15 230
11  45  32  39  12  26   0 0.07    M    M  2.8 14 240   M    M  10 12     18 240
12  46  35  41  14  24   0 0.09    M    M  3.6 13 260   M    M   8 1      19 270
13  39  24  32   5  33   0 0.03    M    M  2.9 13  60   M    M   7 1      16  60
14  42  22  32   5  33   0    T    M    M  4.5 18  50   M    M   6 1      24  50
15  49  17  33   5  32   0 0.00    M    M  5.1 14  50   M    M   0        18  30
16  54  15  35   7  30   0 0.00    M    M  2.8 10 210   M    M   0        15 220
17  53  18  36   8  29   0 0.00    M    M  4.7 18  60   M    M   0        22  50
18  58  22  40  12  25   0 0.00    M    M  2.7  9 310   M    M   0        13 350
19  55  20  38  10  27   0 0.00    M    M  3.4 10 260   M    M   0        16 270
20  50  15  33   5  32   0 0.00    M    M  3.7 14  30   M    M   3        21  20
21  45  19  32   4  33   0 0.01    M    M  7.8 18  40   M    M   4 1      25  30
22  36   8  22  -6  43   0 0.00    M    M  6.9 21  50   M    M   0        30  30
23  49  10  30   2  35   0 0.00    M    M  4.1 18  60   M    M   1        23  60
24  50  23  37   9  28   0 0.00    M    M 11.1 25  50   M    M   0        30  40
25  54  19  37   9  28   0 0.00    M    M  8.2 23  50   M    M   0        30  50
26  57  24  41  13  24   0    T    M    0  7.8 20  80   M    M   1        26  70
27  50  26  38   9  27   0    T    M    M  4.9 16 230   M    M   7 1      22 230
28  53  22  38   9  27   0 0.00    M    M  1.2 12  40   M    M   2        14  40
29  50  36  43  14  22   0 0.22    M    M  9.9 20  70   M    M   8 1      25  80
================================================================================
SM 1394  530       914   0  0.55    M    141.1          M       80
================================================================================
AV 48.1 18.3                               4.9 FASTST   M    M   3    MAX(MPH)
                                 MISC ---->  # 25  50               # 32   60
================================================================================
NOTES:
# LAST OF SEVERAL OCCURRENCES

COLUMN 17 PEAK WIND IN M.P.H.

PRELIMINARY LOCAL CLIMATOLOGICAL DATA (WS FORM: F-6) , PAGE 2

                                          STATION:  GRAND CANYON AZ AIRPORT
                                          MONTH:    JANUARY
                                          YEAR:     2015
                                          LATITUDE:   35 57 N
                                          LONGITUDE: 112  9 W

[TEMPERATURE DATA]      [PRECIPITATION DATA]       SYMBOLS USED IN COLUMN 16

AVERAGE MONTHLY: 33.2   TOTAL FOR MONTH:   0.55    1 = FOG OR MIST
DPTR FM NORMAL:   5.6   DPTR FM NORMAL:   -1.11    2 = FOG REDUCING VISIBILITY
HIGHEST:    59 ON  8    GRTST 24HR  0.22 ON 29-29      TO 1/4 MILE OR LESS
LOWEST:     -5 ON  3                               3 = THUNDER
                        SNOW, ICE PELLETS, HAIL    4 = ICE PELLETS
                        TOTAL MONTH:    M          5 = HAIL
                        GRTST 24HR    M  ON   M    6 = FREEZING RAIN OR DRIZZLE
                        GRTST DEPTH:   0           7 = DUSTSTORM OR SANDSTORM:
                                                       VSBY 1/2 MILE OR LESS
                                                   8 = SMOKE OR HAZE
[NO. OF DAYS WITH]      [WEATHER - DAYS WITH]      9 = BLOWING SNOW
                                                   X = TORNADO
MAX 32 OR BELOW:   2    0.01 INCH OR MORE:   7
MAX 90 OR ABOVE:   0    0.10 INCH OR MORE:   2
MIN 32 OR BELOW:  27    0.50 INCH OR MORE:   0
MIN  0 OR BELOW:   3    1.00 INCH OR MORE:   0

[HDD (BASE 65) ]
TOTAL THIS MO.   914    CLEAR  (SCALE 0-3)  19
DPTR FM NORMAL  -171    PTCLDY (SCALE 4-7)   6
TOTAL FM JUL 1  3372    CLOUDY (SCALE 8-10)  4
DPTR FM NORMAL  -623

[CDD (BASE 65) ]
TOTAL THIS MO.     0
DPTR FM NORMAL     0    [PRESSURE DATA]
TOTAL FM JAN 1     0    HIGHEST SLP M ON M
DPTR FM NORMAL     0    LOWEST  SLP 29.83 ON  1

[REMARKS]
