000
CXUS54 KFWD 290730
CF6GDJ
PRELIMINARY LOCAL CLIMATOLOGICAL DATA (WS FORM: F-6)

                                          STATION:   GRANBURY
                                          MONTH:     JANUARY
                                          YEAR:      2015
                                          LATITUDE:   32 26 N
                                          LONGITUDE:  97 48 W

  TEMPERATURE IN F:       :PCPN:    SNOW:  WIND      :SUNSHINE: SKY     :PK WND
================================================================================
1   2   3   4   5  6A  6B    7    8   9   10  11  12  13   14  15   16   17  18
                                     12Z  AVG MX 2MIN
DY MAX MIN AVG DEP HDD CDD  WTR  SNW DPTH SPD SPD DIR MIN PSBL S-S WX    SPD DR
================================================================================

 1  35  31  33 -10  32   0 0.27    M    0  2.6  6 310   M    M  10 16      M  M
 2  39  35  37  -6  28   0 0.12    M    0  5.1  9 280   M    M  10 13      9 310
 3  60  37  49   6  16   0 0.24    M    0  7.1 17 230   M    M   4 3      29 230
 4  43  26  35  -8  30   0 0.00  0.0    0 10.6 21 320   M    M   1        29 330
 5  51  21  36  -7  29   0 0.00  0.0    0  4.1  9 170   M    M   0        17 170
 6  62  28  45   2  20   0 0.00  0.0    0  1.9  7 330   M    M   0         M  M
 7  42  24  33 -10  32   0 0.00  0.0    0 13.0 23 360   M    M   0        33 360
 8  43  19  31 -12  34   0 0.00  0.0    0  6.1 15 170   M    M   0        16 210
 9  38  29  34  -9  31   0 0.00  0.0    0  6.1 15 360   M    M   9        21 360
10  38  33  36  -7  29   0 0.03  0.0    0  5.1 10 140   M    M  10         M  M
11  45  34  40  -3  25   0 0.33  0.0    0  6.4  9 110   M    M  10 1       M  M
12  45  35  40  -3  25   0 0.00  0.0    0  9.3 14 340   M    M  10 1      23 350
13  40  33  37  -6  28   0 0.00  0.0    0  6.4 10 350   M    M  10        16 350
14  42  37  40  -3  25   0 0.00  0.0    0  3.4  7 300   M    M  10         M  M
15  57  31  44   1  21   0 0.00  0.0    0  4.2 10 330   M    M   2         M  M
16  66  29  48   5  17   0 0.00  0.0    0  3.5 12 180   M    M   0         M  M
17  70  36  53  10  12   0 0.00  0.0    0  8.3 23 330   M    M   0        29 330
18  72  30  51   8  14   0 0.00  0.0    0  3.9 13 190   M    M   0        17 190
19  73  34  54  10  11   0 0.00  0.0    0  2.2  7 250   M    M   0         M  M
20  73  35  54  10  11   0 0.00  0.0    0  2.9 15  10   M    M   0        21  10
21  60  44  52   8  13   0 0.31  0.0    0  6.2 14  80   M    M   8        18  60
22  48  39  44   0  21   0 0.70  0.0    0  9.7 17  10   M    M  10 1      24  10
23  52  38  45   1  20   0 0.00  0.0    0  8.3 15 310   M    M   4        21 300
24  60  31  46   2  19   0 0.00  0.0    0  4.6 12 290   M    M   0         M  M
25  66  35  51   7  14   0 0.00  0.0    0  9.2 23 310   M    M   0        30 300
26  76  32  54  10  11   0 0.00  0.0    0  3.4 14 280   M    M   0        17 280
27  80  40  60  16   5   0 0.00  0.0    0  1.1  5 140   M    M   0         M  M
28  83  40  62  18   3   0 0.00  0.0    0  6.0 15 210   M    M   0        21 200
================================================================================
SM 1559  916       576   0  2.00     0.0 160.7          M      108
================================================================================
AV 55.7 32.7                               5.7 FASTST   M    M   4    MAX(MPH)
                                 MISC ---->  # 23 360                 33    M
================================================================================
NOTES:
# LAST OF SEVERAL OCCURRENCES

COLUMN 17 PEAK WIND IN M.P.H.

PRELIMINARY LOCAL CLIMATOLOGICAL DATA (WS FORM: F-6) , PAGE 2

                                          STATION:  GRANBURY
                                          MONTH:    JANUARY
                                          YEAR:     2015
                                          LATITUDE:   32 26 N
                                          LONGITUDE:  97 48 W

[TEMPERATURE DATA]      [PRECIPITATION DATA]       SYMBOLS USED IN COLUMN 16

AVERAGE MONTHLY: 44.2   TOTAL FOR MONTH:   2.00    1 = FOG OR MIST
DPTR FM NORMAL:   0.8   DPTR FM NORMAL:       M    2 = FOG REDUCING VISIBILITY
HIGHEST:    83 ON 28    GRTST 24HR  0.70 ON 22-22      TO 1/4 MILE OR LESS
LOWEST:     19 ON  8                               3 = THUNDER
                        SNOW, ICE PELLETS, HAIL    4 = ICE PELLETS
                        TOTAL MONTH:   0.0 INCH    5 = HAIL
                        GRTST 24HR     0.0         6 = FREEZING RAIN OR DRIZZLE
                        GRTST DEPTH:   0           7 = DUSTSTORM OR SANDSTORM:
                                                       VSBY 1/2 MILE OR LESS
                                                   8 = SMOKE OR HAZE
[NO. OF DAYS WITH]      [WEATHER - DAYS WITH]      9 = BLOWING SNOW
                                                   X = TORNADO
MAX 32 OR BELOW:   0    0.01 INCH OR MORE:   7
MAX 90 OR ABOVE:   0    0.10 INCH OR MORE:   6
MIN 32 OR BELOW:  12    0.50 INCH OR MORE:   1
MIN  0 OR BELOW:   0    1.00 INCH OR MORE:   0

[HDD (BASE 65) ]
TOTAL THIS MO.   576    CLEAR  (SCALE 0-3)  16
DPTR FM NORMAL   -31    PTCLDY (SCALE 4-7)   3
TOTAL FM JUL 1  1378    CLOUDY (SCALE 8-10)  9
DPTR FM NORMAL  -303

[CDD (BASE 65) ]
TOTAL THIS MO.     0
DPTR FM NORMAL     0    [PRESSURE DATA]
TOTAL FM JAN 1     0    HIGHEST SLP M ON M
DPTR FM NORMAL     0    LOWEST  SLP M ON M

[REMARKS]
