000
CXUS54 KMAF 281100
CF6GDP
PRELIMINARY LOCAL CLIMATOLOGICAL DATA (WS FORM: F-6)

                                          STATION:   Guadalupe Pass
                                          MONTH:     FEBRUARY
                                          YEAR:      2015
                                          LATITUDE:   31 49 N
                                          LONGITUDE: 104 48 W

  TEMPERATURE IN F:       :PCPN:    SNOW:  WIND      :SUNSHINE: SKY     :PK WND
================================================================================
1   2   3   4   5  6A  6B    7    8   9   10  11  12  13   14  15   16   17  18
                                     12Z  AVG MX 2MIN
DY MAX MIN AVG DEP HDD CDD  WTR  SNW DPTH SPD SPD DIR MIN PSBL S-S WX    SPD DR
================================================================================

 1  49  36  43  -1  22   0 0.00  0.0    0 20.9 33  70   M    M   7 12     37  70
 2  54  31  43  -1  22   0 0.00  0.0    0 19.6 33 240   M    M   6 12     38 240
 3  63  39  51   7  14   0 0.00  0.0    0 14.2 28 250   M    M   0        33 250
 4  67  25  46   2  19   0 0.00  0.0    0 22.7 46  70   M    M   0 1      49  70
 5  60  24  42  -2  23   0    T    M    0 14.5 38  70   M    M   4 126    40  70
 6  70  41  56  12   9   0 0.00  0.0    0 16.8 30 250   M    M   0        34 250
 7  72  45  59  15   6   0 0.00  0.0    0 23.3 40 240   M    M   0        49 240
 8  76  47  62  18   3   0 0.00  0.0    0 14.4 30 210   M    M   0        36 220
 9  75  54  65  20   0   0 0.00  0.0    0 10.8 25 230   M    M   0        32 230
10  75  49  62  17   3   0 0.00  0.0    0 14.5 25 250   M    M   0        29 230
11  61  34  48   3  17   0    T    M    0 24.9 51  50   M    M   2 8      57  60
12  44  32  38  -7  27   0    T    M    0 26.6 48  50   M    M   8 8      56  50
13  62  35  49   4  16   0 0.00  0.0    0 15.4 30 240   M    M   1        34 250
14  66  47  57  12   8   0 0.00  0.0    0 11.2 26 250   M    M   0        30 260
15  70  48  59  13   6   0 0.00  0.0    0 25.3 40 250   M    M   1        49 240
16  54  29  42  -4  23   0 0.02    M    0 30.3 45  50   M    M   6 1      48  50
17  50  26  38  -8  27   0    T    M    0 19.3 44  50   M    M   6 126    51  50
18  66  32  49   3  16   0 0.00  0.0    0 20.4 33 250   M    M   0        39 240
19  71  42  57  11   8   0 0.00  0.0    0 20.3 41 250   M    M   0        48 250
20  71  46  59  13   6   0 0.00  0.0    0 27.6 48 250   M    M   0        55 240
21  71  42  57  10   8   0 0.00  0.0    0 22.0 40 240   M    M   0        48 240
22  57  19  38  -9  27   0 0.02    M    0 26.2 49  50   M    M   8 126    54  50
23   M   M   M   M   M   M    T    M    0 38.6 43 100   M    M  10 16    181 150
24   M   M   M   M   M   M    M    M    M   M   M   M   M    M   0         M  M
25   M   M   M   M   M   M 0.00  0.0    M   M   M   M   M    M   0         M  M
26   M   M   M   M   M   M    T    M    0 38.0 39  60   M    M   2 16     47  60
27  20  17  19 -29  46   0    T    M    0 24.1 36  60   M    M  10 16     39  60
================================================================================
SM 1424  840       356   0  0.04     0.0 541.9          M       71
================================================================================
AV 61.9 36.5                              21.7 FASTST   M    M   3    MAX(MPH)
                                 MISC ---->  # 51  50                181    M
================================================================================
NOTES:
# LAST OF SEVERAL OCCURRENCES

COLUMN 17 PEAK WIND IN M.P.H.

PRELIMINARY LOCAL CLIMATOLOGICAL DATA (WS FORM: F-6) , PAGE 2

                                          STATION:  Guadalupe Pass
                                          MONTH:    FEBRUARY
                                          YEAR:     2015
                                          LATITUDE:   31 49 N
                                          LONGITUDE: 104 48 W

[TEMPERATURE DATA]      [PRECIPITATION DATA]       SYMBOLS USED IN COLUMN 16

AVERAGE MONTHLY: 49.2   TOTAL FOR MONTH:   0.04    1 = FOG OR MIST
DPTR FM NORMAL:   3.7   DPTR FM NORMAL:   -0.27    2 = FOG REDUCING VISIBILITY
HIGHEST:    76 ON  8    GRTST 24HR  0.07 ON 31- 1      TO 1/4 MILE OR LESS
LOWEST:     17 ON 27                               3 = THUNDER
                        SNOW, ICE PELLETS, HAIL    4 = ICE PELLETS
                        TOTAL MONTH:   0.0 INCH    5 = HAIL
                        GRTST 24HR     0.0         6 = FREEZING RAIN OR DRIZZLE
                        GRTST DEPTH:   0           7 = DUSTSTORM OR SANDSTORM:
                                                       VSBY 1/2 MILE OR LESS
                                                   8 = SMOKE OR HAZE
[NO. OF DAYS WITH]      [WEATHER - DAYS WITH]      9 = BLOWING SNOW
                                                   X = TORNADO
MAX 32 OR BELOW:   1    0.01 INCH OR MORE:   2
MAX 90 OR ABOVE:   0    0.10 INCH OR MORE:   0
MIN 32 OR BELOW:   9    0.50 INCH OR MORE:   0
MIN  0 OR BELOW:   0    1.00 INCH OR MORE:   0

[HDD (BASE 65) ]
TOTAL THIS MO.   356    CLEAR  (SCALE 0-3)  18
DPTR FM NORMAL  -170    PTCLDY (SCALE 4-7)   7
TOTAL FM JUL 1  1696    CLOUDY (SCALE 8-10)  2
DPTR FM NORMAL  -949

[CDD (BASE 65) ]
TOTAL THIS MO.     0
DPTR FM NORMAL     0    [PRESSURE DATA]
TOTAL FM JAN 1     0    HIGHEST SLP M ON M
DPTR FM NORMAL     0    LOWEST  SLP 29.65 ON 20

[REMARKS]
