000
CXUS56 KOTX 281500
CF6GEG
PRELIMINARY LOCAL CLIMATOLOGICAL DATA (WS FORM: F-6)

                                          STATION:   SPOKANE WA AIRPORT
                                          MONTH:     AUGUST
                                          YEAR:      2016
                                          LATITUDE:   47 37 N
                                          LONGITUDE: 117 32 W

  TEMPERATURE IN F:       :PCPN:    SNOW:  WIND      :SUNSHINE: SKY     :PK WND
================================================================================
1   2   3   4   5  6A  6B    7    8   9   10  11  12  13   14  15   16   17  18
                                     12Z  AVG MX 2MIN
DY MAX MIN AVG DEP HDD CDD  WTR  SNW DPTH SPD SPD DIR MIN PSBL S-S WX    SPD DR
================================================================================

 1  85  58  72   0   0   7 0.00  0.0    0  4.7 14 250   M    M   2        19 240
 2  79  56  68  -4   0   3 0.00  0.0    0 14.8 33 250   M    M   3 78     41 250
 3  78  50  64  -8   1   0 0.00  0.0    0  9.3 20 220   M    M   5        24 220
 4  85  57  71  -1   0   6 0.00  0.0    0  5.3 10  70   M    M   0         M  M
 5  92  60  76   4   0  11 0.00  0.0    0  5.5 14  70   M    M   3        17  70
 6  87  64  76   4   0  11    T  0.0    0  7.1 15 230   M    M   5        19 220
 7  78  55  67  -4   0   2 0.01  0.0    0  8.9 22 210   M    M   5 38     27 220
 8  73  53  63  -8   2   0 0.00  0.0    0  8.1 16 230   M    M   7        21 190
 9  65  53  59 -12   6   0 0.15  0.0    0  6.1 18 200   M    M   9 13     23 210
10  76  53  65  -6   0   0 0.00  0.0    0  6.0 14 200   M    M   7        18 200
11  85  57  71   0   0   6 0.00  0.0    0  4.6 14 270   M    M   4        17 280
12  89  59  74   4   0   9 0.00  0.0    0  4.2 14 280   M    M   3        22 280
13  91  62  77   7   0  12 0.00  0.0    0  4.7 13 210   M    M   6        17 220
14  93  66  80  10   0  15 0.00  0.0    0  8.1 20 250   M    M   5        24 230
15  92  62  77   7   0  12 0.00  0.0    0  5.8 12 220   M    M   2        16 260
16  93  59  76   6   0  11 0.00  0.0    0  5.5 14 240   M    M   2        20 250
17  93  63  78   9   0  13 0.00  0.0    0  5.6 12 280   M    M   2        15 250
18  93  67  80  11   0  15 0.00  0.0    0 10.5 29  60   M    M   4        38  60
19  85  61  73   4   0   8 0.00  0.0    0 11.1 24  40   M    M   5        29  40
20  91  56  74   5   0   9 0.00  0.0    0  4.6 14 240   M    M   3        18 260
21  90  60  75   7   0  10 0.00  0.0    0 17.2 30 230   M    M   3        37 230
22  75  52  64  -4   1   0 0.00  0.0    0 10.9 21 260   M    M   6        27 230
23  79  50  65  -3   0   0 0.00  0.0    0  4.6 12 350   M    M   5 8      17 240
24  82  57  70   2   0   5 0.00  0.0    0  7.2 16  40   M    M   4        23  40
25  83  55  69   2   0   4 0.00  0.0    0  5.8 15  20   M    M   4        21  40
26  85  60  73   6   0   8 0.00  0.0    0  7.3 16 260   M    M   7        19 260
27  86  61  74   7   0   9 0.00  0.0    0 16.9 33 240   M    M   7        40 250
================================================================================
SM 2283 1566        10 186  0.16     0.0 210.4          M      118
================================================================================
AV 84.6 58.0                               7.8 FASTST   M    M   4    MAX(MPH)
                                 MISC ---->  # 33 250               # 41  250
================================================================================
NOTES:
# LAST OF SEVERAL OCCURRENCES

COLUMN 17 PEAK WIND IN M.P.H.

PRELIMINARY LOCAL CLIMATOLOGICAL DATA (WS FORM: F-6) , PAGE 2

                                          STATION:  SPOKANE WA AIRPORT
                                          MONTH:    AUGUST
                                          YEAR:     2016
                                          LATITUDE:   47 37 N
                                          LONGITUDE: 117 32 W

[TEMPERATURE DATA]      [PRECIPITATION DATA]       SYMBOLS USED IN COLUMN 16

AVERAGE MONTHLY: 71.3   TOTAL FOR MONTH:   0.16    1 = FOG OR MIST
DPTR FM NORMAL:   1.4   DPTR FM NORMAL:   -0.35    2 = FOG REDUCING VISIBILITY
HIGHEST:    93 ON 18,17 GRTST 24HR  0.15 ON  9- 9      TO 1/4 MILE OR LESS
LOWEST:     50 ON 23, 3                            3 = THUNDER
                        SNOW, ICE PELLETS, HAIL    4 = ICE PELLETS
                        TOTAL MONTH:   0.0 INCH    5 = HAIL
                        GRTST 24HR     0.0         6 = FREEZING RAIN OR DRIZZLE
                        GRTST DEPTH:   0           7 = DUSTSTORM OR SANDSTORM:
                                                       VSBY 1/2 MILE OR LESS
                                                   8 = SMOKE OR HAZE
[NO. OF DAYS WITH]      [WEATHER - DAYS WITH]      9 = BLOWING SNOW
                                                   X = TORNADO
MAX 32 OR BELOW:   0    0.01 INCH OR MORE:   2
MAX 90 OR ABOVE:   9    0.10 INCH OR MORE:   1
MIN 32 OR BELOW:   0    0.50 INCH OR MORE:   0
MIN  0 OR BELOW:   0    1.00 INCH OR MORE:   0

[HDD (BASE 65) ]
TOTAL THIS MO.    10    CLEAR  (SCALE 0-3)   9
DPTR FM NORMAL   -15    PTCLDY (SCALE 4-7)  17
TOTAL FM JUL 1    30    CLOUDY (SCALE 8-10)  1
DPTR FM NORMAL   -27

[CDD (BASE 65) ]
TOTAL THIS MO.   186
DPTR FM NORMAL    31    [PRESSURE DATA]
TOTAL FM JAN 1   464    HIGHEST SLP  0.00 ON  4
DPTR FM NORMAL    66    LOWEST  SLP  0.00 ON M

[REMARKS]
