000
CXUS55 KRIW 010945
CF6GEY
PRELIMINARY LOCAL CLIMATOLOGICAL DATA (WS FORM: F-6)

                                          STATION:   GREYBULL WY
                                          MONTH:     AUGUST
                                          YEAR:      2015
                                          LATITUDE:   44 30 N
                                          LONGITUDE: 108  4 W

  TEMPERATURE IN F:       :PCPN:    SNOW:  WIND      :SUNSHINE: SKY     :PK WND
================================================================================
1   2   3   4   5  6A  6B    7    8   9   10  11  12  13   14  15   16   17  18
                                     12Z  AVG MX 2MIN
DY MAX MIN AVG DEP HDD CDD  WTR  SNW DPTH SPD SPD DIR MIN PSBL S-S WX    SPD DR
================================================================================

 1  98  58  78   3   0  13 0.00  0.0    0  5.1 17 340   M    M   0        23 330
 2  99  56  78   3   0  13 0.00  0.0    0  5.9 21 330   M    M   0        24 330
 3  92  56  74  -1   0   9 0.00  0.0    0  6.3 38 140   M    M   1        49 140
 4  83  60  72  -3   0   7    T  0.0    0  7.8 35 300   M    M   3 3      43 290
 5  86  54  70  -4   0   5    T  0.0    0  7.5 41 280   M    M   2 3      51 270
 6  86  54  70  -4   0   5 0.00  0.0    0  6.3 37 340   M    M   1        45 340
 7  83  58  71  -3   0   6 0.00  0.0    0  6.3 21 150   M    M   0        26 150
 8  81  58  70  -4   0   5    M  0.0    0  8.9 29 290   M    M   3 13     35 290
 9  87  57  72  -2   0   7    T  0.0    0  5.1 22 310   M    M   3        28 310
10  93  53  73  -1   0   8 0.00  0.0    0  3.2 14 210   M    M   0 8      18 190
11 100  55  78   4   0  13 0.00  0.0    0  3.1 13 200   M    M   0        17 200
12  97  66  82   9   0  17    T  0.0    0  7.9 32 300   M    M   0        39 300
13  98  61  80   7   0  15 0.00  0.0    0  4.7 17 310   M    M   0        23 320
14 101  65  83  10   0  18 0.00  0.0    0  7.7 32 270   M    M   0        40 280
15 101  67  84  11   0  19 0.00  0.0    0  7.8 25 340   M    M   0        34 290
16  82  59  71  -1   0   6 0.00  0.0    0 14.2 29 330   M    M   0        34 330
17  79  50  65  -7   0   0 0.01  0.0    0 12.7 47 340   M    M   1 3      57 340
18  66  47  57 -15   8   0 0.07  0.0    0  9.4 25 330   M    M   1        35 330
19  77  41  59 -13   6   0 0.00  0.0    0  4.6 13 290   M    M   0        15 150
20  84  46  65  -6   0   0 0.00  0.0    0  2.6  7 280   M    M   1 8      13 130
21  93  49  71   0   0   6 0.00  0.0    0  7.3 31 340   M    M   0 8      37 340
22  71  46  59 -12   6   0 0.00  0.0    0 19.9 48 330   M    M   2 8      59 340
23  82  38  60 -10   5   0 0.00  0.0    0  3.1 10 160   M    M   0        17 150
24  93  43  68  -2   0   3 0.00  0.0    0  4.0 12 190   M    M   0        14  80
25  98  51  75   5   0  10 0.00  0.0    0  4.0 22 260   M    M   0        26 260
26  89  58  74   5   0   9    T  0.0    0  7.4 30 270   M    M   3        38 270
27  82  63  73   4   0   8 0.01  0.0    0  8.5 40 310   M    M   4 8      50 310
28  89  52  71   3   0   6 0.00  0.0    0  3.8 14  90   M    M   0 18     18  80
29  97  53  75   7   0  10 0.00  0.0    0  5.7 16 200   M    M   0        20 170
30  91  65  78  10   0  13 0.00  0.0    0  5.5 21 330   M    M   1        26 320
31  88  53  71   4   0   6 0.00  0.0    0  5.7 17 280   M    M   0        22 270
================================================================================
SM 2746 1692        25 237  0.09     0.0 212.0          M       26
================================================================================
AV 88.6 54.6                               6.8 FASTST   M    M   1    MAX(MPH)
                                 MISC ---->  # 48 330               # 59  340
================================================================================
NOTES:
# LAST OF SEVERAL OCCURRENCES

COLUMN 17 PEAK WIND IN M.P.H.

PRELIMINARY LOCAL CLIMATOLOGICAL DATA (WS FORM: F-6) , PAGE 2

                                          STATION:  GREYBULL WY
                                          MONTH:    AUGUST
                                          YEAR:     2015
                                          LATITUDE:   44 30 N
                                          LONGITUDE: 108  4 W

[TEMPERATURE DATA]      [PRECIPITATION DATA]       SYMBOLS USED IN COLUMN 16

AVERAGE MONTHLY: 71.6   TOTAL FOR MONTH:   0.09    1 = FOG OR MIST
DPTR FM NORMAL:  -0.4   DPTR FM NORMAL:   -0.33    2 = FOG REDUCING VISIBILITY
HIGHEST:   101 ON 15,14 GRTST 24HR  0.08 ON 17-18      TO 1/4 MILE OR LESS
LOWEST:     38 ON 23                               3 = THUNDER
                        SNOW, ICE PELLETS, HAIL    4 = ICE PELLETS
                        TOTAL MONTH:   0.0 INCH    5 = HAIL
                        GRTST 24HR     0.0         6 = FREEZING RAIN OR DRIZZLE
                        GRTST DEPTH:   0           7 = DUSTSTORM OR SANDSTORM:
                                                       VSBY 1/2 MILE OR LESS
                                                   8 = SMOKE OR HAZE
[NO. OF DAYS WITH]      [WEATHER - DAYS WITH]      9 = BLOWING SNOW
                                                   X = TORNADO
MAX 32 OR BELOW:   0    0.01 INCH OR MORE:   3
MAX 90 OR ABOVE:  14    0.10 INCH OR MORE:   0
MIN 32 OR BELOW:   0    0.50 INCH OR MORE:   0
MIN  0 OR BELOW:   0    1.00 INCH OR MORE:   0

[HDD (BASE 65) ]
TOTAL THIS MO.    25    CLEAR  (SCALE 0-3)  28
DPTR FM NORMAL    10    PTCLDY (SCALE 4-7)   3
TOTAL FM JUL 1    28    CLOUDY (SCALE 8-10)  0
DPTR FM NORMAL     7

[CDD (BASE 65) ]
TOTAL THIS MO.   237
DPTR FM NORMAL     7    [PRESSURE DATA]
TOTAL FM JAN 1   749    HIGHEST SLP 30.25 ON 23
DPTR FM NORMAL   116    LOWEST  SLP 29.47 ON 21

[REMARKS]
#FINAL-08-15#
