000
CXUS53 KIND 200730
CF6GEZ
PRELIMINARY LOCAL CLIMATOLOGICAL DATA (WS FORM: F-6)

                                          STATION:   SHELBYVILLE IN
                                          MONTH:     NOVEMBER
                                          YEAR:      2017
                                          LATITUDE:   39 35 N
                                          LONGITUDE:  85 48 W

  TEMPERATURE IN F:       :PCPN:    SNOW:  WIND      :SUNSHINE: SKY     :PK WND
================================================================================
1   2   3   4   5  6A  6B    7    8   9   10  11  12  13   14  15   16   17  18
                                     12Z  AVG MX 2MIN
DY MAX MIN AVG DEP HDD CDD  WTR  SNW DPTH SPD SPD DIR MIN PSBL S-S WX    SPD DR
================================================================================

 1  58  35  47  -2  18   0 1.13    M    M  7.8 20 180   M    M  10 1      29 180
 2  67  58  63  14   2   0    T    M    M 11.6 17 180   M    M  10        23 190
 3  65  44  55   6  10   0 0.01    M    M 10.8 20  20   M    M   4 13     26  50
 4  64  44  54   6  11   0    T    M    M  8.7 15 180   M    M   8 18     19 170
 5  72  56  64  16   1   0 3.48    M    M 11.1 28 280   M    M  10 13     39 280
 6  56  46  51   3  14   0 0.01    M    M  9.3 17 340   M    M   8        24 340
 7  50  43  47   0  18   0 0.44    M    M 11.9 20  60   M    M   8 1      26  20
 8  53  34  44  -3  21   0 0.00    M    M  5.9 14  40   M    M   4        17  40
 9  56  29  43  -4  22   0 0.00    M    M  7.2 20 260   M    M   0 18     25 260
10  35  25  30 -16  35   0 0.00    M    M  9.3 18  30   M    M   0        24  30
11  44  24  34 -12  31   0 0.00    M    M  6.0 12 120   M    M   1        14 120
12  46  30  38  -7  27   0 0.06    M    M  4.8 14 340   M    M   7 1      18 330
13  46  33  40  -5  25   0    T    M    M  4.3 12 330   M    M   9 18     14 330
14  52  31  42  -3  23   0 0.00    M    M  7.3 13 140   M    M   1        17 140
15  50  39  45   1  20   0 0.64    M    M 10.3 18 190   M    M   8 1      28 200
16   M   M   M   M   M   M 0.00    M    M   M  13 320   M    M   5        17 330
17  51  35  43   0  22   0 0.06    M    M 12.6 21 170   M    M   7        26 170
18  66  40  53  10  12   0 0.63    M    M 18.4 29 330   M    M  10 13     39 330
19  40  26  33  -9  32   0 0.00    M    M 11.7 24 300   M    M   7        31 300
================================================================================
SM  971  672       344   0  6.46    M    169.0          M      117
================================================================================
AV 53.9 37.3                               9.4 FASTST   M    M   6    MAX(MPH)
                                 MISC ---->  # 29 330               # 39  280
================================================================================
NOTES:
# LAST OF SEVERAL OCCURRENCES

COLUMN 17 PEAK WIND IN M.P.H.

PRELIMINARY LOCAL CLIMATOLOGICAL DATA (WS FORM: F-6) , PAGE 2

                                          STATION:  SHELBYVILLE IN
                                          MONTH:    NOVEMBER
                                          YEAR:     2017
                                          LATITUDE:   39 35 N
                                          LONGITUDE:  85 48 W

[TEMPERATURE DATA]      [PRECIPITATION DATA]       SYMBOLS USED IN COLUMN 16

AVERAGE MONTHLY: 45.6   TOTAL FOR MONTH:   6.46    1 = FOG OR MIST
DPTR FM NORMAL:  -0.4   DPTR FM NORMAL:    4.10    2 = FOG REDUCING VISIBILITY
HIGHEST:    72 ON  5    GRTST 24HR  3.48 ON  5- 5      TO 1/4 MILE OR LESS
LOWEST:     24 ON 11                               3 = THUNDER
                        SNOW, ICE PELLETS, HAIL    4 = ICE PELLETS
                        TOTAL MONTH:    M          5 = HAIL
                        GRTST 24HR    M  ON   M    6 = FREEZING RAIN OR DRIZZLE
                        GRTST DEPTH:  M  ON   M    7 = DUSTSTORM OR SANDSTORM:
                                                       VSBY 1/2 MILE OR LESS
                                                   8 = SMOKE OR HAZE
[NO. OF DAYS WITH]      [WEATHER - DAYS WITH]      9 = BLOWING SNOW
                                                   X = TORNADO
MAX 32 OR BELOW:   0    0.01 INCH OR MORE:   9
MAX 90 OR ABOVE:   0    0.10 INCH OR MORE:   5
MIN 32 OR BELOW:   6    0.50 INCH OR MORE:   4
MIN  0 OR BELOW:   0    1.00 INCH OR MORE:   2

[HDD (BASE 65) ]
TOTAL THIS MO.   344    CLEAR  (SCALE 0-3)   4
DPTR FM NORMAL   -16    PTCLDY (SCALE 4-7)  10
TOTAL FM JUL 1   648    CLOUDY (SCALE 8-10)  5
DPTR FM NORMAL  -147

[CDD (BASE 65) ]
TOTAL THIS MO.     0
DPTR FM NORMAL     0    [PRESSURE DATA]
TOTAL FM JAN 1  1132    HIGHEST SLP M ON M
DPTR FM NORMAL   219    LOWEST  SLP 29.22 ON 18

[REMARKS]
