000
CXUS55 KALY 230710
CF6GFL
PRELIMINARY LOCAL CLIMATOLOGICAL DATA (WS FORM: F-6)

                                          STATION:   GLENS FALLS NY
                                          MONTH:     AUGUST
                                          YEAR:      2017
                                          LATITUDE:   43 20 N
                                          LONGITUDE:  73 37 W

  TEMPERATURE IN F:       :PCPN:    SNOW:  WIND      :SUNSHINE: SKY     :PK WND
================================================================================
1   2   3   4   5  6A  6B    7    8   9   10  11  12  13   14  15   16   17  18
                                     12Z  AVG MX 2MIN
DY MAX MIN AVG DEP HDD CDD  WTR  SNW DPTH SPD SPD DIR MIN PSBL S-S WX    SPD DR
================================================================================

 1  85  58  72   3   0   7 0.00    M    M  1.9  8 180   M    M   1 128    14 170
 2  85  58  72   3   0   7    T    M    M  3.1 12 200   M    M   0 1238   16 180
 3  85  60  73   4   0   8    T    M    M  3.7 13 160   M    M   2 18     16 160
 4  84  63  74   5   0   9    T    M    M  6.6 15 200   M    M   3 138    21 160
 5  78  57  68   0   0   3 0.65    M    M  7.5 17 210   M    M   6 13     26 270
 6  75  53  64  -4   1   0 0.00    M    M  4.2 14 290   M    M   2 18     20 280
 7  77  52  65  -3   0   0 0.02    M    M  6.6 21 180   M    M   3 1      28 180
 8  79  51  65  -3   0   0 0.02    M    M  4.2 10 360   M    M   6 18     13 360
 9  83  49  66  -2   0   1 0.02    M    M  3.7 20 340   M    M   1 12     30 320
10  84  54  69   1   0   4 0.00    M    M  2.6 12 150   M    M   3 128    14 160
11  75  57  66  -2   0   1    T    M    M  3.5 16 190   M    M   3 12     22 190
12  80  63  72   4   0   7 0.02    M    M  8.0 15 210   M    M   6        21 220
13  81  54  68   0   0   3    T    M    M  3.9 16 320   M    M   6 12     20 320
14  78  50  64  -4   1   0    T    M    M  2.8 14 160   M    M   0 1      17 150
15  79  56  68   1   0   3 0.01    M    M  4.5 15 190   M    M   4 1      20 160
16  77  49  63  -4   2   0 0.00    M    M  5.2 15  80   M    M   2 128    19  70
17  78  45  62  -5   3   0 0.00    M    M  2.4 10 150   M    M   0 18     13 150
18  78  61  70   3   0   5 0.40    M    M  5.3 14 190   M    M   9 1      16 180
19  82  62  72   5   0   7 0.00    M    M  5.6 17 210   M    M   4 12     24 230
20  81  57  69   2   0   4 0.00    M    M  4.5 15 330   M    M   3 18     19 320
21  84  53  69   3   0   4 0.00    M    M  4.3 14 160   M    M   1 12     19 190
22  87  59  73   7   0   8 0.37    M    M  7.6 22 180   M    M   5 123    29 190
================================================================================
SM 1775 1221         7  81  1.51    M    101.7          M       70
================================================================================
AV 80.7 55.5                               4.6 FASTST   M    M   3    MAX(MPH)
                                 MISC ---->  # 22 180               # 30  320
================================================================================
NOTES:
# LAST OF SEVERAL OCCURRENCES

COLUMN 17 PEAK WIND IN M.P.H.

PRELIMINARY LOCAL CLIMATOLOGICAL DATA (WS FORM: F-6) , PAGE 2

                                          STATION:  GLENS FALLS NY
                                          MONTH:    AUGUST
                                          YEAR:     2017
                                          LATITUDE:   43 20 N
                                          LONGITUDE:  73 37 W

[TEMPERATURE DATA]      [PRECIPITATION DATA]       SYMBOLS USED IN COLUMN 16

AVERAGE MONTHLY: 68.1   TOTAL FOR MONTH:   1.51    1 = FOG OR MIST
DPTR FM NORMAL:   0.4   DPTR FM NORMAL:   -1.24    2 = FOG REDUCING VISIBILITY
HIGHEST:    87 ON 22    GRTST 24HR  0.65 ON  5- 5      TO 1/4 MILE OR LESS
LOWEST:     45 ON 17                               3 = THUNDER
                        SNOW, ICE PELLETS, HAIL    4 = ICE PELLETS
                        TOTAL MONTH:    M          5 = HAIL
                        GRTST 24HR    M  ON   M    6 = FREEZING RAIN OR DRIZZLE
                        GRTST DEPTH:  M  ON   M    7 = DUSTSTORM OR SANDSTORM:
                                                       VSBY 1/2 MILE OR LESS
                                                   8 = SMOKE OR HAZE
[NO. OF DAYS WITH]      [WEATHER - DAYS WITH]      9 = BLOWING SNOW
                                                   X = TORNADO
MAX 32 OR BELOW:   0    0.01 INCH OR MORE:   8
MAX 90 OR ABOVE:   0    0.10 INCH OR MORE:   3
MIN 32 OR BELOW:   0    0.50 INCH OR MORE:   1
MIN  0 OR BELOW:   0    1.00 INCH OR MORE:   0

[HDD (BASE 65) ]
TOTAL THIS MO.     7    CLEAR  (SCALE 0-3)  13
DPTR FM NORMAL   -17    PTCLDY (SCALE 4-7)   8
TOTAL FM JUL 1    19    CLOUDY (SCALE 8-10)  1
DPTR FM NORMAL   -26

[CDD (BASE 65) ]
TOTAL THIS MO.    81
DPTR FM NORMAL    -1    [PRESSURE DATA]
TOTAL FM JAN 1   314    HIGHEST SLP M ON M
DPTR FM NORMAL    12    LOWEST  SLP 29.67 ON 22

[REMARKS]
