000
CXUS55 KGGW 270800
CF6GGW
PRELIMINARY LOCAL CLIMATOLOGICAL DATA (WS FORM: F-6)

                                          STATION:   GLASGOW MT
                                          MONTH:     SEPTEMBER
                                          YEAR:      2016
                                          LATITUDE:   48 13 N
                                          LONGITUDE: 106 37 W

  TEMPERATURE IN F:       :PCPN:    SNOW:  WIND      :SUNSHINE: SKY     :PK WND
================================================================================
1   2   3   4   5  6A  6B    7    8   9   10  11  12  13   14  15   16   17  18
                                     12Z  AVG MX 2MIN
DY MAX MIN AVG DEP HDD CDD  WTR  SNW DPTH SPD SPD DIR MIN PSBL S-S WX    SPD DR
================================================================================

 1  94  66  80  15   0  15    T  0.0    0 10.0 21 110   M    M   0        28 230
 2  91  61  76  12   0  11 0.00  0.0    0  9.7 23 300   M    M   0        28 310
 3  75  53  64   0   1   0 0.00  0.0    0  7.7 17 300   M    M   2        22 300
 4  62  51  57  -7   8   0    T  0.0    0 10.6 18  60   M    M   7        22  50
 5  53  46  50 -13  15   0 0.25  0.0    0  7.5 17  40   M    M   7 1      21  40
 6  73  40  57  -6   8   0 0.00  0.0    0  8.8 17 140   M    M   4 12     24 180
 7  72  52  62   0   3   0 0.14  0.0    0 13.5 33 280   M    M   4 13     39 280
 8  71  49  60  -2   5   0    T  0.0    0 14.4 41 290   M    M   5        59 280
 9  69  46  58  -3   7   0 0.21  0.0    0 15.0 31 310   M    M   5 13     38 320
10  78  43  61   0   4   0 0.00  0.0    0 10.0 24 290   M    M   1        31 280
11  64  48  56  -4   9   0 0.00  0.0    0 11.5 25 320   M    M   2        30 320
12  52  32  42 -18  23   0    T  0.0    0 12.9 23 310   M    M   8        29 310
13  60  27  44 -15  21   0 0.00  0.0    0  9.9 17 170   M    M   0        25 200
14  71  41  56  -3   9   0 0.00  0.0    0  8.2 14 160   M    M   1        18 160
15  73  49  61   3   4   0    T  0.0    0  9.6 20 300   M    M   4        22 290
16  77  47  62   4   3   0    T  0.0    0  8.5 14 160   M    M   2        24 150
17  82  48  65   8   0   0 0.00  0.0    0 10.4 23 260   M    M   2        32 260
18  74  47  61   4   4   0 0.00  0.0    0 16.8 44 280   M    M   4        58 280
19  74  41  58   2   7   0 0.00  0.0    0  9.8 24 290   M    M   1        31 270
20  70  41  56   0   9   0 0.05  0.0    0  5.9 20 300   M    M   4        23 300
21  55  51  53  -3  12   0 0.36  0.0    0  7.4 13 180   M    M   9 1      16 190
22  52  49  51  -4  14   0 0.29  0.0    0 21.2 29  80   M    M  10 1      37  80
23  54  47  51  -4  14   0 0.16  0.0    0 10.9 22 100   M    M  10 12     30  80
24  54  44  49  -5  16   0 0.21  0.0    0 15.0 30 320   M    M   9 12     37 320
25  67  36  52  -2  13   0 0.00  0.0    0 11.3 25 290   M    M   0        31 280
26  72  38  55   2  10   0 0.00  0.0    0  7.8 16 300   M    M   0        20 270
================================================================================
SM 1789 1193       219  26  1.67     0.0 284.3          M      101
================================================================================
AV 68.8 45.9                              10.9 FASTST   M    M   4    MAX(MPH)
                                 MISC ---->  # 44 280               # 59  280
================================================================================
NOTES:
# LAST OF SEVERAL OCCURRENCES

COLUMN 17 PEAK WIND IN M.P.H.

PRELIMINARY LOCAL CLIMATOLOGICAL DATA (WS FORM: F-6) , PAGE 2

                                          STATION:  GLASGOW MT
                                          MONTH:    SEPTEMBER
                                          YEAR:     2016
                                          LATITUDE:   48 13 N
                                          LONGITUDE: 106 37 W

[TEMPERATURE DATA]      [PRECIPITATION DATA]       SYMBOLS USED IN COLUMN 16

AVERAGE MONTHLY: 57.3   TOTAL FOR MONTH:   1.67    1 = FOG OR MIST
DPTR FM NORMAL:  -1.7   DPTR FM NORMAL:    0.86    2 = FOG REDUCING VISIBILITY
HIGHEST:    94 ON  1    GRTST 24HR  0.45 ON 22-23      TO 1/4 MILE OR LESS
LOWEST:     27 ON 13                               3 = THUNDER
                        SNOW, ICE PELLETS, HAIL    4 = ICE PELLETS
                        TOTAL MONTH:   0.0 INCH    5 = HAIL
                        GRTST 24HR     0.0         6 = FREEZING RAIN OR DRIZZLE
                        GRTST DEPTH:   0           7 = DUSTSTORM OR SANDSTORM:
                                                       VSBY 1/2 MILE OR LESS
                                                   8 = SMOKE OR HAZE
[NO. OF DAYS WITH]      [WEATHER - DAYS WITH]      9 = BLOWING SNOW
                                                   X = TORNADO
MAX 32 OR BELOW:   0    0.01 INCH OR MORE:   8
MAX 90 OR ABOVE:   2    0.10 INCH OR MORE:   7
MIN 32 OR BELOW:   2    0.50 INCH OR MORE:   0
MIN  0 OR BELOW:   0    1.00 INCH OR MORE:   0

[HDD (BASE 65) ]
TOTAL THIS MO.   219    CLEAR  (SCALE 0-3)  12
DPTR FM NORMAL    28    PTCLDY (SCALE 4-7)  10
TOTAL FM JUL 1   253    CLOUDY (SCALE 8-10)  4
DPTR FM NORMAL     9

[CDD (BASE 65) ]
TOTAL THIS MO.    26
DPTR FM NORMAL   -11    [PRESSURE DATA]
TOTAL FM JAN 1   431    HIGHEST SLP M ON M
DPTR FM NORMAL  -101    LOWEST  SLP 29.57 ON M

[REMARKS]
