000
CXUS54 KJAN 011240
CF6GLH
PRELIMINARY LOCAL CLIMATOLOGICAL DATA (WS FORM: F-6)

                                          STATION:   GREENVILLE
                                          MONTH:     FEBRUARY
                                          YEAR:      2015
                                          LATITUDE:   33 29 N
                                          LONGITUDE:  90 59 W

  TEMPERATURE IN F:       :PCPN:    SNOW:  WIND      :SUNSHINE: SKY     :PK WND
================================================================================
1   2   3   4   5  6A  6B    7    8   9   10  11  12  13   14  15   16   17  18
                                     12Z  AVG MX 2MIN
DY MAX MIN AVG DEP HDD CDD  WTR  SNW DPTH SPD SPD DIR MIN PSBL S-S WX    SPD DR
================================================================================

 1  66  39  53  10  12   0 0.17  0.0    0 16.0 26 310   M    M   8 13     32 290
 2  39  27  33 -10  32   0 0.00  0.0    0 10.2 25 320   M    M   6        33 310
 3  47  27  37  -7  28   0 0.00  0.0    0  3.5  9 150   M    M   0 1      13 170
 4  50  33  42  -2  23   0    T  0.0    0  5.5 13 340   M    M   5        16 340
 5  45  26  36  -8  29   0 0.00  0.0    0 14.1 29  30   M    M   4        34  30
 6  54  22  38  -6  27   0 0.00  0.0    0  4.5 12 180   M    M   0 18     14 160
 7  65  31  48   4  17   0 0.00  0.0    0 13.1 25 180   M    M   0        31 180
 8  70  49  60  15   5   0 0.00  0.0    0 11.0 24 220   M    M   8        29 220
 9  65  38  52   7  13   0 0.00  0.0    0 12.7 25  10   M    M   0 18     30  10
10  53  31  42  -3  23   0 0.00  0.0    0  9.2 18  30   M    M   1        25  20
11  64  31  48   3  17   0 0.00  0.0    0  4.5 12  10   M    M   0 18     14  20
12  45  29  37  -9  28   0 0.00  0.0    0 16.8 25  10   M    M   0 8      31  20
13  47  24  36 -10  29   0 0.00  0.0    0  4.5 13  40   M    M   0        16  40
14  68  27  48   2  17   0 0.00  0.0    0  7.9 26  30   M    M   0 8      33  20
15  45  28  37 -10  28   0 0.00  0.0    0 12.2 22  30   M    M   2        28  20
16  44  27  36 -11  29   0 0.73    M    0 15.2 24 350   M    M  10 16     29 350
17  35  23  29 -18  36   0 0.00  0.0    0  9.4 18  10   M    M   5        24  10
18  42  27  35 -12  30   0 0.00  0.0    0 12.4 22 280   M    M   1        29 310
19  33  19  26 -22  39   0 0.00  0.0    0  7.1 14  10   M    M   2        17  10
20  56  26  41  -7  24   0 0.08    M    0 11.4 26 170   M    M  10 18     35 180
21  67  40  54   6  11   0 0.84  0.0    0 19.6 36 210   M    M  10 138    47 200
22  45  33  39 -10  26   0 0.80  0.0    0 17.5 29  20   M    M  10 18     37  20
23  33  24  29 -20  36   0 0.10    M    0 18.6 28  20   M    M  10 148    33  20
24  36  24  30 -19  35   0 0.00  0.0    M  6.3 16 360   M    M   6        20  10
25  34  30  32 -18  33   0 0.36    M    0  4.1 10  20   M    M   7 126     M  M
26  35  29  32 -18  33   0 0.00  0.0    M  9.5 18  20   M    M  10 128    24  10
27  36  27  32 -18  33   0 0.00  0.0    M 16.1 24  40   M    M   8        28  40
28  48  31  40 -10  25   0 0.00  0.0    M  9.7 15  50   M    M   8        19  50
================================================================================
SM 1367  822       718   0  3.08     0.0 302.6          M      131
================================================================================
AV 48.8 29.4                              10.8 FASTST   M    M   5    MAX(MPH)
                                 MISC ---->  # 36 210               # 47  200
================================================================================
NOTES:
# LAST OF SEVERAL OCCURRENCES

COLUMN 17 PEAK WIND IN M.P.H.

PRELIMINARY LOCAL CLIMATOLOGICAL DATA (WS FORM: F-6) , PAGE 2

                                          STATION:  GREENVILLE
                                          MONTH:    FEBRUARY
                                          YEAR:     2015
                                          LATITUDE:   33 29 N
                                          LONGITUDE:  90 59 W

[TEMPERATURE DATA]      [PRECIPITATION DATA]       SYMBOLS USED IN COLUMN 16

AVERAGE MONTHLY: 39.1   TOTAL FOR MONTH:   3.08    1 = FOG OR MIST
DPTR FM NORMAL:  -7.5   DPTR FM NORMAL:   -1.94    2 = FOG REDUCING VISIBILITY
HIGHEST:    70 ON  8    GRTST 24HR  0.87 ON 22-23      TO 1/4 MILE OR LESS
LOWEST:     19 ON 19                               3 = THUNDER
                        SNOW, ICE PELLETS, HAIL    4 = ICE PELLETS
                        TOTAL MONTH:   0.0 INCH    5 = HAIL
                        GRTST 24HR     0.0         6 = FREEZING RAIN OR DRIZZLE
                        GRTST DEPTH:   0           7 = DUSTSTORM OR SANDSTORM:
                                                       VSBY 1/2 MILE OR LESS
                                                   8 = SMOKE OR HAZE
[NO. OF DAYS WITH]      [WEATHER - DAYS WITH]      9 = BLOWING SNOW
                                                   X = TORNADO
MAX 32 OR BELOW:   0    0.01 INCH OR MORE:   7
MAX 90 OR ABOVE:   0    0.10 INCH OR MORE:   6
MIN 32 OR BELOW:  22    0.50 INCH OR MORE:   3
MIN  0 OR BELOW:   0    1.00 INCH OR MORE:   0

[HDD (BASE 65) ]
TOTAL THIS MO.   718    CLEAR  (SCALE 0-3)  12
DPTR FM NORMAL   198    PTCLDY (SCALE 4-7)   9
TOTAL FM JUL 1  2487    CLOUDY (SCALE 8-10)  7
DPTR FM NORMAL   178

[CDD (BASE 65) ]
TOTAL THIS MO.     0
DPTR FM NORMAL    -4    [PRESSURE DATA]
TOTAL FM JAN 1     0    HIGHEST SLP 30.61 ON 23
DPTR FM NORMAL    -5    LOWEST  SLP 29.75 ON  1

[REMARKS]
#FINAL-02-15#
