000
CXUS54 KJAN 171000
CF6GLH
PRELIMINARY LOCAL CLIMATOLOGICAL DATA (WS FORM: F-6)

                                          STATION:   GREENVILLE
                                          MONTH:     APRIL
                                          YEAR:      2014
                                          LATITUDE:   33 29 N
                                          LONGITUDE:  90 59 W

  TEMPERATURE IN F:       :PCPN:    SNOW:  WIND      :SUNSHINE: SKY     :PK WND
================================================================================
1   2   3   4   5  6A  6B    7    8   9   10  11  12  13   14  15   16   17  18
                                     12Z  AVG MX 2MIN
DY MAX MIN AVG DEP HDD CDD  WTR  SNW DPTH SPD SPD DIR MIN PSBL S-S WX    SPD DR
================================================================================

 1  79  53  66   7   0   1 0.00  0.0    0  8.9 18 200   M    M   5        23 200
 2  78  64  71  12   0   6 0.02  0.0    0 11.5 21 180   M    M   7        25 170
 3  85  69  77  18   0  12 0.00  0.0    0 18.0 31 180   M    M   7        37 210
 4  75  51  63   3   2   0 0.73  0.0    0 11.5 39 280   M    M   4 13     59 300
 5  55  46  51  -9  14   0 0.01  0.0    0  9.6 16  40   M    M   1        23  50
 6  52  49  51  -9  14   0 2.12  0.0    0  7.2 18  50   M    M   8 13     22  40
 7  60  46  53  -8  12   0 0.01  0.0    0  8.8 22 290   M    M   8 1      25 310
 8  58  43  51 -10  14   0 0.67  0.0    0  9.8 26 340   M    M   5 1      35 330
 9  68  42  55  -6  10   0 0.00  0.0    0  5.7 12 220   M    M   0        23 310
10  76  48  62   1   3   0 0.00  0.0    0 13.8 24 180   M    M   0        29 190
11  76  55  66   4   0   1 0.00  0.0    0 11.1 24 220   M    M   0        31 230
12  78  56  67   5   0   2 0.00  0.0    0 12.2 24 200   M    M   2 1      30 180
13  80  64  72  10   0   7 0.28  0.0    0 17.4 30 190   M    M   4 13     36 200
14  67  44  56  -7   9   0 2.28    M    0 13.2 32 320   M    M   8 13     41 310
15  53  39  46 -17  19   0 0.00  0.0    0 13.8 24  10   M    M   2        32 360
16  60  37  49 -14  16   0 0.00  0.0    0  5.5 16 120   M    M   0        21 130
================================================================================
SM 1100  806       113  29  6.12     0.0 178.0          M       61
================================================================================
AV 68.8 50.4                              11.1 FASTST   M    M   4    MAX(MPH)
                                 MISC ---->  # 39 280               # 59  300
================================================================================
NOTES:
# LAST OF SEVERAL OCCURRENCES

COLUMN 17 PEAK WIND IN M.P.H.

PRELIMINARY LOCAL CLIMATOLOGICAL DATA (WS FORM: F-6) , PAGE 2

                                          STATION:  GREENVILLE
                                          MONTH:    APRIL
                                          YEAR:     2014
                                          LATITUDE:   33 29 N
                                          LONGITUDE:  90 59 W

[TEMPERATURE DATA]      [PRECIPITATION DATA]       SYMBOLS USED IN COLUMN 16

AVERAGE MONTHLY: 59.6   TOTAL FOR MONTH:   6.12    1 = FOG OR MIST
DPTR FM NORMAL:  -1.4   DPTR FM NORMAL:    3.39    2 = FOG REDUCING VISIBILITY
HIGHEST:    85 ON  3    GRTST 24HR  2.56 ON 13-14      TO 1/4 MILE OR LESS
LOWEST:     37 ON 16                               3 = THUNDER
                        SNOW, ICE PELLETS, HAIL    4 = ICE PELLETS
                        TOTAL MONTH:   0.0 INCH    5 = HAIL
                        GRTST 24HR     0.0         6 = FREEZING RAIN OR DRIZZLE
                        GRTST DEPTH:   0           7 = DUSTSTORM OR SANDSTORM:
                                                       VSBY 1/2 MILE OR LESS
                                                   8 = SMOKE OR HAZE
[NO. OF DAYS WITH]      [WEATHER - DAYS WITH]      9 = BLOWING SNOW
                                                   X = TORNADO
MAX 32 OR BELOW:   0    0.01 INCH OR MORE:   8
MAX 90 OR ABOVE:   0    0.10 INCH OR MORE:   5
MIN 32 OR BELOW:   0    0.50 INCH OR MORE:   4
MIN  0 OR BELOW:   0    1.00 INCH OR MORE:   2

[HDD (BASE 65) ]
TOTAL THIS MO.   113    CLEAR  (SCALE 0-3)   7
DPTR FM NORMAL    26    PTCLDY (SCALE 4-7)   8
TOTAL FM JUL 1  3154    CLOUDY (SCALE 8-10)  1
DPTR FM NORMAL   422

[CDD (BASE 65) ]
TOTAL THIS MO.    29
DPTR FM NORMAL     6    [PRESSURE DATA]
TOTAL FM JAN 1    34    HIGHEST SLP M ON M
DPTR FM NORMAL   -11    LOWEST  SLP 29.57 ON M

[REMARKS]
