000
CXUS53 KAPX 270631
CF6GLR
PRELIMINARY LOCAL CLIMATOLOGICAL DATA (WS FORM: F-6)

                                          STATION:   GAYLORD
                                          MONTH:     FEBRUARY
                                          YEAR:      2017
                                          LATITUDE:   45  0 N
                                          LONGITUDE:  84 42 W

  TEMPERATURE IN F:       :PCPN:    SNOW:  WIND      :SUNSHINE: SKY     :PK WND
================================================================================
1   2   3   4   5  6A  6B    7    8   9   10  11  12  13   14  15   16   17  18
                                     12Z  AVG MX 2MIN
DY MAX MIN AVG DEP HDD CDD  WTR  SNW DPTH SPD SPD DIR MIN PSBL S-S WX    SPD DR
================================================================================

 1  29  16  23   6  42   0 0.01    M    M  7.0 16 270   M    M   9 8      23 320
 2  20  13  17   0  48   0 0.01    M    M 13.6 23 250   M    M  10 8      31 290
 3  17   8  13  -4  52   0    T    M    M 10.2 18 250   M    M   9 8      29 280
 4  28  10  19   2  46   0    T    M    M 12.8 21 240   M    M   8 8      28 250
 5  28  14  21   4  44   0    T    M    M  9.7 20 230   M    M  10 8      27 300
 6  32  15  24   7  41   0 0.01    M    M  2.8  9  60   M    M  10        15  60
 7  34  24  29  12  36   0 0.56    M    M  7.4 20 280   M    M  10 168    30 300
 8  24  13  19   1  46   0    T    M    M  6.3 18 310   M    M  10 8      30 310
 9  15   8  12  -6  53   0 0.03    M    M  9.1 17 280   M    M  10 8      27 290
10  31   7  19   1  46   0 0.01    M    M  9.3 20 170   M    M   5 8      26 170
11  35  31  33  15  32   0 0.00    M    M  3.1 12 260   M    M  10 8      17 250
12  35  25  30  12  35   0 0.17    M    M  9.8 21 320   M    M  10 128    33 330
13  39  19  29  11  36   0    T    M    M  8.8 15 210   M    M   4        26 290
14  37  28  33  15  32   0 0.03    M    M 11.8 21 260   M    M   8 18     26 250
15  28  20  24   5  41   0 0.02    M    M  9.1 18 300   M    M  10 8      33 300
16  28  12  20   1  45   0    T    M    M  3.1 10 340   M    M   5        16 320
17  46  24  35  16  30   0 0.00    M    M  8.3 14 180   M    M   2        17 180
18  53  38  46  27  19   0 0.00    M    M 10.4 23 250   M    M   0        30 250
19  48  28  38  19  27   0 0.00    M    M  4.5 13 280   M    M   0        17 280
20  47  28  38  18  27   0 0.00    M    M  9.1 22 150   M    M   1        27 140
21  56  36  46  26  19   0 0.11    M    M  9.2 21 160   M    M   6 128    29 170
22  59  38  49  29  16   0 0.01    M    M  7.6 16 230   M    M   6 128    21 230
23  50  29  40  20  25   0 0.01    M    M  7.6 18 260   M    M   9 123    24 280
24  34  27  31  10  34   0 0.79    M    M 11.0 17  70   M    M  10 1368   26  70
25  33  21  27   6  38   0 0.02    M    M  8.9 21 280   M    M  10 168    31 270
26  34  16  25   4  40   0    T    M    M 12.7 25 220   M    M   5 8      32 230
================================================================================
SM  920  548       950   0  1.79    M    223.2          M      187
================================================================================
AV 35.4 21.1                               8.6 FASTST   M    M   7    MAX(MPH)
                                 MISC ---->  # 25 220               # 33  330
================================================================================
NOTES:
# LAST OF SEVERAL OCCURRENCES

COLUMN 17 PEAK WIND IN M.P.H.

PRELIMINARY LOCAL CLIMATOLOGICAL DATA (WS FORM: F-6) , PAGE 2

                                          STATION:  GAYLORD
                                          MONTH:    FEBRUARY
                                          YEAR:     2017
                                          LATITUDE:   45  0 N
                                          LONGITUDE:  84 42 W

[TEMPERATURE DATA]      [PRECIPITATION DATA]       SYMBOLS USED IN COLUMN 16

AVERAGE MONTHLY: 28.2   TOTAL FOR MONTH:   1.79    1 = FOG OR MIST
DPTR FM NORMAL:   9.7   DPTR FM NORMAL:    0.65    2 = FOG REDUCING VISIBILITY
HIGHEST:    59 ON 22    GRTST 24HR  0.80 ON 23-24      TO 1/4 MILE OR LESS
LOWEST:      7 ON 10                               3 = THUNDER
                        SNOW, ICE PELLETS, HAIL    4 = ICE PELLETS
                        TOTAL MONTH:    M          5 = HAIL
                        GRTST 24HR    M  ON   M    6 = FREEZING RAIN OR DRIZZLE
                        GRTST DEPTH:  M  ON   M    7 = DUSTSTORM OR SANDSTORM:
                                                       VSBY 1/2 MILE OR LESS
                                                   8 = SMOKE OR HAZE
[NO. OF DAYS WITH]      [WEATHER - DAYS WITH]      9 = BLOWING SNOW
                                                   X = TORNADO
MAX 32 OR BELOW:  11    0.01 INCH OR MORE:  14
MAX 90 OR ABOVE:   0    0.10 INCH OR MORE:   4
MIN 32 OR BELOW:  23    0.50 INCH OR MORE:   2
MIN  0 OR BELOW:   0    1.00 INCH OR MORE:   0

[HDD (BASE 65) ]
TOTAL THIS MO.   950    CLEAR  (SCALE 0-3)   4
DPTR FM NORMAL  -257    PTCLDY (SCALE 4-7)   7
TOTAL FM JUL 1  4679    CLOUDY (SCALE 8-10) 15
DPTR FM NORMAL -1297

[CDD (BASE 65) ]
TOTAL THIS MO.     0
DPTR FM NORMAL     0    [PRESSURE DATA]
TOTAL FM JAN 1     0    HIGHEST SLP M ON M
DPTR FM NORMAL     0    LOWEST  SLP 29.28 ON  7

[REMARKS]
