000
CXUS52 KJAX 010800
CF6GNV
PRELIMINARY LOCAL CLIMATOLOGICAL DATA (WS FORM: F-6)

                                          STATION:   GAINESVILLE FL
                                          MONTH:     AUGUST
                                          YEAR:      2015
                                          LATITUDE:   29 40 N
                                          LONGITUDE:  82 16 W

  TEMPERATURE IN F:       :PCPN:    SNOW:  WIND      :SUNSHINE: SKY     :PK WND
================================================================================
1   2   3   4   5  6A  6B    7    8   9   10  11  12  13   14  15   16   17  18
                                     12Z  AVG MX 2MIN
DY MAX MIN AVG DEP HDD CDD  WTR  SNW DPTH SPD SPD DIR MIN PSBL S-S WX    SPD DR
================================================================================

 1  80  74  77  -4   0  12 1.57  0.0    0  7.9 15 260   M    M   8 1      21 210
 2  86  73  80  -1   0  15 0.50  0.0    0  9.8 17 180   M    M   9 1      29 170
 3  86  73  80  -1   0  15 1.78  0.0    0   M   M   M   M    M   9 13      M  M
 4  86  74  80  -1   0  15 0.02  0.0    0  5.5 24 330   M    M   5 138    30 340
 5  89  73  81   0   0  16 0.16  0.0    0  4.3 20 230   M    M   2 1238   26 230
 6  91  72  82   1   0  17    T  0.0    0  6.3 17 240   M    M   1 18     22 250
 7  88  70  79  -2   0  14 1.43  0.0    0  7.9 28 270   M    M   2 138    37 260
 8  93  72  83   2   0  18    T  0.0    0  4.5 16 260   M    M   3 1      21 260
 9  93  73  83   2   0  18 0.00  0.0    0  4.4 13  70   M    M   2 12     17  50
10  93  71  82   1   0  17 0.00  0.0    0  3.8 13  70   M    M   1 18     15  70
11  93  71  82   1   0  17 0.00  0.0    0  3.9 17 260   M    M   2 3      22 260
12  91  75  83   2   0  18    T  0.0    0  5.8 24 260   M    M   3 3      33 260
13  89  73  81   0   0  16 0.41  0.0    0  2.4 14 120   M    M   6 13     17 120
14  91  72  82   1   0  17    T  0.0    0  4.1 15  80   M    M   5 123    20  50
15  91  69  80  -1   0  15 0.01  0.0    0  3.3 17 360   M    M   1 13     22 360
16  91  72  82   1   0  17 0.42  0.0    0  3.8 24 130   M    M   3 138    30 130
17  88  71  80  -1   0  15 1.53  0.0    0  4.3 10  90   M    M   2 13     17 140
18  92  71  82   1   0  17 0.00  0.0    0  2.3 16 210   M    M   3 13     21 240
19  93  72  83   2   0  18    T  0.0    0  4.1 24 270   M    M   1 3      30 270
20  92  73  83   2   0  18 0.00  0.0    0  3.8 15 260   M    M   2 3      19 360
21  94  73  84   3   0  19 0.00  0.0    0  3.3 16 250   M    M   2 1      21 250
22  94  75  85   4   0  20 0.00  0.0    0  2.3 10 330   M    M   2 3      13 320
23  93  73  83   2   0  18 0.50  0.0    0  4.1 20 290   M    M   3 13     28 310
24  88  72  80  -1   0  15 0.01  0.0    0  2.4  9 330   M    M   3        12 340
25  95  72  84   3   0  19 0.00  0.0    0  3.6 10 250   M    M   1 1      16 270
26  93  72  83   2   0  18 1.13  0.0    0  5.6 28 250   M    M   5 13     37 240
27  87  71  79  -1   0  14    T  0.0    0  2.3 12 230   M    M   1 3      14 250
28  91  72  82   2   0  17    T  0.0    0  5.2 17  50   M    M   3 123    25  60
29  86  72  79  -1   0  14 0.15  0.0    0  3.6 14  70   M    M   2 13     19  70
30  90  71  81   1   0  16 1.81  0.0    0  3.8 16  30   M    M   4 13     20  30
31  88  74  81   1   0  16 0.05  0.0    0  2.3 10 100   M    M   6 13     13 110
================================================================================
SM 2795 2241         0 511 11.48     0.0 130.7          M      102
================================================================================
AV 90.2 72.3                               4.4 FASTST   M    M   3    MAX(MPH)
                                 MISC ---->  # 28 270               # 37  260
================================================================================
NOTES:
# LAST OF SEVERAL OCCURRENCES

COLUMN 17 PEAK WIND IN M.P.H.

PRELIMINARY LOCAL CLIMATOLOGICAL DATA (WS FORM: F-6) , PAGE 2

                                          STATION:  GAINESVILLE FL
                                          MONTH:    AUGUST
                                          YEAR:     2015
                                          LATITUDE:   29 40 N
                                          LONGITUDE:  82 16 W

[TEMPERATURE DATA]      [PRECIPITATION DATA]       SYMBOLS USED IN COLUMN 16

AVERAGE MONTHLY: 81.2   TOTAL FOR MONTH:  11.48    1 = FOG OR MIST
DPTR FM NORMAL:   0.3   DPTR FM NORMAL:    5.09    2 = FOG REDUCING VISIBILITY
HIGHEST:    95 ON 25    GRTST 24HR  1.84 ON 29-30      TO 1/4 MILE OR LESS
LOWEST:     69 ON 15                               3 = THUNDER
                        SNOW, ICE PELLETS, HAIL    4 = ICE PELLETS
                        TOTAL MONTH:   0.0 INCH    5 = HAIL
                        GRTST 24HR     0.0         6 = FREEZING RAIN OR DRIZZLE
                        GRTST DEPTH:   0           7 = DUSTSTORM OR SANDSTORM:
                                                       VSBY 1/2 MILE OR LESS
                                                   8 = SMOKE OR HAZE
[NO. OF DAYS WITH]      [WEATHER - DAYS WITH]      9 = BLOWING SNOW
                                                   X = TORNADO
MAX 32 OR BELOW:   0    0.01 INCH OR MORE:  16
MAX 90 OR ABOVE:  19    0.10 INCH OR MORE:  12
MIN 32 OR BELOW:   0    0.50 INCH OR MORE:   8
MIN  0 OR BELOW:   0    1.00 INCH OR MORE:   6

[HDD (BASE 65) ]
TOTAL THIS MO.     0    CLEAR  (SCALE 0-3)  21
DPTR FM NORMAL     0    PTCLDY (SCALE 4-7)   8
TOTAL FM JUL 1     0    CLOUDY (SCALE 8-10)  2
DPTR FM NORMAL     0

[CDD (BASE 65) ]
TOTAL THIS MO.   511
DPTR FM NORMAL    18    [PRESSURE DATA]
TOTAL FM JAN 1  2276    HIGHEST SLP 30.13 ON 16
DPTR FM NORMAL   332    LOWEST  SLP 29.83 ON  8

[REMARKS]
#FINAL-08-15#
