000
CXUS54 KOUN 270800
CF6GOK
PRELIMINARY LOCAL CLIMATOLOGICAL DATA (WS FORM: F-6)

                                          STATION:   GUTHRIE MUNICIPAL
                                          MONTH:     DECEMBER
                                          YEAR:      2014
                                          LATITUDE:   35 50 N
                                          LONGITUDE:  97 25 W

  TEMPERATURE IN F:       :PCPN:    SNOW:  WIND      :SUNSHINE: SKY     :PK WND
================================================================================
1   2   3   4   5  6A  6B    7    8   9   10  11  12  13   14  15   16   17  18
                                     12Z  AVG MX 2MIN
DY MAX MIN AVG DEP HDD CDD  WTR  SNW DPTH SPD SPD DIR MIN PSBL S-S WX    SPD DR
================================================================================

 1  29  22  26 -18  39   0 0.00  0.0    0  8.3 16 360   M    M   9        26  10
 2  45  22  34  -9  31   0 0.00  0.0    0  7.2 16 190   M    M   3        22 190
 3  49  36  43   0  22   0 0.00  0.0    0  7.5 15  80   M    M   6 18     19  80
 4  55  42  49   6  16   0 0.09  0.0    0  4.3 10 180   M    M  10 12     16 180
 5  59  40  50   8  15   0 0.04  0.0    0  5.3 13 170   M    M   8 12     17 310
 6  45  39  42   0  23   0 0.00  0.0    0  4.4  9  80   M    M  10 12     13  20
 7  48  39  44   2  21   0 0.00  0.0    0  6.0 13 170   M    M   9 12     17 160
 8  62  39  51  10  14   0 0.00  0.0    0  3.8 15 240   M    M   5 18     18 250
 9  54  32  43   2  22   0 0.00  0.0    0  5.5 14  70   M    M   1 12     22  80
10  59  30  45   4  20   0 0.00  0.0    0  5.4 14 190   M    M   5 18     22 100
11  60  45  53  13  12   0 0.00  0.0    0  4.6 10 130   M    M   8 18     13 140
12  52  46  49   9  16   0    T    M    0  6.5 12 140   M    M  10 1      19 140
13  65  49  57  17   8   0 0.00  0.0    0 11.0 18 170   M    M   9 18     23 170
14  64  56  60  20   5   0 0.02  0.0    0 15.5 28 170   M    M   7 138    43 170
15  57  37  47   8  18   0 0.00  0.0    0 14.4 25 310   M    M   5        37 310
16  46  30  38  -1  27   0 0.00  0.0    0  6.9 18 330   M    M   1        30 310
17  39  34  37  -2  28   0 0.21    M    0  6.9 16 120   M    M   9 1      23 150
18  42  37  40   1  25   0    T  0.0    0  2.9  7  20   M    M  10 1      10  20
19  41  36  39   0  26   0 0.00  0.0    0  2.6  7 320   M    M  10 128    11  20
20  46  34  40   2  25   0 0.00  0.0    0  6.7 13 180   M    M  10 18     17 180
21  49  40  45   7  20   0    T  0.0    0 11.5 20 180   M    M  10 18     27 160
22  58  39  49  11  16   0 0.00  0.0    0  7.0 18 300   M    M   6 18     24 310
23  46  36  41   3  24   0 0.01  0.0    0  8.3 17 330   M    M   5        26 340
24  47  32  40   2  25   0    T    T    0  9.2 16 320   M    M   4 18     23 340
25  59  35  47   9  18   0 0.00  0.0    0 17.9 31 190   M    M   0        41 180
26  60  36  48  10  17   0 0.00  0.0    0 11.6 23 200   M    M   4        29 180
================================================================================
SM 1336  963       533   0  0.37    T    201.2          M      174
================================================================================
AV 51.4 37.0                               7.7 FASTST   M    M   7    MAX(MPH)
                                 MISC ---->  # 31 190               # 43  170
================================================================================
NOTES:
# LAST OF SEVERAL OCCURRENCES

COLUMN 17 PEAK WIND IN M.P.H.

PRELIMINARY LOCAL CLIMATOLOGICAL DATA (WS FORM: F-6) , PAGE 2

                                          STATION:  GUTHRIE MUNICIPAL
                                          MONTH:    DECEMBER
                                          YEAR:     2014
                                          LATITUDE:   35 50 N
                                          LONGITUDE:  97 25 W

[TEMPERATURE DATA]      [PRECIPITATION DATA]       SYMBOLS USED IN COLUMN 16

AVERAGE MONTHLY: 44.2   TOTAL FOR MONTH:   0.37    1 = FOG OR MIST
DPTR FM NORMAL:   4.1   DPTR FM NORMAL:   -1.20    2 = FOG REDUCING VISIBILITY
HIGHEST:    65 ON 13    GRTST 24HR  0.21 ON 16-17      TO 1/4 MILE OR LESS
LOWEST:     22 ON  2, 1                            3 = THUNDER
                        SNOW, ICE PELLETS, HAIL    4 = ICE PELLETS
                        TOTAL MONTH:    T          5 = HAIL
                        GRTST 24HR    T  ON 24-24  6 = FREEZING RAIN OR DRIZZLE
                        GRTST DEPTH:   0           7 = DUSTSTORM OR SANDSTORM:
                                                       VSBY 1/2 MILE OR LESS
                                                   8 = SMOKE OR HAZE
[NO. OF DAYS WITH]      [WEATHER - DAYS WITH]      9 = BLOWING SNOW
                                                   X = TORNADO
MAX 32 OR BELOW:   1    0.01 INCH OR MORE:   5
MAX 90 OR ABOVE:   0    0.10 INCH OR MORE:   1
MIN 32 OR BELOW:   6    0.50 INCH OR MORE:   0
MIN  0 OR BELOW:   0    1.00 INCH OR MORE:   0

[HDD (BASE 65) ]
TOTAL THIS MO.   533    CLEAR  (SCALE 0-3)   4
DPTR FM NORMAL  -115    PTCLDY (SCALE 4-7)  10
TOTAL FM JUL 1  1240    CLOUDY (SCALE 8-10) 12
DPTR FM NORMAL   -52

[CDD (BASE 65) ]
TOTAL THIS MO.     0
DPTR FM NORMAL     0    [PRESSURE DATA]
TOTAL FM JAN 1  2225    HIGHEST SLP M ON M
DPTR FM NORMAL   153    LOWEST  SLP 29.50 ON 22

[REMARKS]
