000
CXUS55 KLIX 211000
CF6GPT
PRELIMINARY LOCAL CLIMATOLOGICAL DATA (WS FORM: F-6)

                                          STATION:   GULFPORT
                                          MONTH:     JANUARY
                                          YEAR:      2017
                                          LATITUDE:   30 23 N
                                          LONGITUDE:  89  4 W

  TEMPERATURE IN F:       :PCPN:    SNOW:  WIND      :SUNSHINE: SKY     :PK WND
================================================================================
1   2   3   4   5  6A  6B    7    8   9   10  11  12  13   14  15   16   17  18
                                     12Z  AVG MX 2MIN
DY MAX MIN AVG DEP HDD CDD  WTR  SNW DPTH SPD SPD DIR MIN PSBL S-S WX    SPD DR
================================================================================

 1  72  65  69  18   0   4 4.56  0.0    0  5.3 15 200   M    M  10 13     23 200
 2  72  64  68  17   0   3 1.40  0.0    0 11.3 25 290   M    M   9 13     37 170
 3  68  53  61  10   4   0 0.00  0.0    0  2.6 15 310   M    M   4 12     21 300
 4  64  45  55   4  10   0 0.00  0.0    0  8.4 17 350   M    M   3 12     24 340
 5  61  43  52   1  13   0 0.09    M    0  4.9 15 350   M    M   5 1      18 350
 6  54  33  44  -7  21   0 1.57    M    0 15.1 28 340   M    M   9 13     34  20
 7  41  25  33 -17  32   0 0.00  0.0    0 16.6 28 350   M    M   2        35 360
 8  49  24  37 -13  28   0 0.00  0.0    0  7.7 15  30   M    M   0        21  20
 9  60  29  45  -5  20   0 0.00  0.0    0  7.8 15 120   M    M   5        19 120
10  70  54  62  12   3   0 0.00  0.0    0 10.2 17 150   M    M   3        23 160
11  72  61  67  17   0   2 0.00  0.0    0  8.7 15 170   M    M   6        23 170
12  73  55  64  14   1   0 0.02  0.0    0  5.9 13 120   M    M   6 12     17 160
13  76  56  66  16   0   1 0.00  0.0    0  4.6 13 110   M    M   5 128    16 120
14  77  51  64  14   1   0 0.00  0.0    0  3.7 16 140   M    M   3 12     20 140
15  74  59  67  16   0   2 0.00  0.0    0  8.2 20 120   M    M   8 12     27 100
16  76  63  70  19   0   5 0.00  0.0    0 12.0 18 120   M    M   7 1      25 110
17  76  66  71  20   0   6 0.00  0.0    0  6.8 12 160   M    M   8 128    18 210
18  73  66  70  19   0   5 0.00  0.0    0  5.6 12 140   M    M  10 128    15 130
19  73  64  69  18   0   4 0.43  0.0    0  6.8 24 270   M    M   8 12     35 260
20  76  64  70  19   0   5 0.00  0.0    0  4.4 12 180   M    M   5 12     15 190
================================================================================
SM 1357 1040       133  37  8.07     0.0 156.6          M      116
================================================================================
AV 67.9 52.0                               7.8 FASTST   M    M   6    MAX(MPH)
                                 MISC ---->  # 28 340               # 37  170
================================================================================
NOTES:
# LAST OF SEVERAL OCCURRENCES

COLUMN 17 PEAK WIND IN M.P.H.

PRELIMINARY LOCAL CLIMATOLOGICAL DATA (WS FORM: F-6) , PAGE 2

                                          STATION:  GULFPORT
                                          MONTH:    JANUARY
                                          YEAR:     2017
                                          LATITUDE:   30 23 N
                                          LONGITUDE:  89  4 W

[TEMPERATURE DATA]      [PRECIPITATION DATA]       SYMBOLS USED IN COLUMN 16

AVERAGE MONTHLY: 59.9   TOTAL FOR MONTH:   8.07    1 = FOG OR MIST
DPTR FM NORMAL:   9.3   DPTR FM NORMAL:    4.98    2 = FOG REDUCING VISIBILITY
HIGHEST:    77 ON 14    GRTST 24HR  6.05 ON 31- 1      TO 1/4 MILE OR LESS
LOWEST:     24 ON  8                               3 = THUNDER
                        SNOW, ICE PELLETS, HAIL    4 = ICE PELLETS
                        TOTAL MONTH:   0.0 INCH    5 = HAIL
                        GRTST 24HR     0.0         6 = FREEZING RAIN OR DRIZZLE
                        GRTST DEPTH:   0           7 = DUSTSTORM OR SANDSTORM:
                                                       VSBY 1/2 MILE OR LESS
                                                   8 = SMOKE OR HAZE
[NO. OF DAYS WITH]      [WEATHER - DAYS WITH]      9 = BLOWING SNOW
                                                   X = TORNADO
MAX 32 OR BELOW:   0    0.01 INCH OR MORE:   6
MAX 90 OR ABOVE:   0    0.10 INCH OR MORE:   4
MIN 32 OR BELOW:   3    0.50 INCH OR MORE:   3
MIN  0 OR BELOW:   0    1.00 INCH OR MORE:   3

[HDD (BASE 65) ]
TOTAL THIS MO.   133    CLEAR  (SCALE 0-3)   5
DPTR FM NORMAL  -161    PTCLDY (SCALE 4-7)   9
TOTAL FM JUL 1   507    CLOUDY (SCALE 8-10)  6
DPTR FM NORMAL  -391

[CDD (BASE 65) ]
TOTAL THIS MO.    37
DPTR FM NORMAL    37    [PRESSURE DATA]
TOTAL FM JAN 1    37    HIGHEST SLP M ON M
DPTR FM NORMAL    37    LOWEST  SLP 29.71 ON 20

[REMARKS]
