435
CXUS55 KLIX 191000
CF6GPT
PRELIMINARY LOCAL CLIMATOLOGICAL DATA (WS FORM: F-6)

                                          STATION:   GULFPORT
                                          MONTH:     SEPTEMBER
                                          YEAR:      2017
                                          LATITUDE:   30 23 N
                                          LONGITUDE:  89  4 W

  TEMPERATURE IN F:       :PCPN:    SNOW:  WIND      :SUNSHINE: SKY     :PK WND
================================================================================
1   2   3   4   5  6A  6B    7    8   9   10  11  12  13   14  15   16   17  18
                                     12Z  AVG MX 2MIN
DY MAX MIN AVG DEP HDD CDD  WTR  SNW DPTH SPD SPD DIR MIN PSBL S-S WX    SPD DR
================================================================================

 1  87  74  81   0   0  16 0.00  0.0    0  4.5 10 200   M    M   5 3      16 200
 2  91  72  82   1   0  17 0.00  0.0    0  2.4 10 190   M    M   2        14 170
 3  91  70  81   0   0  16 0.00  0.0    0  2.2 10  80   M    M   0        16  40
 4  89  69  79  -2   0  14 0.00  0.0    0  2.8 10 160   M    M   0        15 180
 5  90  73  82   1   0  17 0.00  0.0    0  4.0 14 170   M    M   1        19 170
 6  81  64  73  -7   0   8 0.00  0.0    0  7.2 16  10   M    M   4        21 360
 7  83  60  72  -8   0   7 0.00  0.0    0  6.1 14  10   M    M   0        19 340
 8  86  60  73  -7   0   8 0.00  0.0    0  8.2 15  30   M    M   0        21  20
 9  86  65  76  -4   0  11 0.00  0.0    0  9.3 18  30   M    M   2        26  30
10  86  68  77  -3   0  12 0.00  0.0    0 10.4 21  10   M    M   4        27  30
11  84  65  75  -4   0  10 0.00  0.0    0 13.1 26 340   M    M   1        34 340
12  83  59  71  -8   0   6 0.00  0.0    0  7.7 15 300   M    M   0 8      21 310
13  82  58  70  -9   0   5 0.00  0.0    0  4.6 15 150   M    M   0        19 160
14  86  66  76  -3   0  11 0.00  0.0    0  3.6 13 150   M    M   0 18     18 150
15  88  72  80   2   0  15    T  0.0    0  7.9 22 120   M    M   4        26 120
16  87  75  81   3   0  16    M  0.0    0  5.4 14 110   M    M   4        17 130
17  91  73  82   4   0  17    M  0.0    0  2.1 12 160   M    M   3 12     13 150
18  92  74  83   5   0  18 0.00  0.0    0  3.3 13 150   M    M   5        16 150
================================================================================
SM 1563 1217         0 224    T      0.0 104.8          M       35
================================================================================
AV 86.8 67.6                               5.8 FASTST   M    M   2    MAX(MPH)
                                 MISC ---->  # 26 340               # 34  340
================================================================================
NOTES:
# LAST OF SEVERAL OCCURRENCES

COLUMN 17 PEAK WIND IN M.P.H.

PRELIMINARY LOCAL CLIMATOLOGICAL DATA (WS FORM: F-6) , PAGE 2

                                          STATION:  GULFPORT
                                          MONTH:    SEPTEMBER
                                          YEAR:     2017
                                          LATITUDE:   30 23 N
                                          LONGITUDE:  89  4 W

[TEMPERATURE DATA]      [PRECIPITATION DATA]       SYMBOLS USED IN COLUMN 16

AVERAGE MONTHLY: 77.2   TOTAL FOR MONTH:      T    1 = FOG OR MIST
DPTR FM NORMAL:  -2.4   DPTR FM NORMAL:   -3.52    2 = FOG REDUCING VISIBILITY
HIGHEST:    92 ON 18    GRTST 24HR  0.17 ON 31- 1      TO 1/4 MILE OR LESS
LOWEST:     58 ON 13                               3 = THUNDER
                        SNOW, ICE PELLETS, HAIL    4 = ICE PELLETS
                        TOTAL MONTH:   0.0 INCH    5 = HAIL
                        GRTST 24HR     0.0         6 = FREEZING RAIN OR DRIZZLE
                        GRTST DEPTH:   0           7 = DUSTSTORM OR SANDSTORM:
                                                       VSBY 1/2 MILE OR LESS
                                                   8 = SMOKE OR HAZE
[NO. OF DAYS WITH]      [WEATHER - DAYS WITH]      9 = BLOWING SNOW
                                                   X = TORNADO
MAX 32 OR BELOW:   0    0.01 INCH OR MORE:   0
MAX 90 OR ABOVE:   5    0.10 INCH OR MORE:   0
MIN 32 OR BELOW:   0    0.50 INCH OR MORE:   0
MIN  0 OR BELOW:   0    1.00 INCH OR MORE:   0

[HDD (BASE 65) ]
TOTAL THIS MO.     0    CLEAR  (SCALE 0-3)  11
DPTR FM NORMAL     0    PTCLDY (SCALE 4-7)   7
TOTAL FM JUL 1     0    CLOUDY (SCALE 8-10)  0
DPTR FM NORMAL     0

[CDD (BASE 65) ]
TOTAL THIS MO.   224
DPTR FM NORMAL   -40    [PRESSURE DATA]
TOTAL FM JAN 1  2419    HIGHEST SLP M ON M
DPTR FM NORMAL   183    LOWEST  SLP 29.76 ON 12

[REMARKS]
