000
CXUS53 KGRB 190735
CF6GRB
PRELIMINARY LOCAL CLIMATOLOGICAL DATA (WS FORM: F-6)

                                          STATION:   GREEN BAY WI
                                          MONTH:     FEBRUARY
                                          YEAR:      2017
                                          LATITUDE:   44 28 N
                                          LONGITUDE:  88  8 W

  TEMPERATURE IN F:       :PCPN:    SNOW:  WIND      :SUNSHINE: SKY     :PK WND
================================================================================
1   2   3   4   5  6A  6B    7    8   9   10  11  12  13   14  15   16   17  18
                                     12Z  AVG MX 2MIN
DY MAX MIN AVG DEP HDD CDD  WTR  SNW DPTH SPD SPD DIR MIN PSBL S-S WX    SPD DR
================================================================================

 1  28   9  19   2  46   0    T    T    5 10.2 17 290   M    M   3        21 280
 2  15   2   9  -8  56   0 0.00  0.0    4 12.0 23 270   M    M   0        28 270
 3  18  -4   7 -11  58   0 0.00  0.0    3  9.2 21 260   M    M   0        25 270
 4  29   4  17  -1  48   0    T    T    3  9.3 22 200   M    M   6 1      31 200
 5  31  15  23   5  42   0    T    T    3  9.4 18 280   M    M   6        22 310
 6  33  11  22   4  43   0 0.00  0.0    3  6.1 17  40   M    M   6        20  50
 7  35  25  30  12  35   0 0.01    T    3 11.7 26 300   M    M  10 1      35 290
 8  25  11  18   0  47   0    T    T    2 10.0 18 290   M    M   5        23 280
 9  17   4  11  -8  54   0 0.00  0.0    2 10.6 21 290   M    M   0        25 290
10  36  17  27   8  38   0    T    T    2 10.1 22 210   M    M   4        30 190
11  36  29  33  14  32   0 0.00  0.0    2  6.3 20  30   M    M   4        23  30
12  40  30  35  16  30   0 0.01    T    2 15.1 33 290   M    M   4 16     43 300
13  41  24  33  13  32   0 0.00  0.0    1 10.1 20 210   M    M   0        25 200
14  45  29  37  17  28   0    T    T    T 13.7 31 280   M    M   1        43 300
15  30  21  26   6  39   0 0.00  0.0    T  9.3 16 300   M    M   5        21 310
16  31  18  25   5  40   0    T    T    T  5.5 13 150   M    M   4        15 150
17  52  28  40  19  25   0 0.00  0.0    T  5.6 12 150   M    M   0 1      15 220
18  57  38  48  27  17   0 0.00  0.0    0  8.6 17 280   M    M   0        21 280
================================================================================
SM  599  311       710   0  0.02    T    172.8          M       58
================================================================================
AV 33.3 17.3                               9.6 FASTST   M    M   3    MAX(MPH)
                                 MISC ---->  # 33 290               # 43  300
================================================================================
NOTES:
# LAST OF SEVERAL OCCURRENCES

COLUMN 17 PEAK WIND IN M.P.H.

PRELIMINARY LOCAL CLIMATOLOGICAL DATA (WS FORM: F-6) , PAGE 2

                                          STATION:  GREEN BAY WI
                                          MONTH:    FEBRUARY
                                          YEAR:     2017
                                          LATITUDE:   44 28 N
                                          LONGITUDE:  88  8 W

[TEMPERATURE DATA]      [PRECIPITATION DATA]       SYMBOLS USED IN COLUMN 16

AVERAGE MONTHLY: 25.3   TOTAL FOR MONTH:   0.02    1 = FOG OR MIST
DPTR FM NORMAL:   6.4   DPTR FM NORMAL:   -0.62    2 = FOG REDUCING VISIBILITY
HIGHEST:    57 ON 18    GRTST 24HR  0.08 ON 31- 1      TO 1/4 MILE OR LESS
LOWEST:     -4 ON  3                               3 = THUNDER
                        SNOW, ICE PELLETS, HAIL    4 = ICE PELLETS
                        TOTAL MONTH:    T          5 = HAIL
                        GRTST 24HR    T  ON 16-16  6 = FREEZING RAIN OR DRIZZLE
                        GRTST DEPTH:   5 ON  1     7 = DUSTSTORM OR SANDSTORM:
                                                       VSBY 1/2 MILE OR LESS
                                                   8 = SMOKE OR HAZE
[NO. OF DAYS WITH]      [WEATHER - DAYS WITH]      9 = BLOWING SNOW
                                                   X = TORNADO
MAX 32 OR BELOW:   9    0.01 INCH OR MORE:   2
MAX 90 OR ABOVE:   0    0.10 INCH OR MORE:   0
MIN 32 OR BELOW:  17    0.50 INCH OR MORE:   0
MIN  0 OR BELOW:   1    1.00 INCH OR MORE:   0

[HDD (BASE 65) ]
TOTAL THIS MO.   710    CLEAR  (SCALE 0-3)   8
DPTR FM NORMAL  -120    PTCLDY (SCALE 4-7)   9
TOTAL FM JUL 1  4303    CLOUDY (SCALE 8-10)  1
DPTR FM NORMAL -1116

[CDD (BASE 65) ]
TOTAL THIS MO.     0
DPTR FM NORMAL     0    [PRESSURE DATA]
TOTAL FM JAN 1     0    HIGHEST SLP M ON M
DPTR FM NORMAL     0    LOWEST  SLP 29.36 ON  7

[REMARKS]
