000
CXUS53 KGRB 290755
CF6GRB
PRELIMINARY LOCAL CLIMATOLOGICAL DATA (WS FORM: F-6)

                                          STATION:   GREEN BAY WI
                                          MONTH:     NOVEMBER
                                          YEAR:      2014
                                          LATITUDE:   44 28 N
                                          LONGITUDE:  88  8 W

  TEMPERATURE IN F:       :PCPN:    SNOW:  WIND      :SUNSHINE: SKY     :PK WND
================================================================================
1   2   3   4   5  6A  6B    7    8   9   10  11  12  13   14  15   16   17  18
                                     12Z  AVG MX 2MIN
DY MAX MIN AVG DEP HDD CDD  WTR  SNW DPTH SPD SPD DIR MIN PSBL S-S WX    SPD DR
================================================================================

 1  44  28  36  -5  29   0 0.00  0.0    0  5.7 15 340   M    M   4        17 340
 2  49  28  39  -2  26   0 0.00  0.0    0  9.3 20 210   M    M   2        24 190
 3  52  40  46   6  19   0 0.05  0.0    0  8.2 15 210   M    M   3 1      19 170
 4  56  41  49   9  16   0 0.14  0.0    0 12.7 25 290   M    M   8 18     35 270
 5  45  35  40   0  25   0 0.12  0.0    0  8.7 17 260   M    M   7 1      21 270
 6  42  33  38  -1  27   0 0.29    T    0 15.5 26 360   M    M  10 1      34 360
 7  43  31  37  -2  28   0 0.09    T    0  7.1 18 190   M    M   8 1      25 200
 8  43  32  38   0  27   0 0.08  0.0    0 11.6 29 310   M    M   8 18     36 320
 9  38  32  35  -3  30   0 0.11  0.3    T  7.4 15 210   M    M   6 1      20 210
10  42  32  37   0  28   0 0.10  0.5    0 11.4 24 330   M    M  10 1      32 330
11  35  25  30  -7  35   0 0.36    T    0 16.1 23 280   M    M  10 1      29 280
12  27  21  24 -12  41   0    T    T    0 12.5 22 270   M    M   5        26 260
13  31  19  25 -11  40   0    T    T    0 11.4 20 290   M    M   3        25 260
14  27  18  23 -12  42   0    T    T    0  8.0 14 280   M    M   6        18 270
15  27  14  21 -14  44   0 0.07  0.6    T  7.1 14 250   M    M   5 18     17 230
16  28  16  22 -12  43   0    T  0.2    T  9.0 18 220   M    M   7 18     25 220
17  19   9  14 -20  51   0    T    T    T 15.0 25 270   M    M   5 18     32 250
18  20  11  16 -17  49   0    T    T    T 14.5 24 270   M    M   4        30 250
19  23  16  20 -13  45   0 0.02  0.8    T 12.0 25 280   M    M   8 18     32 280
20  19   7  13 -19  52   0    T    T    1 12.7 23 300   M    M   2        29 280
21  31   3  17 -15  48   0 0.00  0.0    1 11.5 18 200   M    M   1        26 210
22  43  31  37   6  28   0 0.00  0.0    1  8.7 20 200   M    M  10 128    25 210
23  49  42  46  15  19   0 0.29  0.0    0  7.4 15 170   M    M  10 12     20 200
24  44  26  35   5  30   0 0.61  3.1    0 10.0 22 310   M    M  10 12     29 320
25  26  12  19 -11  46   0 0.05  0.7    4  9.4 17 290   M    M   9 1      22 290
26  26  11  19 -10  46   0 0.01  0.2    4  3.3 10 320   M    M   6 18     11 320
27  25  -1  12 -17  53   0 0.01  0.2    4  8.9 17 350   M    M   5 1      23 340
28  26   2  14 -14  51   0 0.11  1.6    4  4.0 12 160   M    M   9 18     13 150
================================================================================
SM  980  614      1018   0  2.51     8.2 279.1          M      181
================================================================================
AV 35.0 21.9                              10.0 FASTST   M    M   6    MAX(MPH)
                                 MISC ---->  # 29 310               # 36  320
================================================================================
NOTES:
# LAST OF SEVERAL OCCURRENCES

COLUMN 17 PEAK WIND IN M.P.H.

PRELIMINARY LOCAL CLIMATOLOGICAL DATA (WS FORM: F-6) , PAGE 2

                                          STATION:  GREEN BAY WI
                                          MONTH:    NOVEMBER
                                          YEAR:     2014
                                          LATITUDE:   44 28 N
                                          LONGITUDE:  88  8 W

[TEMPERATURE DATA]      [PRECIPITATION DATA]       SYMBOLS USED IN COLUMN 16

AVERAGE MONTHLY: 28.5   TOTAL FOR MONTH:   2.51    1 = FOG OR MIST
DPTR FM NORMAL:  -6.5   DPTR FM NORMAL:    0.52    2 = FOG REDUCING VISIBILITY
HIGHEST:    56 ON  4    GRTST 24HR  0.61 ON 24-24      TO 1/4 MILE OR LESS
LOWEST:     -1 ON 27                               3 = THUNDER
                        SNOW, ICE PELLETS, HAIL    4 = ICE PELLETS
                        TOTAL MONTH:   8.2 INCHES  5 = HAIL
                        GRTST 24HR   3.1 ON   M    6 = FREEZING RAIN OR DRIZZLE
                        GRTST DEPTH:   4 ON 28,27  7 = DUSTSTORM OR SANDSTORM:
                                                       VSBY 1/2 MILE OR LESS
                                                   8 = SMOKE OR HAZE
[NO. OF DAYS WITH]      [WEATHER - DAYS WITH]      9 = BLOWING SNOW
                                                   X = TORNADO
MAX 32 OR BELOW:  14    0.01 INCH OR MORE:  17
MAX 90 OR ABOVE:   0    0.10 INCH OR MORE:   9
MIN 32 OR BELOW:  23    0.50 INCH OR MORE:   1
MIN  0 OR BELOW:   1    1.00 INCH OR MORE:   0

[HDD (BASE 65) ]
TOTAL THIS MO.  1018    CLEAR  (SCALE 0-3)   4
DPTR FM NORMAL   176    PTCLDY (SCALE 4-7)  16
TOTAL FM JUL 1  1764    CLOUDY (SCALE 8-10)  8
DPTR FM NORMAL    96

[CDD (BASE 65) ]
TOTAL THIS MO.     0
DPTR FM NORMAL     0    [PRESSURE DATA]
TOTAL FM JAN 1   362    HIGHEST SLP M ON M
DPTR FM NORMAL   -36    LOWEST  SLP 29.02 ON 24

[REMARKS]
