000
CXUS53 KIWX 260800
CF6GSH
PRELIMINARY LOCAL CLIMATOLOGICAL DATA (WS FORM: F-6)

                                          STATION:   GOSHEN
                                          MONTH:     JUNE
                                          YEAR:      2017
                                          LATITUDE:   41 31 N
                                          LONGITUDE:  85 47 W

  TEMPERATURE IN F:       :PCPN:    SNOW:  WIND      :SUNSHINE: SKY     :PK WND
================================================================================
1   2   3   4   5  6A  6B    7    8   9   10  11  12  13   14  15   16   17  18
                                     12Z  AVG MX 2MIN
DY MAX MIN AVG DEP HDD CDD  WTR  SNW DPTH SPD SPD DIR MIN PSBL S-S WX    SPD DR
================================================================================

 1  76  50  63  -1   2   0 0.00  0.0    0  5.4 17 310   M    M   0        22 320
 2  80  47  64  -1   1   0 0.00  0.0    0  3.8 17 310   M    M   0        20 320
 3  85  54  70   5   0   5    T  0.0    0  4.6 13 260   M    M   1        16 230
 4  87  69  78  13   0  13    T  0.0    0  9.1 21 280   M    M   3 8      24 290
 5  81  59  70   4   0   5 0.00  0.0    0  7.6 23  40   M    M   2 128    27  30
 6  78  54  66   0   0   1    T  0.0    0 11.1 22  20   M    M   2        27  30
 7  76  54  65  -1   0   0 0.00  0.0    0 11.2 26  40   M    M   2        34  30
 8  78  50  64  -3   1   0 0.00  0.0    0  2.8 13 310   M    M   1        16 310
 9  85  60  73   6   0   8 0.04  0.0    0  9.6 24 270   M    M   5        28 260
10  87  64  76   9   0  11 0.00  0.0    0 13.6 28 200   M    M   0        35 210
11  89  67  78  10   0  13 0.00  0.0    0 13.9 24 210   M    M   0        30 220
12  92  70  81  13   0  16 0.00  0.0    0 10.4 18 220   M    M   2        24 220
13  91  72  82  14   0  17 0.22  0.0    0  6.1 25 260   M    M   1 3      30 250
14  88  67  78  10   0  13 0.09  0.0    0  9.1 28 190   M    M   2 18     34 190
15  85  65  75   6   0  10 0.01  0.0    0  7.3 16 230   M    M   4 8      20 250
16  83  64  74   5   0   9 0.20  0.0    0  5.6 20 310   M    M   3 138    23 310
17  87  70  79  10   0  14 0.01  0.0    0 12.6 24 210   M    M   1 8      31 220
18   M   M   M   M   M   M 0.06    M    0 16.5 23 250   M    M   5 3      37 170
19  76  59  68  -2   0   3 0.48  0.0    0  6.7 33 280   M    M   3 138    43 280
20  79  56  68  -2   0   3 0.02  0.0    0  8.3 22  30   M    M   2        29  20
21  79  54  67  -3   0   2 0.00  0.0    0  3.4 12  90   M    M   2 1      14 100
22  86  68  77   7   0  12    T  0.0    0 12.2 24 210   M    M   4        31 200
23  75  63  69  -2   0   4 0.20  0.0    0  8.8 30 320   M    M   6 1      39 310
24  75  56  66  -5   0   1 0.00  0.0    0 10.3 21 300   M    M   4        27 280
25  72  54  63  -8   2   0 0.07  0.0    0 11.2 22 280   M    M   5        28 290
================================================================================
SM 1970 1446         6 160  1.40     0.0 221.2          M       60
================================================================================
AV 82.1 60.3                               8.8 FASTST   M    M   2    MAX(MPH)
                                 MISC ---->  # 33 280               # 43  280
================================================================================
NOTES:
# LAST OF SEVERAL OCCURRENCES

COLUMN 17 PEAK WIND IN M.P.H.

PRELIMINARY LOCAL CLIMATOLOGICAL DATA (WS FORM: F-6) , PAGE 2

                                          STATION:  GOSHEN
                                          MONTH:    JUNE
                                          YEAR:     2017
                                          LATITUDE:   41 31 N
                                          LONGITUDE:  85 47 W

[TEMPERATURE DATA]      [PRECIPITATION DATA]       SYMBOLS USED IN COLUMN 16

AVERAGE MONTHLY: 71.2   TOTAL FOR MONTH:   1.40    1 = FOG OR MIST
DPTR FM NORMAL:   3.2   DPTR FM NORMAL:   -2.10    2 = FOG REDUCING VISIBILITY
HIGHEST:    92 ON 12    GRTST 24HR  0.48 ON 19-19      TO 1/4 MILE OR LESS
LOWEST:     47 ON  2                               3 = THUNDER
                        SNOW, ICE PELLETS, HAIL    4 = ICE PELLETS
                        TOTAL MONTH:   0.0 INCH    5 = HAIL
                        GRTST 24HR     0.0         6 = FREEZING RAIN OR DRIZZLE
                        GRTST DEPTH:   0           7 = DUSTSTORM OR SANDSTORM:
                                                       VSBY 1/2 MILE OR LESS
                                                   8 = SMOKE OR HAZE
[NO. OF DAYS WITH]      [WEATHER - DAYS WITH]      9 = BLOWING SNOW
                                                   X = TORNADO
MAX 32 OR BELOW:   0    0.01 INCH OR MORE:  11
MAX 90 OR ABOVE:   2    0.10 INCH OR MORE:   4
MIN 32 OR BELOW:   0    0.50 INCH OR MORE:   0
MIN  0 OR BELOW:   0    1.00 INCH OR MORE:   0

[HDD (BASE 65) ]
TOTAL THIS MO.     6    CLEAR  (SCALE 0-3)  17
DPTR FM NORMAL   -38    PTCLDY (SCALE 4-7)   8
TOTAL FM JUL 1  5195    CLOUDY (SCALE 8-10)  0
DPTR FM NORMAL -1234

[CDD (BASE 65) ]
TOTAL THIS MO.   160
DPTR FM NORMAL    43    [PRESSURE DATA]
TOTAL FM JAN 1   207    HIGHEST SLP M ON M
DPTR FM NORMAL    41    LOWEST  SLP 29.55 ON 17

[REMARKS]
