000
CXGM50 PGUM 261850
CF6GSN
PRELIMINARY LOCAL CLIMATOLOGICAL DATA (WS FORM: F-6)

                                          STATION:   SAIPAN/ISLEY_(CGS) MP
                                          MONTH:     JULY
                                          YEAR:      2016
                                          LATITUDE:   15  7 N
                                          LONGITUDE: 145-44 E

  TEMPERATURE IN F:       :PCPN:    SNOW:  WIND      :SUNSHINE: SKY     :PK WND
================================================================================
1   2   3   4   5  6A  6B    7    8   9   10  11  12  13   14  15   16   17  18
                                     12Z  AVG MX 2MIN
DY MAX MIN AVG DEP HDD CDD  WTR  SNW DPTH SPD SPD DIR MIN PSBL S-S WX    SPD DR
================================================================================

 1  91  79  85   M   0  20 0.02  0.0    0  6.7 13  70   M    M   6 1      20  70
 2  91  78  85   M   0  20    T  0.0    0  7.4 14  90   M    M   6        18 150
 3  91  80  86   M   0  21 0.05  0.0    0 11.1 22 110   M    M   7 18     29 100
 4  90  76  83   M   0  18 0.47  0.0    0 12.5 33  70   M    M   5 1      41  70
 5  90  79  85   M   0  20 0.22  0.0    0 10.5 25 140   M    M   6 18     32 150
 6  88  79  84   M   0  19 0.44  0.0    0  9.6 18  80   M    M   8 1      24 140
 7  90  80  85   M   0  20 0.08  0.0    0 12.0 21  90   M    M   7 1      29  90
 8  89  79  84   M   0  19 0.05  0.0    0 10.1 18  60   M    M   7 13     22  70
 9  90  78  84   M   0  19 0.22  0.0    0 13.3 25  70   M    M   7 18     32 110
10  88  78  83   M   0  18 0.01  0.0    M  9.9 18 130   M    M   7 1      24 140
11  87  79  83   M   0  18 0.39  0.0    M  5.9 15 290   M    M   8 1      17 290
12  89  80  85   M   0  20    T  0.0    0  9.9 16  50   M    M   6        21  60
13  89  79  84   M   0  19 0.28  0.0    0  9.7 20  60   M    M   6 1      23  60
14  88  78  83   M   0  18 0.28  0.0    M 12.2 22  80   M    M   5 1      26 110
15  89  80  85   M   0  20 0.01  0.0    M  7.2 14 140   M    M   5        20 150
16  89  79  84   M   0  19 0.01  0.0    M 10.3 18  90   M    M   5 1      23  90
17  90  79  85   M   0  20 0.12  0.0    M  9.7 16  80   M    M   6 1      22  60
18  89  79  84   M   0  19    T  0.0    0  5.9 14 100   M    M   8        18 100
19  91  80  86   M   0  21 0.00  0.0    0  2.6 12 170   M    M   5        20 170
20  92  80  86   M   0  21 0.00  0.0    0  3.2 13 280   M    M   6        17 320
21  92  80  86   M   0  21 0.00  0.0    0  3.5 10  80   M    M   6        16 170
22  92  80  86   M   0  21 0.26  0.0    0  4.1 14 200   M    M   6 8      16 210
23  89  79  84   M   0  19    T  0.0    0  3.0 10 170   M    M   5        22 170
24  91  78  85   M   0  20 0.01  0.0    0  5.3 16 110   M    M   6 1      20 110
25  92  80  86   M   0  21    T  0.0    0  6.8 15 120   M    M   7        20 140
26  88  75  82   M   0  17 0.17  0.0    0  5.1 21 100   M    M   5 1      29 100
================================================================================
SM 2335 2051         0 508  3.09     0.0 207.5          M      161
================================================================================
AV 89.8 78.9                               8.0 FASTST   M    M   6    MAX(MPH)
                                 MISC ---->  # 33  70               # 41   70
================================================================================
NOTES:
# LAST OF SEVERAL OCCURRENCES

COLUMN 17 PEAK WIND IN M.P.H.

PRELIMINARY LOCAL CLIMATOLOGICAL DATA (WS FORM: F-6) , PAGE 2

                                          STATION:  SAIPAN/ISLEY_(CGS) MP
                                          MONTH:    JULY
                                          YEAR:     2016
                                          LATITUDE:   15  7 N
                                          LONGITUDE: 145-44 E

[TEMPERATURE DATA]      [PRECIPITATION DATA]       SYMBOLS USED IN COLUMN 16

AVERAGE MONTHLY: 84.3   TOTAL FOR MONTH:   3.09    1 = FOG OR MIST
DPTR FM NORMAL:     M   DPTR FM NORMAL:   -3.52    2 = FOG REDUCING VISIBILITY
HIGHEST:    92 ON 25,22 GRTST 24HR  0.65 ON  5- 6      TO 1/4 MILE OR LESS
LOWEST:     75 ON 26                               3 = THUNDER
                        SNOW, ICE PELLETS, HAIL    4 = ICE PELLETS
                        TOTAL MONTH:   0.0 INCH    5 = HAIL
                        GRTST 24HR     0.0         6 = FREEZING RAIN OR DRIZZLE
                        GRTST DEPTH:   0           7 = DUSTSTORM OR SANDSTORM:
                                                       VSBY 1/2 MILE OR LESS
                                                   8 = SMOKE OR HAZE
[NO. OF DAYS WITH]      [WEATHER - DAYS WITH]      9 = BLOWING SNOW
                                                   X = TORNADO
MAX 32 OR BELOW:   0    0.01 INCH OR MORE:  18
MAX 90 OR ABOVE:  14    0.10 INCH OR MORE:  10
MIN 32 OR BELOW:   0    0.50 INCH OR MORE:   0
MIN  0 OR BELOW:   0    1.00 INCH OR MORE:   0

[HDD (BASE 65) ]
TOTAL THIS MO.     0    CLEAR  (SCALE 0-3)   0
DPTR FM NORMAL     M    PTCLDY (SCALE 4-7)  25
TOTAL FM JUL 1     0    CLOUDY (SCALE 8-10)  1
DPTR FM NORMAL     M

[CDD (BASE 65) ]
TOTAL THIS MO.   508
DPTR FM NORMAL     M    [PRESSURE DATA]
TOTAL FM JAN 1  3485    HIGHEST SLP M ON M
DPTR FM NORMAL     M    LOWEST  SLP 29.81 ON M

[REMARKS]
