000
CXUS52 KRAH 011345
CF6GSO
PRELIMINARY LOCAL CLIMATOLOGICAL DATA (WS FORM: F-6)

                                          STATION:   PIEDMONT TRIAD INTL AIRPORT NC
                                          MONTH:     JULY
                                          YEAR:      2014
                                          LATITUDE:   36  4 N
                                          LONGITUDE:  79 57 W

  TEMPERATURE IN F:       :PCPN:    SNOW:  WIND      :SUNSHINE: SKY     :PK WND
================================================================================
1   2   3   4   5  6A  6B    7    8   9   10  11  12  13   14  15   16   17  18
                                     12Z  AVG MX 2MIN
DY MAX MIN AVG DEP HDD CDD  WTR  SNW DPTH SPD SPD DIR MIN PSBL S-S WX    SPD DR
================================================================================

 1  91  71  81   3   0  16 0.00  0.0    0  7.9 15 210   M    M   6        22 190
 2  95  74  85   7   0  20 0.00  0.0    0  9.1 18 180   M    M   3        25 220
 3  92  73  83   5   0  18 0.01  0.0    0  7.4 30 160   M    M   7 13     35 160
 4  86  67  77  -1   0  12 0.00  0.0    0  6.6 15 320   M    M   7        23 320
 5  83  59  71  -7   0   6 0.00  0.0    0  5.0 15  50   M    M   2        20  50
 6  87  61  74  -4   0   9 0.00  0.0    0  7.4 15 260   M    M   3        23 280
 7  92  68  80   2   0  15 0.00  0.0    0 11.3 20 230   M    M   3        26 230
 8  94  71  83   5   0  18    T  0.0    0 11.3 31 270   M    M   5 3      40 270
 9  89  71  80   1   0  15 0.12  0.0    0  6.7 29 200   M    M   8 13     40 210
10  85  70  78  -1   0  13 0.01  0.0    0  4.7 14 140   M    M   9 1      17 110
11  87  68  78  -1   0  13 0.00  0.0    0  3.4 13  60   M    M   6 1      15  50
12  91  68  80   1   0  15 0.00  0.0    0  4.5 13 220   M    M   5 18     17 190
13  93  71  82   3   0  17 0.00  0.0    0  7.4 15 210   M    M   5        21 240
14  96  75  86   7   0  21 0.00  0.0    0  9.5 23 240   M    M   6        32 240
15  92  69  81   2   0  16 1.23  0.0    0  7.0 23 290   M    M   8 13     28 300
16  83  65  74  -5   0   9 0.06  0.0    0  3.8 12  30   M    M   7 1      16  20
17  83  61  72  -7   0   7 0.00  0.0    0  4.7 13  60   M    M   6        16  70
18  83  64  74  -5   0   9 0.00  0.0    0  4.3 14 320   M    M   7        16 320
19  79  66  73  -6   0   8 0.01  0.0    0  4.3 12 290   M    M  10 1      14 300
20  77  64  71  -8   0   6 0.05  0.0    0  4.9 12 100   M    M   9        14 110
21  78  69  74  -5   0   9 0.05  0.0    0  4.8 13  70   M    M   9 1      15 110
22  83  69  76  -3   0  11 0.01  0.0    0  3.5 10 130   M    M   8 12     14 150
23  91  68  80   1   0  15 0.00  0.0    0  5.3 14 240   M    M   5 1      20 210
24  89  68  79   1   0  14 0.57  0.0    0  5.7 18 360   M    M   8 13     25 340
25  83  67  75  -3   0  10 0.00  0.0    0  4.6 10 150   M    M   7        14 160
26  89  70  80   2   0  15 0.00  0.0    0   M  14 210   M    M   6 18      M  M
27  89  72  81   3   0  16 0.12  0.0    0  9.9 22 220   M    M   6 13     41 330
28  87  66  77  -1   0  12 0.01  0.0    0 11.7 26 300   M    M   4        36 310
29  82  62  72  -6   0   7 0.00  0.0    0  3.4 10 210   M    M   5        14 210
30  82  60  71  -7   0   6 0.00  0.0    0  4.6 23 180   M    M   5        28 190
31  78  63  71  -7   0   6 0.48  0.0    0  2.7 20 150   M    M   9 13     24 150
================================================================================
SM 2689 2090         0 384  2.73     0.0 187.4          M      194
================================================================================
AV 86.7 67.4                               6.2 FASTST   M    M   6    MAX(MPH)
                                 MISC ---->  # 31 270               # 41  330
================================================================================
NOTES:
# LAST OF SEVERAL OCCURRENCES

COLUMN 17 PEAK WIND IN M.P.H.

PRELIMINARY LOCAL CLIMATOLOGICAL DATA (WS FORM: F-6) , PAGE 2

                                          STATION:  PIEDMONT TRIAD INTL AIRPORT NC
                                          MONTH:    JULY
                                          YEAR:     2014
                                          LATITUDE:   36  4 N
                                          LONGITUDE:  79 57 W

[TEMPERATURE DATA]      [PRECIPITATION DATA]       SYMBOLS USED IN COLUMN 16

AVERAGE MONTHLY: 77.1   TOTAL FOR MONTH:   2.73    1 = FOG OR MIST
DPTR FM NORMAL:  -1.4   DPTR FM NORMAL:   -1.75    2 = FOG REDUCING VISIBILITY
HIGHEST:    96 ON 14    GRTST 24HR  1.29 ON 15-16      TO 1/4 MILE OR LESS
LOWEST:     59 ON  5                               3 = THUNDER
                        SNOW, ICE PELLETS, HAIL    4 = ICE PELLETS
                        TOTAL MONTH:   0.0 INCH    5 = HAIL
                        GRTST 24HR     0.0         6 = FREEZING RAIN OR DRIZZLE
                        GRTST DEPTH:   0           7 = DUSTSTORM OR SANDSTORM:
                                                       VSBY 1/2 MILE OR LESS
                                                   8 = SMOKE OR HAZE
[NO. OF DAYS WITH]      [WEATHER - DAYS WITH]      9 = BLOWING SNOW
                                                   X = TORNADO
MAX 32 OR BELOW:   0    0.01 INCH OR MORE:  13
MAX 90 OR ABOVE:  10    0.10 INCH OR MORE:   5
MIN 32 OR BELOW:   0    0.50 INCH OR MORE:   2
MIN  0 OR BELOW:   0    1.00 INCH OR MORE:   1

[HDD (BASE 65) ]
TOTAL THIS MO.     0    CLEAR  (SCALE 0-3)   2
DPTR FM NORMAL     0    PTCLDY (SCALE 4-7)  24
TOTAL FM JUL 1     0    CLOUDY (SCALE 8-10)  5
DPTR FM NORMAL     0

[CDD (BASE 65) ]
TOTAL THIS MO.   384
DPTR FM NORMAL   -35    [PRESSURE DATA]
TOTAL FM JAN 1   938    HIGHEST SLP M ON M
DPTR FM NORMAL    53    LOWEST  SLP 29.74 ON M

[REMARKS]
#FINAL-07-14#
