000
CXUS52 KGSP 260817
CF6GSP
PRELIMINARY LOCAL CLIMATOLOGICAL DATA (WS FORM: F-6)

                                          STATION:   GREENVILLE-SPARTANBURG SC
                                          MONTH:     MAY
                                          YEAR:      2015
                                          LATITUDE:   34 54 N
                                          LONGITUDE:  82 13 W

  TEMPERATURE IN F:       :PCPN:    SNOW:  WIND      :SUNSHINE: SKY     :PK WND
================================================================================
1   2   3   4   5  6A  6B    7    8   9   10  11  12  13   14  15   16   17  18
                                     12Z  AVG MX 2MIN
DY MAX MIN AVG DEP HDD CDD  WTR  SNW DPTH SPD SPD DIR MIN PSBL S-S WX    SPD DR
================================================================================

 1  69  48  59  -5   6   0 0.00  0.0    0  7.2 15  20   M    M   3        22  10
 2  77  48  63  -2   2   0 0.00  0.0    0  4.2 14 210   M    M   1        16 350
 3  79  51  65   0   0   0 0.00  0.0    0  5.9 16 210   M    M   2        21 210
 4  81  54  68   3   0   3 0.00  0.0    0  6.0 13 180   M    M   3        18 210
 5  82  57  70   4   0   5 0.00  0.0    0  4.5 14 130   M    M   1        19 140
 6  82  54  68   2   0   3 0.00  0.0    0  3.1 15 110   M    M   0        20  90
 7  82  59  71   5   0   6 0.00  0.0    0  4.9 16  70   M    M   0        20  90
 8  86  64  75   9   0  10 0.00  0.0    0  6.7 16  50   M    M   0 8      24  50
 9  85  61  73   6   0   8 0.00  0.0    0  7.2 16  90   M    M   1        22  60
10  88  64  76   9   0  11 0.00  0.0    0  6.8 18  40   M    M   2        25  40
11  90  65  78  11   0  13 0.20  0.0    0  6.8 18 210   M    M   2 13     29 230
12  87  66  77   9   0  12 0.00  0.0    0  6.3 16 230   M    M   2 12     21 250
13  85  63  74   6   0   9 0.00  0.0    0  3.6 10 360   M    M   0        17 340
14  75  58  67  -1   0   2 0.00  0.0    0  7.8 18  30   M    M   1        22  20
15  81  63  72   4   0   7    T  0.0    0  5.1 14 200   M    M   6 1      20 150
16  83  63  73   4   0   8 0.00  0.0    0  6.9 14 200   M    M   2        18 220
17  86  62  74   5   0   9 0.00  0.0    0  5.8 14 200   M    M   1        18 240
18  89  67  78   9   0  13 2.20  0.0    0  6.3 24 200   M    M   4 123    28 200
19  88  65  77   7   0  12 0.06  0.0    0  3.8 18 240   M    M   5 123    24 250
20  88  63  76   6   0  11 0.00  0.0    0  3.5 15 200   M    M   2        19 200
21  88  61  75   5   0  10 0.00  0.0    0  5.3 18 250   M    M   2        25 270
22  77  54  66  -4   0   1 0.00  0.0    0  5.1 13  50   M    M   1        17  40
23  79  53  66  -5   0   1 0.00  0.0    0  3.7 13 100   M    M   0        16 100
24  81  55  68  -3   0   3 0.00  0.0    0  4.5 13 120   M    M   1        22 110
25  81  58  70  -1   0   5 0.00  0.0    0  4.9 10 160   M    M   5        13 140
================================================================================
SM 2069 1476         8 162  2.46     0.0 135.9          M       47
================================================================================
AV 82.8 59.0                               5.4 FASTST   M    M   2    MAX(MPH)
                                 MISC ---->  # 24 200               # 29  230
================================================================================
NOTES:
# LAST OF SEVERAL OCCURRENCES

COLUMN 17 PEAK WIND IN M.P.H.

PRELIMINARY LOCAL CLIMATOLOGICAL DATA (WS FORM: F-6) , PAGE 2

                                          STATION:  GREENVILLE-SPARTANBURG SC
                                          MONTH:    MAY
                                          YEAR:     2015
                                          LATITUDE:   34 54 N
                                          LONGITUDE:  82 13 W

[TEMPERATURE DATA]      [PRECIPITATION DATA]       SYMBOLS USED IN COLUMN 16

AVERAGE MONTHLY: 70.9   TOTAL FOR MONTH:   2.46    1 = FOG OR MIST
DPTR FM NORMAL:   3.1   DPTR FM NORMAL:   -0.56    2 = FOG REDUCING VISIBILITY
HIGHEST:    90 ON 11    GRTST 24HR  2.26 ON 18-19      TO 1/4 MILE OR LESS
LOWEST:     48 ON  2, 1                            3 = THUNDER
                        SNOW, ICE PELLETS, HAIL    4 = ICE PELLETS
                        TOTAL MONTH:   0.0 INCH    5 = HAIL
                        GRTST 24HR     0.0         6 = FREEZING RAIN OR DRIZZLE
                        GRTST DEPTH:   0           7 = DUSTSTORM OR SANDSTORM:
                                                       VSBY 1/2 MILE OR LESS
                                                   8 = SMOKE OR HAZE
[NO. OF DAYS WITH]      [WEATHER - DAYS WITH]      9 = BLOWING SNOW
                                                   X = TORNADO
MAX 32 OR BELOW:   0    0.01 INCH OR MORE:   3
MAX 90 OR ABOVE:   1    0.10 INCH OR MORE:   2
MIN 32 OR BELOW:   0    0.50 INCH OR MORE:   1
MIN  0 OR BELOW:   0    1.00 INCH OR MORE:   1

[HDD (BASE 65) ]
TOTAL THIS MO.     8    CLEAR  (SCALE 0-3)  21
DPTR FM NORMAL   -30    PTCLDY (SCALE 4-7)   4
TOTAL FM JUL 1  3017    CLOUDY (SCALE 8-10)  0
DPTR FM NORMAL   -27

[CDD (BASE 65) ]
TOTAL THIS MO.   162
DPTR FM NORMAL    54    [PRESSURE DATA]
TOTAL FM JAN 1   218    HIGHEST SLP M ON M
DPTR FM NORMAL    62    LOWEST  SLP 29.77 ON 21

[REMARKS]
