000
CXUS52 KGSP 010817
CF6GSP
PRELIMINARY LOCAL CLIMATOLOGICAL DATA (WS FORM: F-6)

                                          STATION:   GREENVILLE-SPARTANBURG SC
                                          MONTH:     SEPTEMBER
                                          YEAR:      2016
                                          LATITUDE:   34 54 N
                                          LONGITUDE:  82 13 W

  TEMPERATURE IN F:       :PCPN:    SNOW:  WIND      :SUNSHINE: SKY     :PK WND
================================================================================
1   2   3   4   5  6A  6B    7    8   9   10  11  12  13   14  15   16   17  18
                                     12Z  AVG MX 2MIN
DY MAX MIN AVG DEP HDD CDD  WTR  SNW DPTH SPD SPD DIR MIN PSBL S-S WX    SPD DR
================================================================================

 1  93  69  81   5   0  16 0.35  0.0    0  4.9 21  20   M    M   1 13     29  10
 2  72  66  69  -7   0   4 0.04  0.0    0 11.7 24  30   M    M   9 18     34  50
 3  85  61  73  -3   0   8 0.00  0.0    0  4.5 14  30   M    M   0        19  30
 4  84  65  75  -1   0  10 0.30  0.0    0  3.8 13  60   M    M   6 1      15 100
 5  87  65  76   0   0  11 0.00  0.0    0  2.9  8  10   M    M   1        10  50
 6  91  64  78   3   0  13 0.00  0.0    0  2.4 10  90   M    M   1        14  70
 7  94  65  80   5   0  15 0.00  0.0    0  2.1 10 360   M    M   0        14 340
 8  94  67  81   6   0  16 0.00  0.0    0  2.7 12 210   M    M   2        15 200
 9  93  68  81   7   0  16 0.00  0.0    0  2.7  9  50   M    M   2 8      13  50
10  95  68  82   8   0  17 0.00  0.0    0  4.8 17 210   M    M   1 18     23 270
11  91  69  80   6   0  15 0.00  0.0    0  4.2 10  80   M    M   4        16  20
12  86  71  79   6   0  14 0.00  0.0    0  6.8 17  80   M    M   4        21  80
13  88  70  79   6   0  14 0.00  0.0    0  4.5 12  20   M    M   5 18     14  10
14  92  68  80   7   0  15 0.00  0.0    0  4.9 15  70   M    M   0 1      19  40
15  92  68  80   8   0  15 0.00  0.0    0  5.1 16  30   M    M   2        22  30
16  86  69  78   6   0  13 0.00  0.0    0  5.5 13  80   M    M   5 18     16  80
17  87  67  77   5   0  12 0.00  0.0    0  4.0  9 120   M    M   5 1      12 110
18  88  65  77   6   0  12 0.03  0.0    0  2.5  9 290   M    M   2 1      14 130
19  91  71  81  10   0  16 0.01  0.0    0  3.7 13  70   M    M   6        17  10
20  91  67  79   8   0  14 0.00  0.0    0  5.4 15  50   M    M   2 1      22  20
21  88  65  77   7   0  12    T  0.0    0  7.6 23  30   M    M   4        30  50
22  81  67  74   4   0   9    T  0.0    0  8.8 17  40   M    M   5 8      23  20
23  89  68  79   9   0  14 0.00  0.0    0  5.3 14  50   M    M   3 8      17  70
24  95  66  81  12   0  16 0.00  0.0    0  2.4 10 120   M    M   0        16 120
25  92  65  79  10   0  14 0.00  0.0    0  3.5 13  20   M    M   2        17 150
26  87  68  78  10   0  13 0.26  0.0    0  6.7 16 330   M    M   6 13     22 330
27  86  67  77   9   0  12    T  0.0    0  5.5 16 200   M    M   6 123    21 200
28  86  64  75   7   0  10 0.00  0.0    0  7.4 18 210   M    M   4 1      25 220
29  83  57  70   3   0   5 0.00  0.0    0  5.6 16 220   M    M   2        21 210
30  78  54  66  -1   0   1 0.00  0.0    0  4.3 15 200   M    M   1        21 220
================================================================================
SM 2645 1984         0 372  0.99     0.0 146.2          M       91
================================================================================
AV 88.2 66.1                               4.9 FASTST   M    M   3    MAX(MPH)
                                 MISC ---->  # 24  30               # 34   50
================================================================================
NOTES:
# LAST OF SEVERAL OCCURRENCES

COLUMN 17 PEAK WIND IN M.P.H.

PRELIMINARY LOCAL CLIMATOLOGICAL DATA (WS FORM: F-6) , PAGE 2

                                          STATION:  GREENVILLE-SPARTANBURG SC
                                          MONTH:    SEPTEMBER
                                          YEAR:     2016
                                          LATITUDE:   34 54 N
                                          LONGITUDE:  82 13 W

[TEMPERATURE DATA]      [PRECIPITATION DATA]       SYMBOLS USED IN COLUMN 16

AVERAGE MONTHLY: 77.1   TOTAL FOR MONTH:   0.99    1 = FOG OR MIST
DPTR FM NORMAL:   5.1   DPTR FM NORMAL:   -2.44    2 = FOG REDUCING VISIBILITY
HIGHEST:    95 ON 24,10 GRTST 24HR  0.35 ON  1- 1      TO 1/4 MILE OR LESS
LOWEST:     54 ON 30                               3 = THUNDER
                        SNOW, ICE PELLETS, HAIL    4 = ICE PELLETS
                        TOTAL MONTH:   0.0 INCH    5 = HAIL
                        GRTST 24HR     0.0         6 = FREEZING RAIN OR DRIZZLE
                        GRTST DEPTH:   0           7 = DUSTSTORM OR SANDSTORM:
                                                       VSBY 1/2 MILE OR LESS
                                                   8 = SMOKE OR HAZE
[NO. OF DAYS WITH]      [WEATHER - DAYS WITH]      9 = BLOWING SNOW
                                                   X = TORNADO
MAX 32 OR BELOW:   0    0.01 INCH OR MORE:   6
MAX 90 OR ABOVE:  13    0.10 INCH OR MORE:   3
MIN 32 OR BELOW:   0    0.50 INCH OR MORE:   0
MIN  0 OR BELOW:   0    1.00 INCH OR MORE:   0

[HDD (BASE 65) ]
TOTAL THIS MO.     0    CLEAR  (SCALE 0-3)  17
DPTR FM NORMAL   -17    PTCLDY (SCALE 4-7)  12
TOTAL FM JUL 1     0    CLOUDY (SCALE 8-10)  1
DPTR FM NORMAL   -17

[CDD (BASE 65) ]
TOTAL THIS MO.   372
DPTR FM NORMAL   145    [PRESSURE DATA]
TOTAL FM JAN 1  2091    HIGHEST SLP 30.26 ON  5
DPTR FM NORMAL   429    LOWEST  SLP 29.80 ON  1

[REMARKS]
#FINAL-09-16#
