000
CXUS52 KGSP 170817
CF6GSP
PRELIMINARY LOCAL CLIMATOLOGICAL DATA (WS FORM: F-6)

                                          STATION:   GREENVILLE-SPARTANBURG SC
                                          MONTH:     OCTOBER
                                          YEAR:      2017
                                          LATITUDE:   34 54 N
                                          LONGITUDE:  82 13 W

  TEMPERATURE IN F:       :PCPN:    SNOW:  WIND      :SUNSHINE: SKY     :PK WND
================================================================================
1   2   3   4   5  6A  6B    7    8   9   10  11  12  13   14  15   16   17  18
                                     12Z  AVG MX 2MIN
DY MAX MIN AVG DEP HDD CDD  WTR  SNW DPTH SPD SPD DIR MIN PSBL S-S WX    SPD DR
================================================================================

 1  71  52  62  -4   3   0 0.00  0.0    0  8.6 17  40   M    M   0        24  30
 2  77  51  64  -2   1   0 0.00  0.0    0  5.1 12  60   M    M   M        16  60
 3  77  58  68   2   0   3 0.00  0.0    0  7.1 16  20   M    M   1        21  50
 4  80  57  69   4   0   4 0.00  0.0    0  4.6 13  80   M    M   0        16  20
 5  82  52  67   2   0   2 0.00  0.0    0  2.5 10 110   M    M   0        14 120
 6  83  56  70   5   0   5 0.00  0.0    0  2.0 12  70   M    M   2 18     15 140
 7  79  64  72   8   0   7    T  0.0    0  4.0  9 130   M    M   9 1      14  60
 8  79  69  74  10   0   9 2.42  0.0    0  9.1 21 120   M    M  10 12     27 130
 9  81  71  76  12   0  11 0.08  0.0    0  9.2 21 190   M    M   8 1      29 180
10  85  71  78  15   0  13 0.22  0.0    0  4.8 13 190   M    M   7 1      16 210
11  88  71  80  17   0  15 0.01  0.0    0  6.0 14 230   M    M   4 18     18 240
12  84  66  75  12   0  10 0.00  0.0    0  5.2 14  50   M    M   3 18     15  50
13  72  65  69   7   0   4 0.00  0.0    0  7.5 13  50   M    M  10 1      16  50
14  79  64  72  10   0   7 0.00  0.0    0  3.5  9 160   M    M   6 1      12 170
15  81  61  71   9   0   6 0.00  0.0    0  7.2 17 220   M    M   4 1      25 220
16  71  50  61  -1   4   0 0.18  0.0    0  7.3 15 350   M    M   1 1      21 350
================================================================================
SM 1269  978         8  96  2.91     0.0  93.7          M       65
================================================================================
AV 79.3 61.1                               5.9 FASTST   M    M   4    MAX(MPH)
                                 MISC ---->  # 21 120               # 29  180
================================================================================
NOTES:
# LAST OF SEVERAL OCCURRENCES

COLUMN 17 PEAK WIND IN M.P.H.

PRELIMINARY LOCAL CLIMATOLOGICAL DATA (WS FORM: F-6) , PAGE 2

                                          STATION:  GREENVILLE-SPARTANBURG SC
                                          MONTH:    OCTOBER
                                          YEAR:     2017
                                          LATITUDE:   34 54 N
                                          LONGITUDE:  82 13 W

[TEMPERATURE DATA]      [PRECIPITATION DATA]       SYMBOLS USED IN COLUMN 16

AVERAGE MONTHLY: 70.2   TOTAL FOR MONTH:   2.91    1 = FOG OR MIST
DPTR FM NORMAL:   6.3   DPTR FM NORMAL:    1.06    2 = FOG REDUCING VISIBILITY
HIGHEST:    88 ON 11    GRTST 24HR  2.42 ON  8- 8      TO 1/4 MILE OR LESS
LOWEST:     50 ON 16                               3 = THUNDER
                        SNOW, ICE PELLETS, HAIL    4 = ICE PELLETS
                        TOTAL MONTH:   0.0 INCH    5 = HAIL
                        GRTST 24HR     0.0         6 = FREEZING RAIN OR DRIZZLE
                        GRTST DEPTH:   0           7 = DUSTSTORM OR SANDSTORM:
                                                       VSBY 1/2 MILE OR LESS
                                                   8 = SMOKE OR HAZE
[NO. OF DAYS WITH]      [WEATHER - DAYS WITH]      9 = BLOWING SNOW
                                                   X = TORNADO
MAX 32 OR BELOW:   0    0.01 INCH OR MORE:   5
MAX 90 OR ABOVE:   0    0.10 INCH OR MORE:   3
MIN 32 OR BELOW:   0    0.50 INCH OR MORE:   1
MIN  0 OR BELOW:   0    1.00 INCH OR MORE:   1

[HDD (BASE 65) ]
TOTAL THIS MO.     8    CLEAR  (SCALE 0-3)   7
DPTR FM NORMAL   -45    PTCLDY (SCALE 4-7)   5
TOTAL FM JUL 1    19    CLOUDY (SCALE 8-10)  3
DPTR FM NORMAL   -51

[CDD (BASE 65) ]
TOTAL THIS MO.    96
DPTR FM NORMAL    61    [PRESSURE DATA]
TOTAL FM JAN 1  1794    HIGHEST SLP M ON M
DPTR FM NORMAL    97    LOWEST  SLP 29.79 ON  8

[REMARKS]
